--------- beginning of main
I/installd( 0): installd firing up
I/Netd ( 0): Netd 1.0 starting
E/Netd ( 0): Failed to open /proc/sys/net/ipv6/conf/default/accept_ra_rt_table: No such file or directory
E/Netd ( 0): Failed to open /proc/sys/net/ipv6/conf/eth0/accept_ra_rt_table: No such file or directory
E/Netd ( 0): Failed to open /proc/sys/net/ipv6/conf/lo/accept_ra_rt_table: No such file or directory
E/Netd ( 0): Failed to open /proc/sys/net/ipv6/conf/sit0/accept_ra_rt_table: No such file or directory
E/Netd ( 0): Failed to open /proc/sys/net/ipv6/conf/tunl0/accept_ra_rt_table: No such file or directory
E/Netd ( 0): Failed to open /proc/sys/net/ipv6/conf/default/use_optimistic: No such file or directory
E/Netd ( 0): Failed to open /proc/sys/net/ipv6/conf/eth0/use_optimistic: No such file or directory
E/Netd ( 0): Failed to open /proc/sys/net/ipv6/conf/lo/use_optimistic: No such file or directory
E/Netd ( 0): Failed to open /proc/sys/net/ipv6/conf/sit0/use_optimistic: No such file or directory
E/Netd ( 0): Failed to open /proc/sys/net/ipv6/conf/tunl0/use_optimistic: No such file or directory
I/ ( 0): debuggerd: Aug 12 2015 17:30:20 --------- beginning of system
I/Vold ( 873): Vold 2.1 (the revenge) firing up
I/lowmemorykiller( 871): Using in-kernel low memory killer interface
I/keystore( 881): SELinux: Keystore SELinux is disabled.
I/SurfaceFlinger( 874): SurfaceFlinger is starting
I/SurfaceFlinger( 874): SurfaceFlinger's main thread ready to run. Initializing graphics H/W...
I/mediaserver( 879): ServiceManager: 0x758700c0
I/AudioFlinger( 879): Using default 3000 mSec as standby time.
I/ServiceManager( 879): Waiting for service batterystats...
D/libEGL ( 874): loaded /system/lib/egl/libEGL_mali.so
D/libEGL ( 874): loaded /system/lib/egl/libGLESv1_CM_mali.so
D/libEGL ( 874): loaded /system/lib/egl/libGLESv2_mali.so
E/gralloc ( 874): Plug_Flag 1
E/gralloc ( 874): set_win_pos --> x=0, y=0, width=1280, height=720
D/AndroidRuntime( 882): >>>>>> START com.android.internal.os.ZygoteInit uid 0 <<<<<<
W/gralloc ( 874): fbdev pixclock is zero
I/gralloc ( 874): using (fd=18)
I/gralloc ( 874): id = osdfb0
I/gralloc ( 874): xres = 1280 px
I/gralloc ( 874): yres = 720 px
I/gralloc ( 874): xres_virtual = 1280 px
I/gralloc ( 874): yres_virtual = 2160 px
I/gralloc ( 874): bpp = 32
I/gralloc ( 874): r = 16:8
I/gralloc ( 874): g = 8:8
I/gralloc ( 874): b = 0:8
I/gralloc ( 874): width = 203 mm (160.157639 dpi)
I/gralloc ( 874): height = 114 mm (160.421051 dpi)
I/gralloc ( 874): refresh rate = 60.00 Hz
E/ZTE_hwcUtils( 874): int createHwc(zx_osd_overlay_t*)::Post processor open error (2)
E/ZTE_SecHWC( 874): int hwc_device_open(const hw_module_t*, const char*, hw_device_t**)::creatHwc() fail
E/SurfaceFlinger( 874): composer device failed to initialize (Invalid argument)
I/SurfaceFlinger( 874): Using composer version 1.0
W/SurfaceFlinger( 874): no suitable EGLConfig found, trying a simpler query
I/SurfaceFlinger( 874): EGL information:
I/SurfaceFlinger( 874): vendor : Android
I/SurfaceFlinger( 874): version : 1.4 Android META-EGL
I/SurfaceFlinger( 874): extensions: EGL_KHR_get_all_proc_addresses EGL_ANDROID_presentation_time EGL_KHR_image EGL_KHR_image_base EGL_KHR_image_pixmap EGL_KHR_gl_texture_2D_image EGL_KHR_gl_texture_cubemap_image EGL_KHR_gl_renderbuffer_image EGL_KHR_reusable_sync EGL_KHR_fence_sync EGL_ANDROID_image_native_buffer EGL_ANDROID_recordable
I/SurfaceFlinger( 874): Client API: OpenGL_ES
I/SurfaceFlinger( 874): EGLSurface: 8-8-8-8, config=0x60000014
I/SurfaceFlinger( 874): OpenGL ES informations:
I/SurfaceFlinger( 874): vendor : ARM
I/SurfaceFlinger( 874): renderer : Mali-400 MP
D/AndroidRuntime( 882): CheckJNI is ON
I/SurfaceFlinger( 874): version : OpenGL ES 2.0
I/SurfaceFlinger( 874): extensions: GL_EXT_debug_marker GL_OES_texture_npot GL_OES_compressed_ETC1_RGB8_texture GL_OES_standard_derivatives GL_OES_EGL_image GL_OES_depth24 GL_ARM_rgba8 GL_ARM_mali_shader_binary GL_OES_depth_texture GL_OES_packed_depth_stencil GL_EXT_texture_format_BGRA8888 GL_EXT_blend_minmax GL_OES_EGL_image_external GL_OES_EGL_sync GL_OES_rgb8_rgba8 GL_EXT_multisampled_render_to_texture GL_EXT_discard_framebuffer
I/SurfaceFlinger( 874): GL_MAX_TEXTURE_SIZE = 4096
I/SurfaceFlinger( 874): GL_MAX_VIEWPORT_DIMS = 4096
E/cutils-trace( 874): Error opening trace file: Permission denied (13)
I/art ( 882): option[0]=-Xzygote
I/art ( 882): option[1]=-Xcheck:jni
I/art ( 882): option[2]=-Xjnigreflimit:2000
I/art ( 882): option[3]=-Xstacktracefile:/data/anr/traces.txt
I/art ( 882): option[4]=exit
I/art ( 882): option[5]=vfprintf
I/art ( 882): option[6]=sensitiveThread
I/art ( 882): option[7]=-verbose:gc
I/art ( 882): option[8]=-Xms4m
I/art ( 882): option[9]=-Xmx16m
I/art ( 882): option[10]=-XX:mainThreadStackSize=24K
I/art ( 882): option[11]=-agentlib:jdwp=transport=dt_android_adb,suspend=n,server=y
I/art ( 882): option[12]=-Ximage-compiler-option
I/art ( 882): option[13]=--runtime-arg
I/art ( 882): option[14]=-Ximage-compiler-option
I/art ( 882): option[15]=-Xms64m
I/art ( 882): option[16]=-Ximage-compiler-option
I/art ( 882): option[17]=--runtime-arg
I/art ( 882): option[18]=-Ximage-compiler-option
I/art ( 882): option[19]=-Xmx64m
I/art ( 882): option[20]=-Ximage-compiler-option
I/art ( 882): option[21]=--compiler-filter=verify-none
I/art ( 882): option[22]=-Ximage-compiler-option
I/art ( 882): option[23]=--image-classes=/system/etc/preloaded-classes
I/art ( 882): option[24]=-Xcompiler-option
I/art ( 882): option[25]=--runtime-arg
I/art ( 882): option[26]=-Xcompiler-option
I/art ( 882): option[27]=-Xms64m
I/art ( 882): option[28]=-Xcompiler-option
I/art ( 882): option[29]=--runtime-arg
I/art ( 882): option[30]=-Xcompiler-option
I/art ( 882): option[31]=-Xmx512m
I/art ( 882): option[32]=-Xcompiler-option
I/art ( 882): option[33]=--compiler-filter=interpret-only
I/art ( 882): option[34]=-Duser.language=en
I/art ( 882): option[35]=-Duser.region=US
D/SurfaceFlinger( 874): Set power mode=2, type=0 flinger=0x76482000
D/SurfaceFlinger( 874): shader cache generated - 24 shaders in 283.996643 ms
I/ServiceManager( 879): Waiting for service batterystats...
D/libEGL ( 986): loaded /system/lib/egl/libEGL_mali.so
D/libEGL ( 986): loaded /system/lib/egl/libGLESv1_CM_mali.so
D/libEGL ( 986): loaded /system/lib/egl/libGLESv2_mali.so
E/cutils-trace( 986): Error opening trace file: Permission denied (13)
I/ServiceManager( 879): Waiting for service batterystats...
I/ServiceManager( 879): Waiting for service batterystats...
I/ServiceManager( 879): Waiting for service batterystats...
I/iptables( 876): iptables terminated by exit(3)
E/Netd ( 876): exec() res=0, status=768 for /system/bin/iptables -t nat -N oem_nat_pre
E/memtrack( 882): Couldn't load memtrack module (No such file or directory)
E/android.os.Debug( 882): failed to load memtrack module: -2
I/iptables( 876): iptables v1.4.20: can't initialize iptables table `nat': Table does not exist (do you need to insmod?)
I/iptables( 876): Perhaps iptables or your kernel needs to be upgraded.
I/iptables( 876): iptables terminated by exit(3)
E/Netd ( 876): exec() res=0, status=768 for /system/bin/iptables -t nat -A PREROUTING -j oem_nat_pre
I/iptables( 876): iptables v1.4.20: can't initialize iptables table `nat': Table does not exist (do you need to insmod?)
I/iptables( 876): Perhaps iptables or your kernel needs to be upgraded.
I/iptables( 876): iptables terminated by exit(3)
E/Netd ( 876): exec() res=0, status=768 for /system/bin/iptables -t nat -N natctrl_nat_POSTROUTING
I/SamplingProfilerIntegration( 882): Profiling disabled.
D/Zygote ( 882): begin preload
I/Zygote ( 882): Preloading classes...
I/iptables( 876): iptables v1.4.20: can't initialize iptables table `nat': Table does not exist (do you need to insmod?)
I/iptables( 876): Perhaps iptables or your kernel needs to be upgraded.
I/iptables( 876): iptables terminated by exit(3)
E/Netd ( 876): exec() res=0, status=768 for /system/bin/iptables -t nat -A POSTROUTING -j natctrl_nat_POSTROUTING
V/NatController( 876): runCmd(/system/bin/iptables -F natctrl_FORWARD) res=0
I/art ( 882): Explicit concurrent mark sweep GC freed 820(36KB) AllocSpace objects, 0(0B) LOS objects, 95% free, 44KB/1068KB, paused 1.049ms total 68.132ms
I/art ( 882): Counter: 1
V/NatController( 876): runCmd(/system/bin/iptables -A natctrl_FORWARD -j DROP) res=0
I/CameraService( 879): CameraService started (pid=879)
E/CameraService( 879): Could not load camera HAL module
I/AudioPolicyService( 879): AudioPolicyService CSTOR in new mode
V/NatController( 876): runCmd(/system/bin/iptables -t nat -F natctrl_nat_POSTROUTING) res=3
E/AudioPolicyManager( 879): could not load audio policy configuration file, setting defaults
I/AudioFlinger( 879): loadHwModule() Loaded primary audio interface from Default audio HW HAL (audio) handle 1
I/AudioFlinger( 879): HAL output buffer size 1024 frames, normal sink buffer size 1024 frames
I/AudioMixer( 879): found effect "Multichannel Downmix To Stereo" from The Android Open Source Project
I/AudioFlinger( 879): Using module 1 has the primary audio interface
I/AudioFlinger( 879): AudioFlinger's thread 0x758a9000 ready to run
W/AudioFlinger( 879): Thread AudioOut_2 cannot connect to the power manager service
W/AudioFlinger( 879): Thread AudioOut_2 cannot connect to the power manager service
W/AudioFlinger( 879): Thread AudioOut_2 cannot connect to the power manager service
E/AudioFlinger( 879): no wake lock to update!
I/AudioFlinger( 879): AudioFlinger's thread 0x758f4000 ready to run
E/SoundTriggerHwService( 879): couldn't load sound trigger module sound_trigger.primary (No such file or directory)
I/art ( 882): Explicit concurrent mark sweep GC freed 541(33KB) AllocSpace objects, 0(0B) LOS objects, 94% free, 64KB/1088KB, paused 748us total 16.748ms
I/art ( 882): Explicit concurrent mark sweep GC freed 650(41KB) AllocSpace objects, 0(0B) LOS objects, 93% free, 71KB/1095KB, paused 555us total 21.397ms
I/art ( 882): Explicit concurrent mark sweep GC freed 383(22KB) AllocSpace objects, 0(0B) LOS objects, 90% free, 102KB/1126KB, paused 547us total 21.382ms
E/Minikin ( 882): addFont failed to create font /system/fonts/NotoSansGujarati-Regular.ttf
E/Minikin ( 882): addFont failed to create font /system/fonts/NotoSansGujarati-Bold.ttf
E/Minikin ( 882): addFont failed to create font /system/fonts/NotoSansGujaratiUI-Regular.ttf
E/Minikin ( 882): addFont failed to create font /system/fonts/NotoSansGujaratiUI-Bold.ttf
E/Minikin ( 882): addFont failed to create font /system/fonts/NotoSansGurmukhi-Regular.ttf
E/Minikin ( 882): addFont failed to create font /system/fonts/NotoSansGurmukhi-Bold.ttf
E/Minikin ( 882): addFont failed to create font /system/fonts/NotoSansGurmukhiUI-Regular.ttf
E/Minikin ( 882): addFont failed to create font /system/fonts/NotoSansGurmukhiUI-Bold.ttf
E/Minikin ( 882): addFont failed to create font /system/fonts/NotoSansSinhala-Regular.ttf
E/Minikin ( 882): addFont failed to create font /system/fonts/NotoSansSinhala-Bold.ttf
E/Minikin ( 882): addFont failed to create font /system/fonts/NotoSansThaana-Regular.ttf
E/Minikin ( 882): addFont failed to create font /system/fonts/NotoSansThaana-Bold.ttf
E/Minikin ( 882): addFont failed to create font /system/fonts/NotoSansCham-Regular.ttf
E/Minikin ( 882): addFont failed to create font /system/fonts/NotoSansCham-Bold.ttf
E/Minikin ( 882): addFont failed to create font /system/fonts/NotoSansBalinese-Regular.ttf
E/Minikin ( 882): addFont failed to create font /system/fonts/NotoSansBatak-Regular.ttf
E/Minikin ( 882): addFont failed to create font /system/fonts/NotoSansBuginese-Regular.ttf
E/Minikin ( 882): addFont failed to create font /system/fonts/NotoSansBuhid-Regular.ttf
E/Minikin ( 882): addFont failed to create font /system/fonts/NotoSansCanadianAboriginal-Regular.ttf
E/Minikin ( 882): addFont failed to create font /system/fonts/NotoSansCherokee-Regular.ttf
E/Minikin ( 882): addFont failed to create font /system/fonts/NotoSansCoptic-Regular.ttf
E/Minikin ( 882): addFont failed to create font /system/fonts/NotoSansGlagolitic-Regular.ttf
E/Minikin ( 882): addFont failed to create font /system/fonts/NotoSansHanunoo-Regular.ttf
E/Minikin ( 882): addFont failed to create font /system/fonts/NotoSansJavanese-Regular.ttf
E/Minikin ( 882): addFont failed to create font /system/fonts/NotoSansKayahLi-Regular.ttf
E/Minikin ( 882): addFont failed to create font /system/fonts/NotoSansLepcha-Regular.ttf
E/Minikin ( 882): addFont failed to create font /system/fonts/NotoSansLimbu-Regular.ttf
E/Minikin ( 882): addFont failed to create font /system/fonts/NotoSansMeeteiMayek-Regular.ttf
E/Minikin ( 882): addFont failed to create font /system/fonts/NotoSansOlChiki-Regular.ttf
E/Minikin ( 882): addFont failed to create font /system/fonts/NotoSansRejang-Regular.ttf
E/Minikin ( 882): addFont failed to create font /system/fonts/NotoSansSaurashtra-Regular.ttf
E/Minikin ( 882): addFont failed to create font /system/fonts/NotoSansSundanese-Regular.ttf
E/Minikin ( 882): addFont failed to create font /system/fonts/NotoSansSylotiNagri-Regular.ttf
E/Minikin ( 882): addFont failed to create font /system/fonts/NotoSansTagbanwa-Regular.ttf
E/Minikin ( 882): addFont failed to create font /system/fonts/NotoSansTaiTham-Regular.ttf
E/Minikin ( 882): addFont failed to create font /system/fonts/NotoSansTaiViet-Regular.ttf
E/Minikin ( 882): addFont failed to create font /system/fonts/NotoSansTifinagh-Regular.ttf
E/Minikin ( 882): addFont failed to create font /system/fonts/NotoSansYi-Regular.ttf
E/Minikin ( 882): addFont failed to create font /system/fonts/Lohit-Odia.ttf
E/Minikin ( 882): addFont failed to create font /system/fonts/NotoSansHans-Regular.otf
E/Minikin ( 882): addFont failed to create font /system/fonts/NotoSansHant-Regular.otf
E/Minikin ( 882): addFont failed to create font /system/fonts/NotoSansJP-Regular.otf
E/Minikin ( 882): addFont failed to create font /system/fonts/NotoSansKR-Regular.otf
E/Minikin ( 882): addFont failed to create font /system/fonts/NotoSansTaiLe-Regular.ttf
I/art ( 882): Explicit concurrent mark sweep GC freed 1804(129KB) AllocSpace objects, 0(0B) LOS objects, 90% free, 113KB/1137KB, paused 607us total 10.659ms
I/art ( 882): Explicit concurrent mark sweep GC freed 1942(92KB) AllocSpace objects, 0(0B) LOS objects, 86% free, 154KB/1178KB, paused 1.383ms total 21.767ms
I/art ( 882): Explicit concurrent mark sweep GC freed 1979(87KB) AllocSpace objects, 0(0B) LOS objects, 84% free, 189KB/1213KB, paused 5.070ms total 24.948ms
D/MDnsDS ( 876): MDnsSdListener::Hander starting up
D/MDnsDS ( 876): MDnsSdListener starting to monitor
D/MDnsDS ( 876): Going to poll with pollCount 1
I/art ( 882): Explicit concurrent mark sweep GC freed 371(19KB) AllocSpace objects, 0(0B) LOS objects, 82% free, 222KB/1246KB, paused 562us total 20.382ms
I/art ( 882): Thread[1,tid=882,WaitingForJniOnLoad,Thread*=0x74827800,peer=0x12c31100,"main"] recursive attempt to load library "/system/lib/libmedia_jni.so"
D/MtpDeviceJNI( 882): register_android_mtp_MtpDevice
I/art ( 882): Thread[1,tid=882,WaitingForJniOnLoad,Thread*=0x74827800,peer=0x12c31100,"main"] recursive attempt to load library "/system/lib/libmedia_jni.so"
I/art ( 882): Thread[1,tid=882,WaitingForJniOnLoad,Thread*=0x74827800,peer=0x12c31100,"main"] recursive attempt to load library "/system/lib/libmedia_jni.so"
W/MediaProfiles( 882): could not find media config xml file
I/art ( 882): Explicit concurrent mark sweep GC freed 665(37KB) AllocSpace objects, 0(0B) LOS objects, 80% free, 244KB/1268KB, paused 552us total 13.634ms
I/art ( 882): Explicit concurrent mark sweep GC freed 582(29KB) AllocSpace objects, 0(0B) LOS objects, 79% free, 264KB/1288KB, paused 1.497ms total 24.767ms
I/art ( 882): Explicit concurrent mark sweep GC freed 534(29KB) AllocSpace objects, 0(0B) LOS objects, 77% free, 303KB/1327KB, paused 1.019ms total 17.204ms
I/art ( 882): Explicit concurrent mark sweep GC freed 1800(104KB) AllocSpace objects, 0(0B) LOS objects, 69% free, 453KB/1477KB, paused 788us total 19.877ms
E/EmojiFactory_jni( 882): Failed to load libemoji.so: dlopen failed: library "libemoji.so" not found
I/art ( 882): Explicit concurrent mark sweep GC freed 350(45KB) AllocSpace objects, 0(0B) LOS objects, 57% free, 750KB/1774KB, paused 609us total 22.604ms
I/art ( 882): Explicit concurrent mark sweep GC freed 438(30KB) AllocSpace objects, 0(0B) LOS objects, 57% free, 769KB/1793KB, paused 728us total 23.242ms
I/art ( 882): Explicit concurrent mark sweep GC freed 782(49KB) AllocSpace objects, 0(0B) LOS objects, 57% free, 769KB/1793KB, paused 601us total 17.287ms
I/art ( 882): Explicit concurrent mark sweep GC freed 956(105KB) AllocSpace objects, 0(0B) LOS objects, 55% free, 812KB/1836KB, paused 635us total 25.025ms
I/art ( 882): Explicit concurrent mark sweep GC freed 597(42KB) AllocSpace objects, 0(0B) LOS objects, 55% free, 819KB/1843KB, paused 731us total 24.895ms
I/art ( 882): Explicit concurrent mark sweep GC freed 265(20KB) AllocSpace objects, 0(0B) LOS objects, 54% free, 847KB/1871KB, paused 645us total 15.369ms
I/art ( 882): WaitForGcToComplete blocked for 18.228ms for cause Explicit
I/art ( 882): Explicit concurrent mark sweep GC freed 22(896B) AllocSpace objects, 0(0B) LOS objects, 45% free, 1226KB/2MB, paused 1.076ms total 21.225ms
I/art ( 882): Explicit concurrent mark sweep GC freed 572(33KB) AllocSpace objects, 0(0B) LOS objects, 45% free, 1242KB/2MB, paused 688us total 25.627ms
I/art ( 882): Explicit concurrent mark sweep GC freed 741(45KB) AllocSpace objects, 0(0B) LOS objects, 45% free, 1246KB/2MB, paused 663us total 18.477ms
I/System ( 882): Loaded time zone names for "" in 160ms (153ms in ICU)
I/System ( 882): Loaded time zone names for "en_US" in 118ms (109ms in ICU)
I/art ( 882): Explicit concurrent mark sweep GC freed 2203(171KB) AllocSpace objects, 0(0B) LOS objects, 42% free, 1400KB/2MB, paused 669us total 21.966ms
I/art ( 882): Explicit concurrent mark sweep GC freed 136(12KB) AllocSpace objects, 0(0B) LOS objects, 41% free, 1465KB/2MB, paused 672us total 24.811ms
I/art ( 882): Explicit concurrent mark sweep GC freed 288(24KB) AllocSpace objects, 0(0B) LOS objects, 40% free, 1511KB/2MB, paused 1.266ms total 24.361ms
I/art ( 882): Explicit concurrent mark sweep GC freed 679(47KB) AllocSpace objects, 0(0B) LOS objects, 40% free, 1512KB/2MB, paused 671us total 20.295ms
I/Zygote ( 882): ...preloaded 3005 classes in 5133ms.
I/art ( 882): VMRuntime.preloadDexCaches starting
I/art ( 882): VMRuntime.preloadDexCaches strings total=209826 before=39141 after=39141
I/art ( 882): VMRuntime.preloadDexCaches types total=18320 before=6389 after=6424
I/art ( 882): VMRuntime.preloadDexCaches fields total=85452 before=32289 after=32623
I/art ( 882): VMRuntime.preloadDexCaches methods total=151312 before=66611 after=67512
I/art ( 882): VMRuntime.preloadDexCaches finished
I/art ( 882): Counter: 0
I/art ( 882): Counter: 1
I/art ( 882): Explicit concurrent mark sweep GC freed 61(15KB) AllocSpace objects, 0(0B) LOS objects, 66% free, [ 16.210907] warning: `main' uses 32-bit capabilities (legacy support in use) 1498KB/4MB, paused 669us total 26.931ms
D/idmap ( 1219): error: no read access to /vendor/overlay: No such file or directory
I/Zygote ( 882): Preloading resources...
W/Resources( 882): Preloaded drawable resource #0x1080096 (android:drawable/toast_frame) that varies with configuration!!
W/Resources( 882): Preloaded drawable resource #0x108010d (android:drawable/btn_check_on_pressed_holo_light) that varies with configuration!!
W/Resources( 882): Preloaded drawable resource #0x108010c (android:drawable/btn_check_on_pressed_holo_dark) that varies with configuration!!
W/Resources( 882): Preloaded drawable resource #0x108010a (android:drawable/btn_check_on_holo_light) that varies with configuration!!
W/Resources( 882): Preloaded drawable resource #0x1080109 (android:drawable/btn_check_on_holo_dark) that varies with configuration!!
I/art ( 882): Explicit concurrent mark sweep GC freed 144(8KB) AllocSpace objects, 0(0B) LOS objects, 66% free, 1541KB/4MB, paused 747us total 28.596ms
W/Resources( 882): Preloaded drawable resource #0x1080107 (android:drawable/btn_check_on_focused_holo_light) that varies with configuration!!
W/Resources( 882): Preloaded drawable resource #0x1080106 (android:drawable/btn_check_on_focused_holo_dark) that varies with configuration!!
W/Resources( 882): Preloaded drawable resource #0x1080105 (android:drawable/btn_check_on_disabled_holo_light) that varies with configuration!!
W/Resources( 882): Preloaded drawable resource #0x1080104 (android:drawable/btn_check_on_disabled_holo_dark) that varies with configuration!!
W/Resources( 882): Preloaded drawable resource #0x1080103 (android:drawable/btn_check_on_disabled_focused_holo_light) that varies with configuration!!
W/Resources( 882): Preloaded drawable resource #0x1080102 (android:drawable/btn_check_on_disabled_focused_holo_dark) that varies with configuration!!
W/Resources( 882): Preloaded drawable resource #0x10800fa (android:drawable/btn_check_off_pressed_holo_light) that varies with configuration!!
W/Resources( 882): Preloaded drawable resource #0x10800f9 (android:drawable/btn_check_off_pressed_holo_dark) that varies with configuration!!
W/Resources( 882): Preloaded drawable resource #0x10800f5 (android:drawable/btn_check_off_holo_light) that varies with configuration!!
I/art ( 882): Explicit concurrent mark sweep GC freed 227(39KB) AllocSpace objects, 0(0B) LOS objects, 66% free, 1555KB/4MB, paused 871us total 20.151ms
W/Resources( 882): Preloaded drawable resource #0x10800f4 (android:drawable/btn_check_off_holo_dark) that varies with configuration!!
W/Resources( 882): Preloaded drawable resource #0x10800f2 (android:drawable/btn_check_off_focused_holo_light) that varies with configuration!!
W/Resources( 882): Preloaded drawable resource #0x10800f1 (android:drawable/btn_check_off_focused_holo_dark) that varies with configuration!!
W/Resources( 882): Preloaded drawable resource #0x10800f0 (android:drawable/btn_check_off_disabled_holo_light) that varies with configuration!!
W/Resources( 882): Preloaded drawable resource #0x10800ef (android:drawable/btn_check_off_disabled_holo_dark) that varies with configuration!!
W/Resources( 882): Preloaded drawable resource #0x10800ee (android:drawable/btn_check_off_disabled_focused_holo_light) that varies with configuration!!
W/Resources( 882): Preloaded drawable resource #0x10800ed (android:drawable/btn_check_off_disabled_focused_holo_dark) that varies with configuration!!
W/Resources( 882): Preloaded drawable resource #0x108010a (android:drawable/btn_check_on_holo_light) that varies with configuration!!
W/Resources( 882): Preloaded drawable resource #0x10800f5 (android:drawable/btn_check_off_holo_light) that varies with configuration!!
W/Resources( 882): Preloaded drawable resource #0x108010d (android:drawable/btn_check_on_pressed_holo_light) that varies with configuration!!
W/Resources( 882): Preloaded drawable resource #0x10800fa (android:drawable/btn_check_off_pressed_holo_light) that varies with configuration!!
W/Resources( 882): Preloaded drawable resource #0x1080107 (android:drawable/btn_check_on_focused_holo_light) that varies with configuration!!
W/Resources( 882): Preloaded drawable resource #0x10800f2 (android:drawable/btn_check_off_focused_holo_light) that varies with configuration!!
W/Resources( 882): Preloaded drawable resource #0x10800f5 (android:drawable/btn_check_off_holo_light) that varies with configuration!!
W/Resources( 882): Preloaded drawable resource #0x108010a (android:drawable/btn_check_on_holo_light) that varies with configuration!!
W/Resources( 882): Preloaded drawable resource #0x1080105 (android:drawable/btn_check_on_disabled_holo_light) that varies with configuration!!
W/Resources( 882): Preloaded drawable resource #0x10800f0 (android:drawable/btn_check_off_disabled_holo_light) that varies with configuration!!
W/Resources( 882): Preloaded drawable resource #0x1080103 (android:drawable/btn_check_on_disabled_focused_holo_light) that varies with configuration!!
W/Resources( 882): Preloaded drawable resource #0x10800ee (android:drawable/btn_check_off_disabled_focused_holo_light) that varies with configuration!!
W/Resources( 882): Preloaded drawable resource #0x10800f0 (android:drawable/btn_check_off_disabled_holo_light) that varies with configuration!!
W/Resources( 882): Preloaded drawable resource #0x1080105 (android:drawable/btn_check_on_disabled_holo_light) that varies with configuration!!
W/Resources( 882): Preloaded drawable resource #0x10800e3 (android:drawable/btn_check_holo_light) that varies with configuration!!
I/art ( 882): Explicit concurrent mark sweep GC freed 550(71KB) AllocSpace objects, 0(0B) LOS objects, 66% free, 1609KB/4MB, paused 718us total 20.461ms
W/Resources( 882): Preloaded drawable resource #0x1080109 (android:drawable/btn_check_on_holo_dark) that varies with configuration!!
W/Resources( 882): Preloaded drawable resource #0x10800f4 (android:drawable/btn_check_off_holo_dark) that varies with configuration!!
W/Resources( 882): Preloaded drawable resource #0x108010c (android:drawable/btn_check_on_pressed_holo_dark) that varies with configuration!!
W/Resources( 882): Preloaded drawable resource #0x10800f9 (android:drawable/btn_check_off_pressed_holo_dark) that varies with configuration!!
W/Resources( 882): Preloaded drawable resource #0x1080106 (android:drawable/btn_check_on_focused_holo_dark) that varies with configuration!!
W/Resources( 882): Preloaded drawable resource #0x10800f1 (android:drawable/btn_check_off_focused_holo_dark) that varies with configuration!!
W/Resources( 882): Preloaded drawable resource #0x10800f4 (android:drawable/btn_check_off_holo_dark) that varies with configuration!!
W/Resources( 882): Preloaded drawable resource #0x1080109 (android:drawable/btn_check_on_holo_dark) that varies with configuration!!
W/Resources( 882): Preloaded drawable resource #0x1080104 (android:drawable/btn_check_on_disabled_holo_dark) that varies with configuration!!
W/Resources( 882): Preloaded drawable resource #0x10800ef (android:drawable/btn_check_off_disabled_holo_dark) that varies with configuration!!
W/Resources( 882): Preloaded drawable resource #0x1080102 (android:drawable/btn_check_on_disabled_focused_holo_dark) that varies with configuration!!
W/Resources( 882): Preloaded drawable resource #0x10800ed (android:drawable/btn_check_off_disabled_focused_holo_dark) that varies with configuration!!
W/Resources( 882): Preloaded drawable resource #0x10800ef (android:drawable/btn_check_off_disabled_holo_dark) that varies with configuration!!
W/Resources( 882): Preloaded drawable resource #0x1080104 (android:drawable/btn_check_on_disabled_holo_dark) that varies with configuration!!
W/Resources( 882): Preloaded drawable resource #0x10800e2 (android:drawable/btn_check_holo_dark) that varies with configuration!!
I/art ( 882): Explicit concurrent mark sweep GC freed 498(113KB) AllocSpace objects, 0(0B) LOS objects, 66% free, 1579KB/4MB, paused 868us total 19.894ms
W/Resources( 882): Preloaded drawable resource #0x10801bd (android:drawable/btn_radio_on_pressed_holo_light) that varies with configuration!!
W/Resources( 882): Preloaded drawable resource #0x10801bc (android:drawable/btn_radio_on_pressed_holo_dark) that varies with configuration!!
W/Resources( 882): Preloaded drawable resource #0x10801b9 (android:drawable/btn_radio_on_holo_light) that varies with configuration!!
W/Resources( 882): Preloaded drawable resource #0x10801b8 (android:drawable/btn_radio_on_holo_dark) that varies with configuration!!
W/Resources( 882): Preloaded drawable resource #0x10801b6 (android:drawable/btn_radio_on_focused_holo_light) that varies with configuration!!
W/Resources( 882): Preloaded drawable resource #0x10801b5 (android:drawable/btn_radio_on_focused_holo_dark) that varies with configuration!!
W/Resources( 882): Preloaded drawable resource #0x10801b4 (android:drawable/btn_radio_on_disabled_holo_light) that varies with configuration!!
W/Resources( 882): Preloaded drawable resource #0x10801b3 (android:drawable/btn_radio_on_disabled_holo_dark) that varies with configuration!!
W/Resources( 882): Preloaded drawable resource #0x10801b2 (android:drawable/btn_radio_on_disabled_focused_holo_light) that varies with configuration!!
I/art ( 882): Explicit concurrent mark sweep GC freed 289(73KB) AllocSpace objects, 0(0B) LOS objects, 66% free, 1559KB/4MB, paused 750us total 22.817ms
W/Resources( 882): Preloaded drawable resource #0x10801b1 (android:drawable/btn_radio_on_disabled_focused_holo_dark) that varies with configuration!!
W/Resources( 882): Preloaded drawable resource #0x10801ae (android:drawable/btn_radio_off_pressed_holo_light) that varies with configuration!!
W/Resources( 882): Preloaded drawable resource #0x10801ad (android:drawable/btn_radio_off_pressed_holo_dark) that varies with configuration!!
W/Resources( 882): Preloaded drawable resource #0x10801ab (android:drawable/btn_radio_off_holo_light) that varies with configuration!!
W/Resources( 882): Preloaded drawable resource #0x10801aa (android:drawable/btn_radio_off_holo_dark) that varies with configuration!!
W/Resources( 882): Preloaded drawable resource #0x10801a8 (android:drawable/btn_radio_off_focused_holo_light) that varies with configuration!!
W/Resources( 882): Preloaded drawable resource #0x10801a7 (android:drawable/btn_radio_off_focused_holo_dark) that varies with configuration!!
W/Resources( 882): Preloaded drawable resource #0x10801a6 (android:drawable/btn_radio_off_disabled_holo_light) that varies with configuration!!
W/Resources( 882): Preloaded drawable resource #0x10801a5 (android:drawable/btn_radio_off_disabled_holo_dark) that varies with configuration!!
I/art ( 882): Explicit concurrent mark sweep GC freed 248(51KB) AllocSpace objects, 0(0B) LOS objects, 66% free, 1561KB/4MB, paused 1.266ms total 23.966ms
W/Resources( 882): Preloaded drawable resource #0x10801a4 (android:drawable/btn_radio_off_disabled_focused_holo_light) that varies with configuration!!
W/Resources( 882): Preloaded drawable resource #0x10801a3 (android:drawable/btn_radio_off_disabled_focused_holo_dark) that varies with configuration!!
W/Resources( 882): Preloaded drawable resource #0x108014e (android:drawable/btn_default_pressed_holo_light) that varies with configuration!!
W/Resources( 882): Preloaded drawable resource #0x108014d (android:drawable/btn_default_pressed_holo_dark) that varies with configuration!!
W/Resources( 882): Preloaded drawable resource #0x108014a (android:drawable/btn_default_normal_holo_light) that varies with configuration!!
W/Resources( 882): Preloaded drawable resource #0x1080149 (android:drawable/btn_default_normal_holo_dark) that varies with configuration!!
W/Resources( 882): Preloaded drawable resource #0x1080140 (android:drawable/btn_default_focused_holo_light) that varies with configuration!!
W/Resources( 882): Preloaded drawable resource #0x108013f (android:drawable/btn_default_focused_holo_dark) that varies with configuration!!
W/Resources( 882): Preloaded drawable resource #0x108013d (android:drawable/btn_default_disabled_holo_light) that varies with configuration!!
W/Resources( 882): Preloaded drawable resource #0x108013c (android:drawable/btn_default_disabled_holo_dark) that varies with configuration!!
I/art ( 882): Explicit concurrent mark sweep GC freed 268(52KB) AllocSpace objects, 0(0B) LOS objects, 66% free, 1562KB/4MB, paused 737us total 20.839ms
W/Resources( 882): Preloaded drawable resource #0x108013a (android:drawable/btn_default_disabled_focused_holo_light) that varies with configuration!!
W/Resources( 882): Preloaded drawable resource #0x1080139 (android:drawable/btn_default_disabled_focused_holo_dark) that varies with configuration!!
W/Resources( 882): Preloaded drawable resource #0x1080149 (android:drawable/btn_default_normal_holo_dark) that varies with configuration!!
W/Resources( 882): Preloaded drawable resource #0x108013c (android:drawable/btn_default_disabled_holo_dark) that varies with configuration!!
W/Resources( 882): Preloaded drawable resource #0x108014d (android:drawable/btn_default_pressed_holo_dark) that varies with configuration!!
W/Resources( 882): Preloaded drawable resource #0x108013f (android:drawable/btn_default_focused_holo_dark) that varies with configuration!!
W/Resources( 882): Preloaded drawable resource #0x1080149 (android:drawable/btn_default_normal_holo_dark) that varies with configuration!!
W/Resources( 882): Preloaded drawable resource #0x1080139 (android:drawable/btn_default_disabled_focused_holo_dark) that varies with configuration!!
W/Resources( 882): Preloaded drawable resource #0x108013c (android:drawable/btn_default_disabled_holo_dark) that varies with configuration!!
W/Resources( 882): Preloaded drawable resource #0x1080141 (android:drawable/btn_default_holo_dark) that varies with configuration!!
I/art ( 882): Explicit concurrent mark sweep GC freed 334(53KB) AllocSpace objects, 0(0B) LOS objects, 66% free, 1558KB/4MB, paused 838us total 26.009ms
W/Resources( 882): Preloaded drawable resource #0x108014a (android:drawable/btn_default_normal_holo_light) that varies with configuration!!
W/Resources( 882): Preloaded drawable resource #0x108013d (android:drawable/btn_default_disabled_holo_light) that varies with configuration!!
W/Resources( 882): Preloaded drawable resource #0x108014e (android:drawable/btn_default_pressed_holo_light) that varies with configuration!!
W/Resources( 882): Preloaded drawable resource #0x1080140 (android:drawable/btn_default_focused_holo_light) that varies with configuration!!
W/Resources( 882): Preloaded drawable resource #0x108014a (android:drawable/btn_default_normal_holo_light) that varies with configuration!!
W/Resources( 882): Preloaded drawable resource #0x108013a (android:drawable/btn_default_disabled_focused_holo_light) that varies with configuration!!
W/Resources( 882): Preloaded drawable resource #0x108013d (android:drawable/btn_default_disabled_holo_light) that varies with configuration!!
W/Resources( 882): Preloaded drawable resource #0x1080142 (android:drawable/btn_default_holo_light) that varies with configuration!!
W/Resources( 882): Preloaded drawable resource #0x108021e (android:drawable/btn_star_off_normal_holo_light) that varies with configuration!!
W/Resources( 882): Preloaded drawable resource #0x1080228 (android:drawable/btn_star_on_normal_holo_light) that varies with configuration!!
I/art ( 882): Explicit concurrent mark sweep GC freed 336(48KB) AllocSpace objects, 0(0B) LOS objects, 66% free, 1560KB/4MB, paused 691us total 19.445ms
W/Resources( 882): Preloaded drawable resource #0x1080224 (android:drawable/btn_star_on_disabled_holo_light) that varies with configuration!!
W/Resources( 882): Preloaded drawable resource #0x108021a (android:drawable/btn_star_off_disabled_holo_light) that varies with configuration!!
W/Resources( 882): Preloaded drawable resource #0x108022a (android:drawable/btn_star_on_pressed_holo_light) that varies with configuration!!
W/Resources( 882): Preloaded drawable resource #0x1080220 (android:drawable/btn_star_off_pressed_holo_light) that varies with configuration!!
W/Resources( 882): Preloaded drawable resource #0x1080226 (android:drawable/btn_star_on_focused_holo_light) that varies with configuration!!
W/Resources( 882): Preloaded drawable resource #0x108021c (android:drawable/btn_star_off_focused_holo_light) that varies with configuration!!
W/Resources( 882): Preloaded drawable resource #0x1080222 (android:drawable/btn_star_on_disabled_focused_holo_light) that varies with configuration!!
W/Resources( 882): Preloaded drawable resource #0x1080218 (android:drawable/btn_star_off_disabled_focused_holo_light) that varies with configuration!!
W/Resources( 882): Preloaded drawable resource #0x108021e (android:drawable/btn_star_off_normal_holo_light) that varies with configuration!!
W/Resources( 882): Preloaded drawable resource #0x1080228 (android:drawable/btn_star_on_normal_holo_light) that varies with configuration!!
W/Resources( 882): Preloaded drawable resource #0x1080224 (android:drawable/btn_star_on_disabled_holo_light) that varies with configuration!!
W/Resources( 882): Preloaded drawable resource #0x108021a (android:drawable/btn_star_off_disabled_holo_light) that varies with configuration!!
W/Resources( 882): Preloaded drawable resource #0x108022a (android:drawable/btn_star_on_pressed_holo_light) that varies with configuration!!
W/Resources( 882): Preloaded drawable resource #0x1080220 (android:drawable/btn_star_off_pressed_holo_light) that varies with configuration!!
W/Resources( 882): Preloaded drawable resource #0x1080226 (android:drawable/btn_star_on_focused_holo_light) that varies with configuration!!
W/Resources( 882): Preloaded drawable resource #0x108021c (android:drawable/btn_star_off_focused_holo_light) that varies with configuration!!
W/Resources( 882): Preloaded drawable resource #0x1080222 (android:drawable/btn_star_on_disabled_focused_holo_light) that varies with configuration!!
W/Resources( 882): Preloaded drawable resource #0x1080224 (android:drawable/btn_star_on_disabled_holo_light) that varies with configuration!!
W/Resources( 882): Preloaded drawable resource #0x1080218 (android:drawable/btn_star_off_disabled_focused_holo_light) that varies with configuration!!
W/Resources( 882): Preloaded drawable resource #0x108021a (android:drawable/btn_star_off_disabled_holo_light) that varies with configuration!!
W/Resources( 882): Preloaded drawable resource #0x108021e (android:drawable/btn_star_off_normal_holo_light) that varies with configuration!!
W/Resources( 882): Preloaded drawable resource #0x1080228 (android:drawable/btn_star_on_normal_holo_light) that varies with configuration!!
W/Resources( 882): Preloaded drawable resource #0x1080213 (android:drawable/btn_star_holo_light) that varies with configuration!!
I/art ( 882): Explicit concurrent mark sweep GC freed 611(69KB) AllocSpace objects, 0(0B) LOS objects, 66% free, 1622KB/4MB, paused 705us total 25.985ms
W/Resources( 882): Preloaded drawable resource #0x108021d (android:drawable/btn_star_off_normal_holo_dark) that varies with configuration!!
W/Resources( 882): Preloaded drawable resource #0x1080227 (android:drawable/btn_star_on_normal_holo_dark) that varies with configuration!!
W/Resources( 882): Preloaded drawable resource #0x1080223 (android:drawable/btn_star_on_disabled_holo_dark) that varies with configuration!!
W/Resources( 882): Preloaded drawable resource #0x1080219 (android:drawable/btn_star_off_disabled_holo_dark) that varies with configuration!!
W/Resources( 882): Preloaded drawable resource #0x1080229 (android:drawable/btn_star_on_pressed_holo_dark) that varies with configuration!!
W/Resources( 882): Preloaded drawable resource #0x108021f (android:drawable/btn_star_off_pressed_holo_dark) that varies with configuration!!
W/Resources( 882): Preloaded drawable resource #0x1080225 (android:drawable/btn_star_on_focused_holo_dark) that varies with configuration!!
W/Resources( 882): Preloaded drawable resource #0x108021b (android:drawable/btn_star_off_focused_holo_dark) that varies with configuration!!
W/Resources( 882): Preloaded drawable resource #0x1080221 (android:drawable/btn_star_on_disabled_focused_holo_dark) that varies with configuration!!
I/art ( 882): Explicit concurrent mark sweep GC freed 352(108KB) AllocSpace objects, 0(0B) LOS objects, 66% free, 1567KB/4MB, paused 712us total 19.670ms
W/Resources( 882): Preloaded drawable resource #0x1080217 (android:drawable/btn_star_off_disabled_focused_holo_dark) that varies with configuration!!
W/Resources( 882): Preloaded drawable resource #0x108021d (android:drawable/btn_star_off_normal_holo_dark) that varies with configuration!!
W/Resources( 882): Preloaded drawable resource #0x1080227 (android:drawable/btn_star_on_normal_holo_dark) that varies with configuration!!
W/Resources( 882): Preloaded drawable resource #0x1080223 (android:drawable/btn_star_on_disabled_holo_dark) that varies with configuration!!
W/Resources( 882): Preloaded drawable resource #0x1080219 (android:drawable/btn_star_off_disabled_holo_dark) that varies with configuration!!
W/Resources( 882): Preloaded drawable resource #0x1080229 (android:drawable/btn_star_on_pressed_holo_dark) that varies with configuration!!
W/Resources( 882): Preloaded drawable resource #0x108021f (android:drawable/btn_star_off_pressed_holo_dark) that varies with configuration!!
W/Resources( 882): Preloaded drawable resource #0x1080225 (android:drawable/btn_star_on_focused_holo_dark) that varies with configuration!!
W/Resources( 882): Preloaded drawable resource #0x108021b (android:drawable/btn_star_off_focused_holo_dark) that varies with configuration!!
W/Resources( 882): Preloaded drawable resource #0x1080221 (android:drawable/btn_star_on_disabled_focused_holo_dark) that varies with configuration!!
W/Resources( 882): Preloaded drawable resource #0x1080223 (android:drawable/btn_star_on_disabled_holo_dark) that varies with configuration!!
W/Resources( 882): Preloaded drawable resource #0x1080217 (android:drawable/btn_star_off_disabled_focused_holo_dark) that varies with configuration!!
W/Resources( 882): Preloaded drawable resource #0x1080219 (android:drawable/btn_star_off_disabled_holo_dark) that varies with configuration!!
W/Resources( 882): Preloaded drawable resource #0x108021d (android:drawable/btn_star_off_normal_holo_dark) that varies with configuration!!
W/Resources( 882): Preloaded drawable resource #0x1080227 (android:drawable/btn_star_on_normal_holo_dark) that varies with configuration!!
W/Resources( 882): Preloaded drawable resource #0x1080212 (android:drawable/btn_star_holo_dark) that varies with configuration!!
I/art ( 882): Explicit concurrent mark sweep GC freed 430(62KB) AllocSpace objects, 0(0B) LOS objects, 66% free, 1594KB/4MB, paused 729us total 21.995ms
W/Resources( 882): Preloaded drawable resource #0x108025e (android:drawable/btn_toggle_on_pressed_holo_light) that varies with configuration!!
W/Resources( 882): Preloaded drawable resource #0x108025d (android:drawable/btn_toggle_on_pressed_holo_dark) that varies with configuration!!
W/Resources( 882): Preloaded drawable resource #0x108025c (android:drawable/btn_toggle_on_normal_holo_light) that varies with configuration!!
W/Resources( 882): Preloaded drawable resource #0x108025b (android:drawable/btn_toggle_on_normal_holo_dark) that varies with configuration!!
W/Resources( 882): Preloaded drawable resource #0x108025a (android:drawable/btn_toggle_on_focused_holo_light) that varies with configuration!!
W/Resources( 882): Preloaded drawable resource #0x1080259 (android:drawable/btn_toggle_on_focused_holo_dark) that varies with configuration!!
W/Resources( 882): Preloaded drawable resource #0x1080258 (android:drawable/btn_toggle_on_disabled_holo_light) that varies with configuration!!
W/Resources( 882): Preloaded drawable resource #0x1080257 (android:drawable/btn_toggle_on_disabled_holo_dark) that varies with configuration!!
W/Resources( 882): Preloaded drawable resource #0x1080256 (android:drawable/btn_toggle_on_disabled_focused_holo_light) that varies with configuration!!
W/Resources( 882): Preloaded drawable resource #0x1080255 (android:drawable/btn_toggle_on_disabled_focused_holo_dark) that varies with configuration!!
I/art ( 882): Explicit concurrent mark sweep GC freed 323(79KB) AllocSpace objects, 0(0B) LOS objects, 66% free, 1569KB/4MB, paused 730us total 24.843ms
W/Resources( 882): Preloaded drawable resource #0x1080253 (android:drawable/btn_toggle_off_pressed_holo_light) that varies with configuration!!
W/Resources( 882): Preloaded drawable resource #0x1080252 (android:drawable/btn_toggle_off_pressed_holo_dark) that varies with configuration!!
W/Resources( 882): Preloaded drawable resource #0x1080251 (android:drawable/btn_toggle_off_normal_holo_light) that varies with configuration!!
W/Resources( 882): Preloaded drawable resource #0x1080250 (android:drawable/btn_toggle_off_normal_holo_dark) that varies with configuration!!
W/Resources( 882): Preloaded drawable resource #0x108024f (android:drawable/btn_toggle_off_focused_holo_light) that varies with configuration!!
W/Resources( 882): Preloaded drawable resource #0x108024e (android:drawable/btn_toggle_off_focused_holo_dark) that varies with configuration!!
W/Resources( 882): Preloaded drawable resource #0x108024d (android:drawable/btn_toggle_off_disabled_holo_light) that varies with configuration!!
W/Resources( 882): Preloaded drawable resource #0x108024c (android:drawable/btn_toggle_off_disabled_holo_dark) that varies with configuration!!
W/Resources( 882): Preloaded drawable resource #0x108024b (android:drawable/btn_toggle_off_disabled_focused_holo_light) that varies with configuration!!
W/Resources( 882): Preloaded drawable resource #0x108024a (android:drawable/btn_toggle_off_disabled_focused_holo_dark) that varies with configuration!!
I/art ( 882): Explicit concurrent mark sweep GC freed 325(52KB) AllocSpace objects, 0(0B) LOS objects, 66% free, 1570KB/4MB, paused 717us total 20.891ms
W/Resources( 882): Preloaded drawable resource #0x108025c (android:drawable/btn_toggle_on_normal_holo_light) that varies with configuration!!
W/Resources( 882): Preloaded drawable resource #0x1080258 (android:drawable/btn_toggle_on_disabled_holo_light) that varies with configuration!!
W/Resources( 882): Preloaded drawable resource #0x108025e (android:drawable/btn_toggle_on_pressed_holo_light) that varies with configuration!!
W/Resources( 882): Preloaded drawable resource #0x108025a (android:drawable/btn_toggle_on_focused_holo_light) that varies with configuration!!
W/Resources( 882): Preloaded drawable resource #0x108025c (android:drawable/btn_toggle_on_normal_holo_light) that varies with configuration!!
W/Resources( 882): Preloaded drawable resource #0x1080256 (android:drawable/btn_toggle_on_disabled_focused_holo_light) that varies with configuration!!
W/Resources( 882): Preloaded drawable resource #0x1080258 (android:drawable/btn_toggle_on_disabled_holo_light) that varies with configuration!!
W/Resources( 882): Preloaded drawable resource #0x1080251 (android:drawable/btn_toggle_off_normal_holo_light) that varies with configuration!!
W/Resources( 882): Preloaded drawable resource #0x108024d (android:drawable/btn_toggle_off_disabled_holo_light) that varies with configuration!!
W/Resources( 882): Preloaded drawable resource #0x1080253 (android:drawable/btn_toggle_off_pressed_holo_light) that varies with configuration!!
W/Resources( 882): Preloaded drawable resource #0x108024f (android:drawable/btn_toggle_off_focused_holo_light) that varies with configuration!!
W/Resources( 882): Preloaded drawable resource #0x1080251 (android:drawable/btn_toggle_off_normal_holo_light) that varies with configuration!!
W/Resources( 882): Preloaded drawable resource #0x108024b (android:drawable/btn_toggle_off_disabled_focused_holo_light) that varies with configuration!!
W/Resources( 882): Preloaded drawable resource #0x108024d (android:drawable/btn_toggle_off_disabled_holo_light) that varies with configuration!!
W/Resources( 882): Preloaded drawable resource #0x1080246 (android:drawable/btn_toggle_holo_light) that varies with configuration!!
I/art ( 882): Explicit concurrent mark sweep GC freed 467(60KB) AllocSpace objects, 0(0B) LOS objects, 66% free, 1586KB/4MB, paused 774us total 22.263ms
W/Resources( 882): Preloaded drawable resource #0x108025b (android:drawable/btn_toggle_on_normal_holo_dark) that varies with configuration!!
W/Resources( 882): Preloaded drawable resource #0x1080257 (android:drawable/btn_toggle_on_disabled_holo_dark) that varies with configuration!!
W/Resources( 882): Preloaded drawable resource #0x108025d (android:drawable/btn_toggle_on_pressed_holo_dark) that varies with configuration!!
W/Resources( 882): Preloaded drawable resource #0x1080259 (android:drawable/btn_toggle_on_focused_holo_dark) that varies with configuration!!
W/Resources( 882): Preloaded drawable resource #0x108025b (android:drawable/btn_toggle_on_normal_holo_dark) that varies with configuration!!
W/Resources( 882): Preloaded drawable resource #0x1080255 (android:drawable/btn_toggle_on_disabled_focused_holo_dark) that varies with configuration!!
W/Resources( 882): Preloaded drawable resource #0x1080257 (android:drawable/btn_toggle_on_disabled_holo_dark) that varies with configuration!!
W/Resources( 882): Preloaded drawable resource #0x1080250 (android:drawable/btn_toggle_off_normal_holo_dark) that varies with configuration!!
W/Resources( 882): Preloaded drawable resource #0x108024c (android:drawable/btn_toggle_off_disabled_holo_dark) that varies with configuration!!
W/Resources( 882): Preloaded drawable resource #0x1080252 (android:drawable/btn_toggle_off_pressed_holo_dark) that varies with configuration!!
W/Resources( 882): Preloaded drawable resource #0x108024e (android:drawable/btn_toggle_off_focused_holo_dark) that varies with configuration!!
W/Resources( 882): Preloaded drawable resource #0x1080250 (android:drawable/btn_toggle_off_normal_holo_dark) that varies with configuration!!
W/Resources( 882): Preloaded drawable resource #0x108024a (android:drawable/btn_toggle_off_disabled_focused_holo_dark) that varies with configuration!!
W/Resources( 882): Preloaded drawable resource #0x108024c (android:drawable/btn_toggle_off_disabled_holo_dark) that varies with configuration!!
W/Resources( 882): Preloaded drawable resource #0x1080245 (android:drawable/btn_toggle_holo_dark) that varies with configuration!!
I/art ( 882): Explicit concurrent mark sweep GC freed 528(76KB) AllocSpace objects, 0(0B) LOS objects, 66% free, 1586KB/4MB, paused 968us total 24.350ms
W/Resources( 882): Preloaded drawable resource #0x108071d (android:drawable/textfield_multiline_default_holo_light) that varies with configuration!!
W/Resources( 882): Preloaded drawable resource #0x1080721 (android:drawable/textfield_multiline_disabled_holo_light) that varies with configuration!!
