W/Resources( 882): Preloaded drawable resource #0x1080343 (android:drawable/ic_commit_search_api_material) that varies with configuration!!
I/art ( 882): Explicit concurrent mark sweep GC freed 679(97KB) AllocSpace objects, 0(0B) LOS objects, 66% free, 1626KB/4MB, paused 904us total 24.001ms
W/Resources( 882): Preloaded drawable resource #0x108035b (android:drawable/ic_find_next_material) that varies with configuration!!
W/Resources( 882): Preloaded drawable resource #0x108035f (android:drawable/ic_find_previous_material) that varies with configuration!!
W/Resources( 882): Preloaded drawable resource #0x10803ab (android:drawable/ic_media_route_connecting_material) that varies with configuration!!
W/Resources( 882): Preloaded drawable resource #0x10803ab (android:drawable/ic_media_route_connecting_material) that varies with configuration!!
W/Resources( 882): Preloaded drawable resource #0x10803b1 (android:drawable/ic_media_route_material) that varies with configuration!!
I/art ( 882): Explicit concurrent mark sweep GC freed 565(40KB) AllocSpace objects, 0(0B) LOS objects, 66% free, 1664KB/4MB, paused 707us total 20.173ms
W/Resources( 882): Preloaded drawable resource #0x10803dd (android:drawable/ic_menu_find_material) that varies with configuration!!
I/art ( 882): Explicit concurrent mark sweep GC freed 1244(97KB) AllocSpace objects, 0(0B) LOS objects, 66% free, 1619KB/4MB, paused 823us total 22.455ms
W/Resources( 882): Preloaded drawable resource #0x10803f8 (android:drawable/ic_menu_search_material) that varies with configuration!!
I/art ( 882): Explicit concurrent mark sweep GC freed 1518(55KB) AllocSpace objects, 0(0B) LOS objects, 66% free, 1631KB/4MB, paused 876us total 20.461ms
I/art ( 882): Explicit concurrent mark sweep GC freed 1386(51KB) AllocSpace objects, 0(0B) LOS objects, 66% free, 1634KB/4MB, paused 698us total 23.608ms
W/Resources( 882): Preloaded drawable resource #0x1080493 (android:drawable/list_divider_material) that varies with configuration!!
W/Resources( 882): Preloaded drawable resource #0x10804a0 (android:drawable/list_section_divider_material) that varies with configuration!!
W/Resources( 882): Preloaded drawable resource #0x1080564 (android:drawable/progress_horizontal_material) that varies with configuration!!
I/art ( 882): Explicit concurrent mark sweep GC freed 1523(61KB) AllocSpace objects, 0(0B) LOS objects, 66% free, 1674KB/4MB, paused 707us total 30.370ms
W/Resources( 882): Preloaded drawable resource #0x10805ba (android:drawable/ratingbar_full_empty_material) that varies with configuration!!
I/art ( 882): Explicit concurrent mark sweep GC freed 684(32KB) AllocSpace objects, 0(0B) LOS objects, 66% free, 1710KB/5MB, paused 715us total 25.332ms
W/Resources( 882): Preloaded drawable resource #0x10805be (android:drawable/ratingbar_full_filled_material) that varies with configuration!!
W/Resources( 882): Preloaded drawable resource #0x10805ba (android:drawable/ratingbar_full_empty_material) that varies with configuration!!
W/Resources( 882): Preloaded drawable resource #0x10805ba (android:drawable/ratingbar_full_empty_material) that varies with configuration!!
W/Resources( 882): Preloaded drawable resource #0x10805be (android:drawable/ratingbar_full_filled_material) that varies with configuration!!
W/Resources( 882): Preloaded drawable resource #0x10805c1 (android:drawable/ratingbar_full_material) that varies with configuration!!
I/art ( 882): Explicit concurrent mark sweep GC freed 411(40KB) AllocSpace objects, 0(0B) LOS objects, 66% free, 1758KB/5MB, paused 787us total 21.572ms
W/Resources( 882): Preloaded drawable resource #0x10805d9 (android:drawable/scrubber_control_material_anim) that varies with configuration!!
W/Resources( 882): Preloaded drawable resource #0x10805e1 (android:drawable/scrubber_control_selector_material) that varies with configuration!!
I/art ( 882): Explicit concurrent mark sweep GC freed 367(96KB) AllocSpace objects, 0(0B) LOS objects, 66% free, 1717KB/5MB, paused 763us total 23.180ms
W/Resources( 882): Preloaded drawable resource #0x10805ec (android:drawable/scrubber_progress_horizontal_material) that varies with configuration!!
W/Resources( 882): Preloaded drawable resource #0x1080624 (android:drawable/spinner_background_material) that varies with configuration!!
W/Resources( 882): Preloaded drawable resource #0x1080641 (android:drawable/spinner_textfield_background_material) that varies with configuration!!
W/Resources( 882): Preloaded drawable resource #0x10806b1 (android:drawable/switch_thumb_material_anim) that varies with configuration!!
I/art ( 882): Explicit concurrent mark sweep GC freed 880(60KB) AllocSpace objects, 0(0B) LOS objects, 66% free, 1809KB/5MB, paused 948us total 23.751ms
W/Resources( 882): Preloaded drawable resource #0x10806b6 (android:drawable/switch_track_material) that varies with configuration!!
W/Resources( 882): Preloaded drawable resource #0x10806e0 (android:drawable/tab_indicator_material) that varies with configuration!!
W/Resources( 882): Preloaded drawable resource #0x10806f7 (android:drawable/text_cursor_material) that varies with configuration!!
W/Resources( 882): Preloaded drawable resource #0x108072f (android:drawable/textfield_search_material) that varies with configuration!!
W/Resources( 882): Preloaded drawable resource #0x10806fd (android:drawable/text_select_handle_left_material) that varies with configuration!!
W/Resources( 882): Preloaded drawable resource #0x1080700 (android:drawable/text_select_handle_middle_material) that varies with configuration!!
W/Resources( 882): Preloaded drawable resource #0x1080703 (android:drawable/text_select_handle_right_material) that varies with configuration!!
I/Zygote ( 882): ...preloaded 343 resources in 3673ms.
I/art ( 882): Explicit concurrent mark sweep GC freed 1207(157KB) AllocSpace objects, 0(0B) LOS objects, 66% free, 1711KB/5MB, paused 702us total 21.396ms
I/Zygote ( 882): ...preloaded 41 resources in 68ms.
I/art ( 882): Counter: 0
I/Zygote ( 882): Preloading shared libraries...
D/Zygote ( 882): end preload
I/art ( 882): Explicit concurrent mark sweep GC freed 580(39KB) AllocSpace objects, 0(0B) LOS objects, 66% free, 1710KB/5MB, paused 818us total 25.853ms
I/art ( 882): Explicit concurrent mark sweep GC freed 389(16KB) AllocSpace objects, 0(0B) LOS objects, 66% free, 1694KB/4MB, paused 698us total 21.007ms
I/art ( 882): Explicit concurrent mark sweep GC freed 5(160B) AllocSpace objects, 0(0B) LOS objects, 66% free, 1694KB/4MB, paused 834us total 22.060ms
I/Zygote ( 882): System server process 1220 has been created
I/Zygote ( 882): Accepting command socket connections
I/InstallerConnection( 1220): disconnecting...
W/SystemServer( 1220): System clock is before 1970; setting to 1970.
I/SystemServer( 1220): Entered the Android system server!
V/Fingerprint-JNI( 1220): FingerprintManager JNI ready.
D/SensorService( 1220): nuSensorService starting...
E/SensorService( 1220): couldn't load sensors module (No such file or directory)
I/SystemServiceManager( 1220): Starting com.android.server.pm.Installer
I/Installer( 1220): Waiting for installd to be ready.
I/InstallerConnection( 1220): connecting...
I/installd( 880): new connection
I/SystemServiceManager( 1220): Starting com.android.server.am.ActivityManagerService$Lifecycle
I/ActivityManager( 1220): Memory class: 16
I/ServiceThread( 1220): Enabled StrictMode logging for ActivityManager looper.
W/BatteryStatsImpl( 1220): Couldn't get kernel wake lock stats
I/AppOps ( 1220): No existing app ops /data/system/appops.xml; starting empty
I/IntentFirewall( 1220): Read new rules (A:0 B:0 S:0)
I/ServiceThread( 1220): Enabled StrictMode logging for android.ui looper.
I/ServiceThread( 1220): Enabled StrictMode logging for android.display looper.
D/AppOps ( 1220): AppOpsService published
I/SystemServiceManager( 1220): Starting com.android.server.power.PowerManagerService
I/ServiceThread( 1220): Enabled StrictMode logging for PowerManagerService looper.
W/libsuspend( 1220): Error writing 'on' to /sys/power/state: Invalid argument
I/libsuspend( 1220): Selected wakeup count
I/SystemServiceManager( 1220): Starting com.android.server.display.DisplayManagerService
I/SystemServiceManager( 1220): Starting phase 100
I/DisplayManagerService( 1220): Display device added: DisplayDeviceInfo{"Built-in Screen": uniqueId="local:0", 1280 x 720, 60.000004 fps, supportedRefreshRates [60.000004], density 160, 160.15764 x 160.42105 dpi, appVsyncOff 0, presDeadline 17666666, touch INTERNAL, rotation 0, type BUILT_IN, state UNKNOWN, FLAG_DEFAULT_DISPLAY, FLAG_ROTATES_WITH_CONTENT, FLAG_SECURE, FLAG_SUPPORTS_PROTECTED_BUFFERS}
I/SystemServer( 1220): Package Manager
W/SystemConfig( 1220): No directory /system/etc/sysconfig, skipping
D/SELinuxMMAC( 1220): Using policy file /system/etc/security/mac_permissions.xml
D/PackageManager( 1220): No files in app dir /vendor/overlay
W/PackageManager( 1220): Failed to parse /system/framework/arm: Missing base APK in /system/framework/arm
W/PackageParser( 1220): No actions in intent filter at /system/priv-app/Contacts/Contacts.apk Binary XML file line #356
W/ResourceType( 1220): Failure getting entry for 0x7f08026f (t=7 e=623) (error -75)
W/PackageParser( 1220): Unknown element under : android at /system/priv-app/Telecom/Telecom.apk Binary XML file line #232
W/PackageParser( 1220): No actions in intent filter at /system/app/Bluetooth/Bluetooth.apk Binary XML file line #209
I/art ( 1220): Background sticky concurrent mark sweep GC freed 45473(2MB) AllocSpace objects, 14(224KB) LOS objects, 47% free, 2MB/4MB, paused 2.619ms total 155.982ms
W/PackageParser( 1220): Unknown element under : permission at /system/app/Gallery2/Gallery2.apk Binary XML file line #242
W/PackageParser( 1220): Unknown element under : permission at /system/app/Gallery2/Gallery2.apk Binary XML file line #245
D/PackageManager( 1220): No files in app dir /system/vendor/app
D/PackageManager( 1220): No files in app dir /oem/app
D/PackageManager( 1220): No files in app dir /data/app
D/PackageManager( 1220): No files in app dir /data/app-private
W/PackageManager( 1220): Package com.android.gallery3d desires unavailable shared library com.google.android.media.effects; ignoring!
W/PackageManager( 1220): Package com.android.gallery3d desires unavailable shared library com.google.android.media.effects; ignoring!
I/PackageManager( 1220): Adjusting ABI for : com.android.inputdevices to armeabi-v7a
I/PackageManager( 1220): Adjusting ABI for : com.android.keychain to armeabi-v7a
I/PackageManager( 1220): Adjusting ABI for : com.android.settings to armeabi-v7a
I/PackageManager( 1220): Adjusting ABI for : com.android.server.telecom to armeabi-v7a
I/PackageManager( 1220): Adjusting ABI for : com.android.providers.settings to armeabi-v7a
I/PackageManager( 1220): Adjusting ABI for : com.android.location.fused to armeabi-v7a
I/PackageManager( 1220): Time to scan packages: 6.287 seconds
W/PackageManager( 1220): Unknown permission com.google.android.googleapps.permission.GOOGLE_AUTH in package com.android.providers.calendar
W/PackageManager( 1220): Unknown permission com.google.android.googleapps.permission.GOOGLE_AUTH.cl in package com.android.providers.calendar
W/PackageManager( 1220): Not granting permission android.permission.GLOBAL_SEARCH to package com.android.quicksearchbox (protectionLevel=18 flags=0x8be45)
W/PackageManager( 1220): Not granting permission android.permission.ACCESS_DOWNLOAD_MANAGER to package com.android.browser (protectionLevel=18 flags=0x9be45)
W/PackageManager( 1220): Not granting permission android.permission.SEND_DOWNLOAD_COMPLETED_INTENTS to package com.android.browser (protectionLevel=2 flags=0x9be45)
W/PackageManager( 1220): Not granting permission android.permission.BIND_WALLPAPER to package com.android.camera2 (protectionLevel=18 flags=0x58bc45)
W/PackageManager( 1220): Unknown permission com.google.android.googleapps.permission.GOOGLE_AUTH.mail in package com.android.calendar
W/PackageManager( 1220): Not granting permission android.permission.DELETE_PACKAGES to package com.svox.pico (protectionLevel=18 flags=0x8be45)
W/PackageManager( 1220): Unknown permission com.google.android.gallery3d.permission.PICASA_STORE in package com.android.dreams.phototable
W/PackageManager( 1220): Unknown permission com.google.android.googleapps.permission.GOOGLE_AUTH in package com.android.settings
W/PackageManager( 1220): Not granting permission android.permission.DEVICE_POWER to package com.android.deskclock (protectionLevel=2 flags=0x48be45)
W/PackageManager( 1220): Unknown permission com.google.android.gallery3d.permission.GALLERY_PROVIDER in package com.android.bluetooth
W/PackageManager( 1220): Unknown permission android.permission.MMS_SEND_OUTBOX_MSG in package com.android.bluetooth
W/PackageManager( 1220): Unknown permission com.google.android.googleapps.permission.ACCESS_GOOGLE_PASSWORD in package com.android.development
W/PackageManager( 1220): Unknown permission com.google.android.googleapps.permission.GOOGLE_AUTH in package com.android.development
W/PackageManager( 1220): Unknown permission com.google.android.googleapps.permission.GOOGLE_AUTH.ALL_SERVICES in package com.android.development
W/PackageManager( 1220): Unknown permission com.google.android.googleapps.permission.GOOGLE_AUTH.YouTubeUser in package com.android.development
I/art ( 1220): Background partial concurrent mark sweep GC freed 42174(1960KB) AllocSpace objects, 0(0B) LOS objects, 33% free, 2MB/3MB, paused 8.473ms total 107.133ms
I/art ( 1220): Explicit concurrent[ 29.288800] healthd: battery none chg= mark sweep GC freed 5343(347KB) AllocSpace objects, 2(32KB) LOS objects, 33% free, 2MB/3MB, paused 2.255ms total 56.008ms
I/SystemServer( 1220): User Service
I/lowmemorykiller( 871): ActivityManager connected
I/SystemServiceManager( 1220): Starting com.android.server.lights.LightsService
I/SystemServiceManager( 1220): Starting com.android.server.BatteryService
W/BatteryStatsImpl( 1220): Couldn't get kernel wake lock stats
W/BatteryStatsImpl( 1220): Couldn't get kernel wake lock stats
I/SystemServiceManager( 1220): Starting com.android.server.usage.UsageStatsService
I/UsageStatsService( 1220): User[0] Rollover scheduled @ 1970-01-02 00:00:00(86400000)
I/SystemServiceManager( 1220): Starting com.android.server.webkit.WebViewUpdateService
I/SystemServer( 1220): Reading configuration...
I/SystemServer( 1220): Scheduling Policy
I/SystemServiceManager( 1220): Starting com.android.server.telecom.TelecomLoaderService
I/SystemServer( 1220): Telephony Registry
I/SystemServer( 1220): Entropy Mixer
I/EntropyMixer( 1220): Writing entropy...
I/SystemServer( 1220): Account Manager
I/SystemServer( 1220): Content Manager
I/SystemServer( 1220): System Content Providers
I/SystemServer( 1220): Vibrator Service
I/SystemServer( 1220): Consumer IR Service
E/ConsumerIrService( 1220): Can't open consumer IR HW Module, error: -2
I/SystemServiceManager( 1220): Starting com.android.server.AlarmManagerService
I/SystemServer( 1220): Init Watchdog
I/SystemServer( 1220): Input Manager
I/InputManager( 1220): Initializing input manager, mUseDevInputEventForAudioJack=false
I/SystemServer( 1220): Window Manager
I/WindowManager( 1220): No existing display settings /data/system/display_settings.xml; starting empty
D/PermissionCache( 874): checking android.permission.ACCESS_SURFACE_FLINGER for uid=1000 => granted (1701 us)
I/art ( 1220): Background sticky concurrent mark sweep GC freed 6354(489KB) AllocSpace objects, 2(32KB) LOS objects, 18% free, 2MB/3MB, paused 4.582ms total 100.019ms
I/InputManager( 1220): Starting input manager
E/EventHub( 1220): could not get driver version for /dev/input/mouse0, Not a typewriter
I/SystemServer( 1220): Bluetooth Manager Service
D/BluetoothManagerService( 1220): Loading stored name and address
D/BluetoothManagerService( 1220): Stored bluetooth Name=zx296702stb,Address=null
I/SystemServer( 1220): Input Method Service
D/EventHub( 1220): No input device configuration file found for device 'a0003000.irdec'.
W/InputMethodManagerService( 1220): Couldn't create dir.: /data/system/inputmethod
W/EventHub( 1220): Unable to disable kernel key repeat for /dev/input/event0: Function not implemented
I/EventHub( 1220): New device: id=1, fd=69, path='/dev/input/event0', name='a0003000.irdec', classes=0x6b, configuration='', keyLayout='/system/usr/keylayout/Generic.kl', keyCharacterMap='/system/usr/keychars/Generic.kcm', builtinKeyboard=false, wakeMechanism=EPOLLWAKEUP, usingClockIoctl=true
E/EventHub( 1220): could not get driver version for /dev/input/mice, Not a typewriter
I/InputReader( 1220): Device added: id=-1, name='Virtual', sources=0x00000301
I/art ( 1220): Background partial concurrent mark sweep GC freed 4340(322KB) AllocSpace objects, 0(0B) LOS objects, 33% free, 2MB/4MB, paused 21.035ms total 139.062ms
I/InputReader( 1220): Device added: id=1, name='a0003000.irdec', sources=0x00002703
I/SystemServer( 1220): Accessibility Manager [ 30.617333] lowmemorykiller: lowmem_shrink: convert oom_adj to oom_score_adj: [ 30.624548] lowmemorykiller: oom_adj 0 => oom_score_adj 0 [ 30.629948] lowmemorykiller: oom_adj 1 => oom_score_adj 58 [ 30.635617] lowmemorykiller: oom_adj 2 => oom_score_adj 117 I/ActivityManage[ 30.641232] lowmemorykiller: oom_adj 3 => oom_score_adj 176 r( 1220): Config[ 30.648287] lowmemorykiller: oom_adj 9 => oom_score_adj 529 changes=1df8 {1[ 30.655286] lowmemorykiller: oom_adj 15 => oom_score_adj 1000 .0 ?mcc?mnc en_US ?layoutDir sw720dp w1280dp h720dp 160dpi xlrg long land ?uimode ?night -touch qwerty/v/v dpad/v s.2}
I/InputReader( 1220): Reconfiguring input devices. changes=0x00000004
I/ActivityManager( 1220): Config changes=400 {1.0 ?mcc?mnc en_US ?layoutDir sw720dp w1280dp h695dp 160dpi xlrg long land ?uimode ?night -touch qwerty/v/v dpad/v s.3}
I/SystemServer( 1220): Mount Service
D/MountService( 1220): got storage path: null description: Internal storage primary: true removable: false emulated: true mtpReserve: 100 allowMassStorage: false maxFileSize: 0
D/MountService( 1220): addVolumeLocked() StorageVolume:
D/MountService( 1220): mStorageId=65537 mPath=/storage/emulated/0 mDescriptionId=17040805
D/MountService( 1220): mPrimary=true mRemovable=false mEmulated=true mMtpReserveSpace=100
D/MountService( 1220): mAllowMassStorage=false mMaxFileSize=0 mOwner=UserHandle{0} mUuid=null
D/MountService( 1220): mUserLabel=null mState=null
I/PackageManager( 1220): Running dexopt on: /system/app/SpeechRecorder/SpeechRecorder.apk pkg=com.android.speechrecorder isa=arm vmSafeMode=false
I/PackageManager( 1220): No secure containers found
W/PackageManager( 1220): Unknown permission com.google.android.googleapps.permission.GOOGLE_AUTH in package com.android.providers.calendar
W/PackageManager( 1220): Unknown permission com.google.android.googleapps.permission.GOOGLE_AUTH.cl in package com.android.providers.calendar
W/PackageManager( 1220): Not granting permission android.permission.GLOBAL_SEARCH to package com.android.quicksearchbox (protectionLevel=18 flags=0x8be45)
W/PackageManager( 1220): Not granting permission android.permission.ACCESS_DOWNLOAD_MANAGER to package com.android.browser (protectionLevel=18 flags=0x9be45)
W/PackageManager( 1220): Not granting permission android.permission.SEND_DOWNLOAD_COMPLETED_INTENTS to package com.android.browser (protectionLevel=2 flags=0x9be45)
W/PackageManager( 1220): Not granting permission android.permission.BIND_WALLPAPER to package com.android.camera2 (protectionLevel=18 flags=0x58bc45)
W/PackageManager( 1220): Unknown permission com.google.android.googleapps.permission.GOOGLE_AUTH.mail in package com.android.calendar
W/PackageManager( 1220): Not granting permission android.permission.DELETE_PACKAGES to package com.svox.pico (protectionLevel=18 flags=0x8be45)
W/PackageManager( 1220): Unknown permission com.google.android.gallery3d.permission.PICASA_STORE in package com.android.dreams.phototable
W/PackageManager( 1220): Unknown permission com.google.android.googleapps.permission.GOOGLE_AUTH in package com.android.settings
W/PackageManager( 1220): Not granting permission android.permission.DEVICE_POWER to package com.android.deskclock (protectionLevel=2 flags=0x48be45)
W/PackageManager( 1220): Unknown permission com.google.android.gallery3d.permission.GALLERY_PROVIDER in package com.android.bluetooth
W/PackageManager( 1220): Unknown permission android.permission.MMS_SEND_OUTBOX_MSG in package com.android.bluetooth
W/PackageManager( 1220): Unknown permission com.google.android.googleapps.permission.ACCESS_GOOGLE_PASSWORD in package com.android.development
W/PackageManager( 1220): Unknown permission com.google.android.googleapps.permission.GOOGLE_AUTH in package com.android.development
W/PackageManager( 1220): Unknown permission com.google.android.googleapps.permission.GOOGLE_AUTH.ALL_SERVICES in package com.android.development
W/PackageManager( 1220): Unknown permission com.google.android.googleapps.permission.GOOGLE_AUTH.YouTubeUser in package com.android.development
D/OpenGLRenderer( 1220): Use EGL_SWAP_BEHAVIOR_PRESERVED: true
E/cutils-trace( 1257): Error opening trace file: Permission denied (13)
I/dex2oat ( 1257): /system/bin/dex2oat --zip-fd=5 --zip-location=/system/app/SpeechRecorder/SpeechRecorder.apk --oat-fd=6 --oat-location=/data/dalvik-cache/arm/system@app@SpeechRecorder@SpeechRecorder.apk@classes.dex --instruction-set=arm --instruction-set-features=default --runtime-arg -Xms64m --runtime-arg -Xmx512m --compiler-filter=interpret-only --swap-fd=7
E/dex2oat ( 1257): Failed to open dex from file descriptor for zip file '/system/app/SpeechRecorder/SpeechRecorder.apk': Entry not found
D/libEGL ( 1220): loaded /system/lib/egl/libEGL_mali.so
D/libEGL ( 1220): loaded /system/lib/egl/libGLESv1_CM_mali.so
D/libEGL ( 1220): loaded /system/lib/egl/libGLESv2_mali.so
I/OpenGLRenderer( 1220): Initialized EGL, version 1.4
D/OpenGLRenderer( 1220): Enabling debug mode 0
E/installd( 880): DexInv: --- END '/system/app/SpeechRecorder/SpeechRecorder.apk' --- status=0x0100, process failed
I/PackageManager( 1220): Running dexopt on: /system/app/Development/Development.apk pkg=com.android.development isa=arm vmSafeMode=false
E/cutils-trace( 1263): Error opening trace file: Permission denied (13)
I/dex2oat ( 1263): /system/bin/dex2oat --zip-fd=5 --zip-location=/system/app/Development/Development.apk --oat-fd=6 --oat-location=/data/dalvik-cache/arm/system@app@Development@Development.apk@classes.dex --instruction-set=arm --instruction-set-features=default --runtime-arg -Xms64m --runtime-arg -Xmx512m --compiler-filter=interpret-only --swap-fd=10
E/dex2oat ( 1263): Failed to open dex from file descriptor for zip file '/system/app/Development/Development.apk': Entry not found
E/installd( 880): DexInv: --- END '/system/app/Development/Development.apk' --- status=0x0100, process failed
I/SystemServer( 1220): LockSettingsService
I/SystemServiceManager( 1220): Starting com.android.server.devicepolicy.DevicePolicyManagerService$Lifecycle
I/SystemServer( 1220): Status Bar
I/SystemServer( 1220): Clipboard Service
I/SystemServer( 1220): NetworkManagement Service
I/SystemServer( 1220): Text Service Manager Service
I/SystemServer( 1220): Network Score Service
I/SystemServer( 1220): NetworkStats Service
I/SystemServer( 1220): NetworkPolicy Service
I/SystemServiceManager( 1220): Starting com.android.server.wifi.p2p.WifiP2pService
I/art ( 1220): Background sticky concurrent mark sweep GC freed 10186(729KB) AllocSpace objects, 2(32KB) LOS objects, 17% free, 3MB/4MB, paused 5.046ms total 150.556ms
I/WifiP2pService( 1220): Registering wifip2p
I/SystemServiceManager( 1220): Starting com.android.server.wifi.WifiService
E/WifiConfigStore( 1220): associatedPartialScanPeriodMilli set to 20000
D/WifiController( 1220): isAirplaneModeOn = false, isWifiEnabled = false, isScanningAvailable = false
I/WifiService( 1220): Registering wifi
I/SystemServiceManager( 1220): Starting com.android.server.wifi.WifiScanningService
I/WifiScanningService( 1220): Creating wifiscanner
I/WifiScanningService( 1220): Starting wifiscanner
I/SystemServiceManager( 1220): Starting com.android.server.wifi.RttService
I/RttService( 1220): Creating rttmanager
I/RttService( 1220): Starting rttmanager
I/SystemServer( 1220): Connectivity Service
D/ConnectivityService( 1220): ConnectivityService starting up
D/ConnectivityService( 1220): wifiOnly=false
I/art ( 1220): Background partial concurrent mark sweep GC freed 7288(570KB) AllocSpace objects, 1(16KB) LOS objects, 33% free, 3MB/5MB, paused 26.564ms total 247.352ms
I/SystemServer( 1220): Network Service Discovery Service
W/WindowManager( 1220): Window freeze timeout expired.
W/WindowManager( 1220): Force clearing orientation change: Window{3bcfa257 u0 Android is starting…}
D/NsdService( 1220): Network service discovery enabled true
I/SystemServer( 1220): UpdateLock Service
I/SystemServiceManager( 1220): Starting com.android.server.notification.NotificationManagerService
D/ZenLog ( 1220): set_zen_mode: off,setting
I/SystemServiceManager( 1220): Starting com.android.server.storage.DeviceStorageMonitorService
I/SystemServer( 1220): Location Manager
I/SystemServer( 1220): Country Detector
I/SystemServer( 1220): Search Service
I/SystemServer( 1220): DropBox Service
I/SystemServer( 1220): Wallpaper Service
I/SystemServer( 1220): Audio Service
W/TelecomManager( 1220): Telecom Service not found.
I/SystemServiceManager( 1220): Starting com.android.server.DockObserver
W/DockObserver( 1220): This kernel does not have dock station support
I/SystemServer( 1220): Wired Accessory Manager
W/WiredAccessoryManager( 1220): This kernel does not have wired headset support
W/WiredAccessoryManager( 1220): This kernel does not have usb audio support
W/WiredAccessoryManager( 1220): This kernel does not have HDMI audio support
I/SystemServer( 1220): Serial Service
I/SystemServiceManager( 1220): Starting com.android.server.twilight.TwilightService
I/SystemServiceManager( 1220): Starting com.android.server.UiModeManagerService
I/SystemServiceManager( 1220): Starting com.android.server.job.JobSchedulerService
I/SystemServiceManager( 1220): Starting com.android.server.backup.BackupManagerService$Lifecycle
I/SystemServiceManager( 1220): Starting com.android.server.appwidget.AppWidgetService
I/SystemServiceManager( 1220): Starting com.android.server.voiceinteraction.VoiceInteractionManagerService
W/SoundTriggerHelper( 1220): listModules status=0, # of modules=0
I/SystemServer( 1220): DiskStats Service
I/SystemServer( 1220): SamplingProfiler Service
I/SystemServer( 1220): NetworkTimeUpdateService
I/SystemServer( 1220): CommonTimeManagementService
I/SystemServer( 1220): CertBlacklister
I/SystemServiceManager( 1220): Starting com.android.server.dreams.DreamManagerService
I/SystemServer( 1220): Assets Atlas Service
I/SystemServiceManager( 1220): Starting com.android.server.print.PrintManagerService
D/AssetAtlas( 1220): Loaded configuration: SliceMinArea (768x768) flags=0x2 count=2
I/SystemServiceManager( 1220): Starting com.android.server.restrictions.RestrictionsManagerService
I/SystemServiceManager( 1220): Starting com.android.server.media.MediaSessionService
I/SystemServer( 1220): Media Router Service
I/SystemServiceManager( 1220): Starting com.android.server.trust.TrustManagerService
I/SystemServiceManager( 1220): Starting com.android.server.fingerprint.FingerprintService
V/Fingerprint-JNI( 1220): nativeInit()
V/Fingerprint-JNI( 1220): nativeOpenHal()
E/Fingerprint-JNI( 1220): Can't open fingerprint HW Module, error: -2
I/SystemServer( 1220): BackgroundDexOptService
I/SystemServiceManager( 1220): Starting com.android.server.pm.LauncherAppsService
I/SystemServiceManager( 1220): Starting com.android.server.media.projection.MediaProjectionManagerService
D/AssetAtlas( 1220): Rendered atlas in 121.49ms (0.44+121.05ms)
I/WindowManager( 1220): SAFE MODE not enabled
I/SystemServiceManager( 1220): Starting com.android.server.MmsServiceBroker
I/art ( 1220): Background sticky concurrent mark sweep GC freed 15989(1132KB) AllocSpace objects, 6(96KB) LOS objects, 19% free, 4MB/5MB, paused 15.860ms total 318.182ms
E/SQLiteLog( 1220): (283) recovered 16 frames from WAL file /data/system/locksettings.db-wal
E/LockSettingsStorage( 1220): Cannot read file java.io.FileNotFoundException: /data/system/password.key: open failed: ENOENT (No such file or directory)
E/LockSettingsStorage( 1220): Cannot read file java.io.FileNotFoundException: /data/system/gesture.key: open failed: ENOENT (No such file or directory)
I/SystemServiceManager( 1220): Starting phase 480
I/SystemServiceManager( 1220): Starting phase 500
I/WifiService( 1220): WifiService starting up with Wi-Fi disabled
D/WifiService( 1220): New client listening to asynchronous messages
I/WifiScanningService( 1220): Registering wifiscanner
D/WifiScanningService( 1220): New client, channel: null messenger: null
D/WifiScanningService( 1220): DefaultState
D/WifiChangeStateMachine( 1220): Entering IdleState
I/RttService( 1220): Registering rttmanager
I/ActivityManager( 1220): Config changes=200 {1.0 ?mcc?mnc en_US ?layoutDir sw720dp w1280dp h695dp 160dpi xlrg long land -touch qwerty/v/v dpad/v s.4}
V/BackupManagerService( 1220): No ancestral data
D/BackupManagerService( 1220): Now staging backup of com.android.browser
D/BackupManagerService( 1220): Now staging backup of android
D/BackupManagerService( 1220): Now staging backup of com.android.calendar
D/BackupManagerService( 1220): Now staging backup of com.android.providers.settings
D/BackupManagerService( 1220): Now staging backup of com.android.sharedstoragebackup
D/BackupManagerService( 1220): Now staging backup of com.android.providers.userdictionary
V/BackupManagerService( 1220): Starting with transport android/com.android.internal.backup.LocalTransport
V/BackupManagerService( 1220): Found transports: 1
I/BackupManagerService( 1220): Binding to transport host ComponentInfo{android/com.android.internal.backup.LocalTransportService}
I/BackupManagerService( 1220): Found stale backup journal, scheduling
W/BatteryStatsImpl( 1220): Couldn't get kernel wake lock stats
I/ActivityManager( 1220): System now ready
D/SurfaceFlinger( 874): Set power mode=2, type=0 flinger=0x76482000
D/SurfaceFlinger( 874): Screen type=0 is already mode=2
I/SystemServer( 1220): Making services ready
I/SystemServiceManager( 1220): Starting phase 550
I/DisplayManagerService( 1220): Display device changed: DisplayDeviceInfo{"Built-in Screen": uniqueId="local:0", 1280 x 720, 60.000004 fps, supportedRefreshRates [60.000004], density 160, 160.15764 x 160.42105 dpi, appVsyncOff 0, presDeadline 17666666, touch INTERNAL, rotation 0, type BUILT_IN, state ON, FLAG_DEFAULT_DISPLAY, FLAG_ROTATES_WITH_CONTENT, FLAG_SECURE, FLAG_SUPPORTS_PROTECTED_BUFFERS}
I/SystemServer( 1220): WebViewFactory preparation
I/Zygote ( 1220): Process: zygote socket opened, supported ABIS: armeabi-v7a,armeabi
I/art ( 882): Background concurrent mark sweep GC freed 755(32KB) AllocSpace objects, 0(0B) LOS objects, 91% free, 92KB/1116KB, paused 10.805ms total 67.043ms
I/ActivityManager( 1220): Start proc 1291:WebViewLoader-armeabi-v7a/1037 [android.webkit.WebViewFactory$RelroFileCreator] for
V/WebViewFactory( 1291): RelroFileCreator (64bit = false), 32-bit lib: /system/app/webview/lib/arm/libwebviewchromium.so, 64-bit lib:
I/art ( 1220): Background partial concurrent mark sweep GC freed 8370(631KB) AllocSpace objects, 1(16KB) LOS objects, 33% free, 4MB/6MB, paused 6.523ms total 329.739ms
I/art ( 882): Background concurrent mark sweep GC freed 774(32KB) AllocSpace objects, 0(0B) LOS objects, 91% free, 93KB/1117KB, paused 427us total 105.945ms
I/ActivityManager( 1220): Start proc 1307:com.android.systemui/u0a12 for service com.android.systemui/.SystemUIService
W/MountService( 1220): Duplicate state transition (mounted -> mounted) for /storage/emulated/0
D/NetworkManagementService( 1220): enabling bandwidth control
V/SystemUIService( 1307): Starting SystemUI services.
V/FingerprintService( 1220): startListening(android.service.fingerprint.IFingerprintServiceReceiver$Stub$Proxy@2cbcf4d8)
I/art ( 1291): System.exit called, status: 0
I/AndroidRuntime( 1291): VM exiting with result code 0, cleanup skipped.
W/WindowManager( 1220): Window freeze timeout expired.
W/WindowManager( 1220): Force clearing orientation change: Window{3bcfa257 u0 Android is starting…}
E/WVMExtractor( 879): Failed to open libwvm.so: dlopen failed: library "libwvm.so" not found
D/NuPlayerDriver( 879): start(0x75873dc0)
I/GenericSource( 879): start
W/OMXNodeInstance( 879): [9:google.mpeg4.decoder] component does not support metadata mode; using fallback
W/OMXNodeInstance( 879): [a:google.h263.decoder] component does not support metadata mode; using fallback
W/OMXNodeInstance( 879): [b:google.h264.decoder] component does not support metadata mode; using fallback
W/OMXNodeInstance( 879): [c:google.vp8.decoder] component does not support metadata mode; using fallback
W/OMXNodeInstance( 879): [d:google.vp9.decoder] component does not support metadata mode; using fallback
I/SoftMPEG4Encoder( 879): Construct SoftMPEG4Encoder
W/ACodec ( 879): do not know color format 0x7f000789 = 2130708361
I/SoftAVCEncoder( 879): Construct SoftAVCEncoder
W/ACodec ( 879): do not know color format 0x7f000789 = 2130708361
I/SoftMPEG4Encoder( 879): Construct SoftMPEG4Encoder
W/ACodec ( 879): do not know color format 0x7f000789 = 2130708361
W/ACodec ( 879): do not know color format 0x7f000789 = 2130708361
D/NuPlayerDriver( 879): reset(0x75873dc0)
D/NuPlayerDriver( 879): notifyResetComplete(0x75873dc0)
D/NuPlayerDriver( 879): start(0x7502a040)
I/GenericSource( 879): start
D/NuPlayerDriver( 879): reset(0x7502a040)
D/NuPlayerDriver( 879): notifyResetComplete(0x7502a040)
D/NuPlayerDriver( 879): start(0x75873be0)
I/GenericSource( 879): start
D/NuPlayerDriver( 879): reset(0x75873be0)
D/NuPlayerDriver( 879): notifyResetComplete(0x75873be0)
W/art ( 1307): Suspending all threads took: 15.800ms
E/NetdConnector( 1220): NDC Command {1 bandwidth enable} took too long (2486ms)
D/VolumeUI( 1307): Registering volume controller
D/PermissionMonitor( 1220): Monitoring
D/PermissionMonitor( 1220): Users: 1, Apps: 54
I/SystemServiceManager( 1220): Starting phase 600
D/BluetoothManagerService( 1220): Message: 20
D/BluetoothManagerService( 1220): Added callback: android.bluetooth.BluetoothAdapter$1@23267e3f:true
D/BluetoothManagerService( 1220): Message: 30
D/BluetoothManagerService( 1220): Trying to bind to profile: 1, while Bluetooth was disabled
D/BluetoothManagerService( 1220): Message: 30
I/BackupManagerService( 1220): Backup enabled => false
I/BackupManagerService( 1220): Opting out of backup
E/InputMethodManagerService( 1220): Ignoring setImeWindowStatus due to an invalid token. uid:1000 token:null
I/StatusBarManagerService( 1220): registerStatusBar bar=com.android.internal.statusbar.IStatusBar$Stub$Proxy@c0081f
D/NuPlayerDriver( 879): start(0x75873dc0)
I/GenericSource( 879): start
I/art ( 882): Background concurrent mark sweep GC freed 784(33KB) AllocSpace objects, 0(0B) LOS objects, 91% free, 93KB/1117KB, paused 855us total 101.229ms
W/art ( 1307): Suspending all threads took: 6.790ms
D/NuPlayerDriver( 879): reset(0x75873dc0)
D/NuPlayerDriver( 879): notifyResetComplete(0x75873dc0)
I/art ( 1307): Background partial concurrent mark sweep GC freed 815(84KB) AllocSpace objects, 0(0B) LOS objects, 44% free, 1267KB/2MB, paused 18.917ms total 150.481ms
I/ActivityManager( 1220): Start proc 1447:com.android.inputmethod.latin/u0a31 for service com.android.inputmethod.latin/.LatinIME
V/InputMethodManagerService( 1220): Adding window token: android.os.Binder@3b37176c
D/GpsLocationProvider( 1220): Reset GPS properties, previous size = 0
D/GpsLocationProvider( 1220): GpsParamsResource: SUPL_HOST=supl.google.com
D/GpsLocationProvider( 1220): GpsParamsResource: SUPL_PORT=7275
D/GpsLocationProvider( 1220): GpsParamsResource: NTP_SERVER=north-america.pool.ntp.org
D/GpsLocationProvider( 1220): GpsParamsResource: SUPL_VER=0x20000
D/GpsLocationProvider( 1220): GpsParamsResource: SUPL_MODE=1
W/GpsLocationProvider( 1220): Could not open GPS configuration file /etc/gps.conf
D/GpsLocationProvider( 1220): GPS properties reloaded, size = 5
E/GpsLocationProvider( 1220): no AGPS interface in set_agps_server
E/GpsLocationProvider( 1220): no GPS configuration interface in configuraiton_update
D/GpsLocationProvider( 1220): final config = #Thu Jan 01 00:00:39 GMT+00:00 1970
D/GpsLocationProvider( 1220): SUPL_VER=0x20000
D/GpsLocationProvider( 1220): SUPL_HOST=supl.google.com
D/GpsLocationProvider( 1220): NTP_SERVER=north-america.pool.ntp.org
D/GpsLocationProvider( 1220): SUPL_PORT=7275
D/GpsLocationProvider( 1220): SUPL_MODE=1
D/NuPlayerDriver( 879): start(0x7502a040)
I/GenericSource( 879): start
W/LocationManagerService( 1220): no network location provider found
D/NuPlayerDriver( 879): reset(0x7502a040)
E/LocationManagerService( 1220): no geocoder provider found
E/FlpHardwareProvider( 1220): Error hw_get_module 'flp': -2
D/NuPlayerDriver( 879): notifyResetComplete(0x7502a040) [ 40.055306] binder: 879:1466 refcount change on invalid ref 5 [ 40.062825] binder: 879:1277 refcount change on invalid ref 5 [ 40.068772] binder: 879:1277 refcount change on invalid ref 5
E/LocationManagerService( 1220): FLP HAL not supported [ 40.156725] binder: transaction release 7538 bad handle 5
E/LocationManagerService( 1220): Unable to bind FLP Geofence proxy.
E/ActivityRecognitionHardware( 1220): Error hw_get_module: -2
E/LocationManagerService( 1220): Hardware Activity-Recognition not supported.
I/CommonTimeManagementService( 1220): No common time service detected on this platform. Common time services will be unavailable.
I/InputReader( 1220): Reconfiguring input devices. changes=0x00000020
I/InputReader( 1220): Reconfiguring input devices. changes=0x00000010
D/NuPlayerDriver( 879): start(0x75873be0)
I/GenericSource( 879): start
I/MmsServiceBroker( 1220): Delay connecting to MmsService until an API is called
W/VoiceInteractionManagerService( 1220): no available voice interaction services found for user 0
W/VoiceInteractionManagerService( 1220): no available voice recognition services found for user 0
D/NuPlayerDriver( 879): reset(0x75873be0)
D/NuPlayerDriver( 879): notifyResetComplete(0x75873be0)
I/art ( 882): Background concurrent mark sweep GC freed 794(33KB) AllocSpace objects, 0(0B) LOS objects, 91% free, 93KB/1117KB, paused 434us total 117.091ms
D/NuPlayerDriver( 879): start(0x75873dc0)
I/GenericSource( 879): start
I/ActivityManager( 1220): Start proc 1480:com.android.phone/1001 for added application com.android.phone
I/ActivityManager( 1220): START u0 {act=android.intent.action.MAIN cat=[android.intent.category.HOME] flg=0x10000000 cmp=com.android.launcher/com.android.launcher2.Launcher} from uid 0 on display 0
D/NuPlayerDriver( 879): reset(0x75873dc0)
D/NuPlayerDriver( 879): notifyResetComplete(0x75873dc0)
I/LatinIME( 1447): Hardware accelerated drawing: true
V/WindowManager( 1220): addAppToken: AppWindowToken{337aef2e token=Token{1c53da9 ActivityRecord{2c041d30 u0 com.android.launcher/com.android.launcher2.Launcher t1}}} to stack=0 task=1 at 0
D/NuPlayerDriver( 879): start(0x7502a040)
I/GenericSource( 879): start
D/NuPlayerDriver( 879): reset(0x7502a040)
D/NuPlayerDriver( 879): notifyResetComplete(0x7502a040)
I/art ( 882): Background concurrent mark sweep GC freed 778(32KB) AllocSpace objects, 0(0B) LOS objects, 91% free, 93KB/1117KB, paused 468us total 125.574ms
D/NuPlayerDriver( 879): start(0x75873be0)
I/GenericSource( 879): start
I/ActivityManager( 1220): Start proc 1514:com.android.launcher/u0a6 for activity com.android.launcher/com.android.launcher2.Launcher
I/SystemServer( 1220): Enabled StrictMode for system server main thread.
V/ActivityManager( 1220): Display changed displayId=0
V/ActivityManager( 1220): Display changed displayId=0
D/WifiScanningService( 1220): SCAN_AVAILABLE : 1
D/WifiScanningService( 1220): DefaultState got{ when=-3ms what=160007 target=com.android.internal.util.StateMachine$SmHandler }
D/NuPlayerDriver( 879): reset(0x75873be0)
D/RttService( 1220): SCAN_AVAILABLE : 1
D/RttService( 1220): DefaultState got{ when=-17ms what=160513 target=com.android.internal.util.StateMachine$SmHandler }
D/NuPlayerDriver( 879): notifyResetComplete(0x75873be0)
I/Choreographer( 1220): Skipped 391 frames! The application may be doing too much work on its main thread.
V/ActivityManager( 1220): Display changed displayId=0
I/Telecom ( 1220): TelecomGlobals: TelecomGlobals initializing
I/art ( 882): Background concurrent mark sweep GC freed 784(33KB) AllocSpace objects, 0(0B) LOS objects, 91% free, 93KB/1117KB, paused 468us total 118.275ms
I/ActivityManager( 1220): Start proc 1536:android.process.acore/u0a2 for content provider com.android.providers.contacts/.CallLogProvider
D/BluetoothManagerService( 1220): Trying to bind to profile: 1, while Bluetooth was disabled
D/BluetoothManagerService( 1220): Message: 30
W/InputAttributes( 1447): No editor info for this field. Bug?
I/Telecom ( 1220): TelecomGlobals: CallsManager initialized
W/ContextImpl( 1220): Calling a method in the system process without a qualified user: android.app.ContextImpl.startService:1692 android.content.ContextWrapper.startService:516 com.android.server.telecom.BluetoothPhoneService.start:440 com.android.server.telecom.TelecomGlobals.initialize:93 com.android.server.telecom.TelecomService.onCreate:164
V/ActivityManager( 1220): Display changed displayId=0
D/ZenLog ( 1220): downtime: Autotrigger skipped: not in downtime
W/ResourcesManager( 1220): Asset path '/system/framework/com.android.location.provider.jar' does not exist or contains no resources.
I/LatinIME:LogUtils( 1447): Dictionary info: dictionary = UserHistoryDictionary.en_US ; version = 42 ; date = ?
W/art ( 1307): Suspending all threads took: 35.098ms
D/GpsNetInitiatedHandler( 1220): location enabled :false
V/WiredAccessoryManager( 1220): init()
I/art ( 1307): Background sticky concurrent mark sweep GC freed 6018(490KB) AllocSpace objects, 0(0B) LOS objects, 24% free, 1737KB/2MB, paused 39.439ms total 334.603ms
I/LatinIME:LogUtils( 1447): Dictionary info: dictionary = PersonalizationDictionary.en_US ; version = 43 ; date = ?
I/LatinIME:LogUtils( 1447): Dictionary info: dictionary = userunigram.en_US ; version = 43 ; date = ?
I/LatinIME:LogUtils( 1447): Dictionary info: dictionary = contacts.en_US ; version = 43 ; date = ?
I/LatinIME:LogUtils( 1447): Dictionary info: dictionary = ContextualDictionary.en_US ; version = 43 ; date = ?
W/WindowManager( 1220): Window freeze timeout expired.
W/WindowManager( 1220): Force clearing orientation change: Window{388cd5c7 u0 KeyguardScrim}
D/BluetoothManagerService( 1220): Message: 300
D/BluetoothManagerService( 1220): MESSAGE_USER_SWITCHED
D/PermissionCache( 874): checking android.permission.HARDWARE_TEST for uid=1000 => granted (4320 us)
I/LatinIME:LogUtils( 1447): Dictionary info: dictionary = PersonalizationDictionary.en_US ; version = 43 ; date = ?
W/art ( 1447): Suspending all threads took: 6.622ms
I/LatinIME:LogUtils( 1447): Dictionary info: dictionary = PersonalizationDictionary.en_US ; version = 43 ; date = ?
V/BackupManagerService( 1220): Connected to transport ComponentInfo{android/com.android.internal.backup.LocalTransportService}
V/BackupManagerService( 1220): Registering transport android/com.android.internal.backup.LocalTransportService::android/com.android.internal.backup.LocalTransport = android.app.backup.BackupTransport$TransportImpl@32649cf1
I/Choreographer( 1220): Skipped 145 frames! The application may be doing too much work on its main thread.
I/DropBoxManagerService( 1220): Cleaning temp file: /data/system/dropbox/drop79.tmp
V/ActivityManager( 1220): Display changed displayId=0
D/BluetoothManagerService( 1220): Trying to bind to profile: 1, while Bluetooth was disabled
D/BluetoothManagerService( 1220): Message: 30
I/art ( 1480): Background sticky concurrent mark sweep GC freed 3587(283KB) AllocSpace objects, 0(0B) LOS objects, 31% free, 765KB/1117KB, paused 22.409ms total 242.293ms
W/art ( 1307): Suspending all threads took: 8.191ms
I/art ( 1307): Background sticky concurrent mark sweep GC freed 3694(220KB) AllocSpace objects, 0(0B) LOS objects, 13% free, 1985KB/2MB, paused 10.293ms total 74.484ms
D/TelephonyProvider( 1480): dbh.onOpen: ok, queried table=siminfo
D/TelephonyProvider( 1480): dbh.onOpen: ok, queried table=carriers
I/art ( 882): Background concurrent mark sweep GC freed 784(33KB) AllocSpace objects, 0(0B) LOS objects, 91% free, 93KB/1117KB, paused 435us total 125.351ms
I/ActivityManager( 1220): Start proc 1576:com.android.deskclock/u0a22 for broadcast com.android.deskclock/com.android.alarmclock.AnalogAppWidgetProvider
I/ActivityManager( 1220): Start proc 1591:com.android.smspush/u0a48 for service com.android.smspush/.WapPushManager
W/art ( 1307): Suspending all threads took: 10.434ms
I/art ( 1307): Background partial concurrent mark sweep GC freed 4473(244KB) AllocSpace objects, 0(0B) LOS objects, 40% free, 2MB/3MB, paused 26.111ms total 293.658ms
I/art ( 882): Explicit concurrent mark sweep GC freed 706(30KB) AllocSpace objects, 0(0B) LOS objects, 91% free, 92KB/1116KB, paused 513us total 209.821ms
E/DcSwitchStateMachine-0( 1480): DctController is not ready
I/art ( 882): Explicit concurrent mark sweep GC freed 5(160B) AllocSpace objects, 0(0B) LOS objects, 91% free, 92KB/1116KB, paused 839us total 186.106ms
E/ConnectivityService( 1220): Failed to find Messenger in unregisterNetworkFactory
D/ConnectivityService( 1220): Got NetworkFactory Messenger for Telephony
I/art ( 882): Explicit concurrent mark sweep GC freed 5(160B) AllocSpace objects, 0(0B) LOS objects, 91% free, 92KB/1116KB, paused 521us total 136.780ms
W/art ( 1480): Suspending all threads took: 24.530ms
I/art ( 1480): Background partial concurrent mark sweep GC freed 1581(125KB) AllocSpace objects, 0(0B) LOS objects, 49% free, 1026KB/2MB, paused 49.155ms total 296.299ms
D/BluetoothManagerService( 1220): Message: 20
D/BluetoothManagerService( 1220): Added callback: android.bluetooth.IBluetoothManagerCallback$Stub$Proxy@23fc8e28:true
D/BluetoothManagerService( 1220): Message: 30
D/BluetoothManagerService( 1220): Trying to bind to profile: 1, while Bluetooth was disabled
I/LatinIME:LogUtils( 1447): Dictionary info: dictionary = main:en ; version = 47 ; date = 1402373178
I/art ( 1514): Background sticky concurrent mark sweep GC freed 3891(357KB) AllocSpace objects, 2(32KB) LOS objects, 0% free, 1787KB/1787KB, paused 42.180ms total 1.818s
I/Telephony( 1480): TtyManager: updateUiTtyMode -1 -> 0
D/WifiService( 1220): New client listening to asynchronous messages
W/art ( 1447): Suspending all threads took: 20.460ms
W/art ( 1514): Suspending all threads took: 6.961ms
I/art ( 1514): Background partial concurrent mark sweep GC freed 867(106KB) AllocSpace objects, 1(20KB) LOS objects, 40% free, 1684KB/2MB, paused 8.752ms total 151.499ms
I/art ( 1447): WaitForGcToComplete blocked for 1.696s for cause HomogeneousSpaceCompact
W/art ( 1220): Suspending all threads took: 12.147ms
I/art ( 1220): Background sticky concurrent mark sweep GC freed 32191(2MB) AllocSpace objects, 11(214KB) LOS objects, 17% free, 5MB/6MB, paused 38.949ms total 16.500ms
I/art ( 1220): WaitForGcToComplete blocked for 546.471ms for cause Explicit
I/art ( 1220): Explicit concurrent mark sweep GC freed 1633(136KB) AllocSpace objects, 1(16KB) LOS objects, 33% free, 5MB/8MB, paused 3.722ms total 111.222ms
D/GpsLocationProvider( 1220): received SIM realted action:
D/GpsLocationProvider( 1220): SIM MCC/MNC is still not available
D/BluetoothManagerService( 1220): Message: 20
D/BluetoothManagerService( 1220): Added callback: android.bluetooth.IBluetoothManagerCallback$Stub$Proxy@87fa807:true
D/OpenGLRenderer( 1514): Use EGL_SWAP_BEHAVIOR_PRESERVED: true
D/BluetoothAdapter( 1307): 365431573: getState() : mService = null. Returning STATE_OFF
D/Atlas ( 1514): Validating map...
V/WindowManager( 1220): Based on layer: Adding window Window{14be98a0 u0 com.android.launcher/com.android.launcher2.Launcher} at 0 of 2
D/BluetoothManagerService( 1220): Message: 30
D/BluetoothManagerService( 1220): Message: 30
E/BluetoothA2dpSink( 1307): Could not bind to Bluetooth A2DP Service with Intent { act=android.bluetooth.IBluetoothA2dpSink }
D/BluetoothAdapter( 1307): 365431573: getState() : mService = null. Returning STATE_OFF
D/BluetoothManagerService( 1220): Message: 30
E/BluetoothAvrcpController( 1307): Could not bind to Bluetooth AVRCP Controller Service with Intent { act=android.bluetooth.IBluetoothAvrcpController }
D/BluetoothManagerService( 1220): Message: 30
D/BluetoothManagerService( 1220): Trying to bind to profile: 1, while Bluetooth was disabled
D/BluetoothManagerService( 1220): Message: 30
E/BluetoothHeadsetClient( 1307): Could not bind to Bluetooth Headset Client Service with Intent { act=android.bluetooth.IBluetoothHeadsetClient }
D/BluetoothManagerService( 1220): Message: 30
D/BluetoothMap( 1307): Create BluetoothMap proxy object
D/BluetoothManagerService( 1220): Message: 30
D/BluetoothManagerService( 1220): Message: 30
D/ConnectivityService( 1220): listenForNetwork for NetworkRequest [ id=2, legacyType=-1, [] ]
D/libEGL ( 1514): loaded /system/lib/egl/libEGL_mali.so
D/libEGL ( 1514): loaded /system/lib/egl/libGLESv1_CM_mali.so
I/CameraManagerGlobal( 1307): getCameraService: Reconnecting to camera service
D/libEGL ( 1514): loaded /system/lib/egl/libGLESv2_mali.so
E/CameraService( 879): getCameraVendorTagDescriptor: camera hardware module doesn't exist
E/CameraMetadata-JNI( 1307): CameraMetadata_setupGlobalVendorTagDescriptor: Failed to setup vendor tag descriptors, received error No such device (-19)
