W/CameraManagerGlobal( 1307): Failed to set up vendor tags: The camera device is removable and has been disconnected from the Android device, or the camera service has shut down the connection due to a higher-priority access request for the camera device.
I/OpenGLRenderer( 1514): Initialized EGL, version 1.4
D/OpenGLRenderer( 1514): Enabling debug mode 0
D/TelephonyDebugService( 1480): TelephonyDebugService()
D/BluetoothAdapter( 1307): 365431573: getState() : mService = null. Returning STATE_OFF
D/BluetoothAdapter( 1307): 365431573: getState() : mService = null. Returning STATE_OFF
D/BluetoothAdapter( 1307): 365431573: getState() : mService = null. Returning STATE_OFF
D/BluetoothAdapter( 1307): 365431573: getState() : mService = null. Returning STATE_OFF
I/Telephony( 1480): PstnIncomingCallNotifier: Registering: Handler (com.android.internal.telephony.gsm.GSMPhone) {32f2cc58}
I/Choreographer( 1514): Skipped 77 frames! The application may be doing too much work on its main thread.
D/OpenGLRenderer( 1307): Use EGL_SWAP_BEHAVIOR_PRESERVED: true
D/Atlas ( 1307): Validating map...
D/PhoneStatusBar( 1307): disable: < expand icons alerts system_info back home recent clock search > I/art ( 1480): Background sticky concurrent mark sweep GC freed 8899(739KB) AllocSpace objects, 2(32KB) LOS objects, 40% free, 1210KB/2MB, paused 23.261ms total 125.554ms
D/BluetoothAdapter( 1307): 365431573: getState() : mService = null. Returning STATE_OFF
D/BluetoothAdapter( 1307): 365431573: getState() : mService = null. Returning STATE_OFF
D/PhoneStatusBar( 1307): heads up is enabled
I/Choreographer( 1307): Skipped 598 frames! The application may be doing too much work on its main thread.
D/ViewRootImpl( 1307): changeCanvasOpacity: opaque=true
I/art ( 1514): Background partial concurrent mark sweep GC freed 283(20KB) AllocSpace objects, 5(101KB) LOS objects, 39% free, 5MB/8MB, paused 6.925ms total 58.880ms
D/libEGL ( 1307): loaded /system/lib/egl/libEGL_mali.so
D/libEGL ( 1307): loaded /system/lib/egl/libGLESv1_CM_mali.so
D/libEGL ( 1307): loaded /system/lib/egl/libGLESv2_mali.so
I/OpenGLRenderer( 1307): Initialized EGL, version 1.4
D/OpenGLRenderer( 1307): Enabling debug mode 0
V/KeyguardUpdateMonitor( 1307): action android.intent.action.SIM_STATE_CHANGED state: NOT_READY slotId: 0 subid: -2
D/WifiService( 1220): New client listening to asynchronous messages
I/Choreographer( 1307): Skipped 117 frames! The application may be doing too much work on its main thread.
D/OpenGLRenderer( 1307): setting property extraRasterBucket to 0.95
D/OpenGLRenderer( 1307): failed
D/OpenGLRenderer( 1307): setting property extraRasterBucket to 0.0
D/OpenGLRenderer( 1307): failed
W/WindowManager( 1220): Window freeze timeout expired.
W/WindowManager( 1220): Force clearing orientation change: Window{393bb4a9 u0 StatusBar}
W/art ( 1576): Suspending all threads took: 778.519ms
V/KeyguardServiceDelegate( 1220): *** Keyguard started
W/KeyguardServiceDelegate( 1220): onScreenTurnedOn(): no keyguard service!
W/WindowManager( 1220): Timeout waiting for drawn: undrawn=[Window{393bb4a9 u0 StatusBar}]
W/WindowManager( 1220): Window freeze timeout expired.
W/WindowManager( 1220): Force clearing orientation change: Window{393bb4a9 u0 StatusBar}
W/art ( 1307): Suspending all threads took: 1.421s
I/art ( 1307): Background sticky concurrent mark sweep GC freed 18564(875KB) AllocSpace objects, 0(0B) LOS objects, 15% free, 2MB/3MB, paused 1.440s total 1.213s
W/ActivityManager( 1220): Slow operation: 2583ms so far, now at startProcess: checking external storage perm
W/ActivityManager( 1220): Slow operation: 2583ms so far, now at startProcess: building args
W/ActivityManager( 1220): Slow operation: 2583ms so far, now at startProcess: asking zygote to start proc
W/ActivityManager( 1220): Slow operation: 3023ms so far, now at startProcess: returned from zygote!
W/ActivityManager( 1220): Slow operation: 3023ms so far, now at startProcess: done updating battery stats
W/ActivityManager( 1220): Slow operation: 3024ms so far, now at startProcess: building log message
I/ActivityManager( 1220): Start proc 1632:com.android.printspooler/u0a42 for service com.android.printspooler/.model.PrintSpoolerService
W/ActivityManager( 1220): Slow operation: 3024ms so far, now at startProcess: starting to update pids map
W/ActivityManager( 1220): Slow operation: 3833ms so far, now at startProcess: done updating pids map
W/ActivityManager( 1220): Slow operation: 3833ms so far, now at startProcess: done starting proc!
I/PrintSpoolerService( 1632): No existing print spooler state.
I/FusedLocation( 1220): engine started (com.android.location.fused)
D/GpsLocationProvider( 1220): received SIM realted action:
I/art ( 882): Background concurrent mark sweep GC freed 784(33KB) AllocSpace objects, 0(0B) LOS objects, 91% free, 93KB/1117KB, paused 420us total 127.558ms
I/ActivityManager( 1220): Start proc 1649:com.android.music/u0a34 for broadcast com.android.music/.MediaButtonIntentReceiver
D/GpsLocationProvider( 1220): SIM MCC/MNC is still not available
I/ContactLocale( 1536): AddressBook Labels [en-US]: [, A, B, C, D, E, F, G, H, I, J, K, L, M, N, O, P, Q, R, S, T, U, V, W, X, Y, Z, Α, Β, Γ, Δ, Ε, Ζ, Η, Θ, Ι, Κ, Λ, Μ, Ν, Ξ, Ο, Π, Ρ, Σ, Τ, Υ, Φ, Χ, Ψ, Ω, , А, Б, В, Г, Д, Ђ, Е, Є, Ж, З, И, І, Ї, Й, Ј, К, Л, Љ, М, Н, Њ, О, П, Р, С, Т, Ћ, У, Ф, Х, Ц, Ч, Џ, Ш, Щ, Ю, Я, , א, ב, ג, ד, ה, ו, ז, ח, ט, י, כ, ל, מ, נ, ס, ע, פ, צ, ק, ר, ש, ת, , ا, ب, ت, ث, ج, ح, خ, د, ذ, ر, ز, س, ش, ص, ض, ط, ظ, ع, غ, ف, ق, ك, ل, م, ن, ه, و, ي, , ก, ข, ฃ, ค, ฅ, ฆ, ง, จ, ฉ, ช, ซ, ฌ, ญ, ฎ, ฏ, ฐ, ฑ, ฒ, ณ, ด, ต, ถ, ท, ธ, น, บ, ป, ผ, ฝ, พ, ฟ, ภ, ม, ย, ร, ฤ, ล, ฦ, ว, ศ, ษ, ส, ห, ฬ, อ, ฮ, , ㄱ, ㄴ, ㄷ, ㄹ, ㅁ, ㅂ, ㅅ, ㅇ, ㅈ, ㅊ, ㅋ, ㅌ, ㅍ, ㅎ, , あ, か, さ, た, な, は, ま, や, ら, わ, #, ]
I/Process ( 1220): Sending signal. PID: 1220 SIG: 3
I/art ( 1220): Thread[3,tid=1226,WaitingInMainSignalCatcherLoop,Thread*=0x74827c00,peer=0x12c020a0,"Signal Catcher"]: reacting to signal 3
W/BroadcastQueue( 1220): Timeout of broadcast BroadcastRecord{3a5e681c u-1 android.intent.action.TIME_TICK} - receiver=android.os.BinderProxy@341f2dc0, started 21229ms ago
W/BroadcastQueue( 1220): Receiver during timeout: BroadcastFilter{29ab5a3e u0 ReceiverList{13b72af9 1307 com.android.systemui/10012/u0 remote:341f2dc0}}
W/ActivityManager( 1220): Timeout executing service: ServiceRecord{3856cbb5 u0 com.android.systemui/.keyguard.KeyguardService}
I/art ( 1220): Wrote stack traces to '/data/anr/traces.txt'
I/Process ( 1220): Sending signal. PID: 1307 SIG: 3
I/art ( 1307): Thread[3,tid=1311,WaitingInMainSignalCatcherLoop,Thread*=0x74828000,peer=0x12c000a0,"Signal Catcher"]: reacting to signal 3
I/Process ( 1220): Sending signal. PID: 1220 SIG: 3
I/art ( 1220): Thread[3,tid=1226,WaitingInMainSignalCatcherLoop,Thread*=0x74827c00,peer=0x12c020a0,"Signal Catcher"]: reacting to signal 3
I/art ( 1307): Wrote stack traces to '/data/anr/traces.txt'
I/Process ( 1220): Sending signal. PID: 1480 SIG: 3
I/art ( 1480): Thread[3,tid=1492,WaitingInMainSignalCatcherLoop,Thread*=0x74828400,peer=0x12c000a0,"Signal Catcher"]: reacting to signal 3
W/WindowManager( 1220): ***** BOOT TIMEOUT: forcing display enabled
I/SurfaceFlinger( 874): Boot is finished (88437 ms)
I/SystemServiceManager( 1220): Starting phase 1000
I/art ( 1220): Wrote stack traces to '/data/anr/traces.txt'
I/art ( 1480): Wrote stack traces to '/data/anr/traces.txt'
I/art ( 882): Background concurrent mark sweep GC freed 788(33KB) AllocSpace objects, 0(0B) LOS objects, 91% free, 93KB/1117KB, paused 421us total 106.092ms
I/ActivityManager( 1220): Start proc 1669:android.process.media/u0a4 for content provider com.android.providers.media/.MediaProvider
I/art ( 1220): Explicit concurrent mark sweep GC freed 20584(1412KB) AllocSpace objects, 8(375KB) LOS objects, 33% free, 5MB/8MB, paused 16.913ms total 409.353ms
I/Process ( 1220): Sending signal. PID: 1514 SIG: 3
I/art ( 1514): Thread[3,tid=1526,WaitingInMainSignalCatcherLoop,Thread*=0x74827c00,peer=0x12c000a0,"Signal Catcher"]: reacting to signal 3
E/ActivityManager( 1220): ANR in com.android.systemui
E/ActivityManager( 1220): PID: 1307
E/ActivityManager( 1220): Reason: executing service com.android.systemui/.keyguard.KeyguardService
E/ActivityManager( 1220): Load: 6.35 / 2.03 / 0.71
E/ActivityManager( 1220): CPU usage from 0ms to 17206ms later:
E/ActivityManager( 1220): 69% 1220/system_server: 62% user + 6.8% kernel / faults: 4497 minor
E/ActivityManager( 1220): 56% 1307/com.android.systemui: 55% user + 1% kernel / faults: 1897 minor 1 major
E/ActivityManager( 1220): 55% 1514/com.android.launcher: 55% user + 0.3% kernel / faults: 359 minor
E/ActivityManager( 1220): 1.4% 877/debuggerd: 0.3% user + 1% kernel / faults: 4567 minor
E/ActivityManager( 1220): 4.3% 874/surfaceflinger: 1.7% user + 2.6% kernel / faults: 9 minor
E/ActivityManager( 1220): 3% 1480/com.android.phone: 1.8% user + 1.2% kernel / faults: 1779 minor
E/ActivityManager( 1220): 0.5% 1536/android.process.acore: 0.5% user + 0% kernel / faults: 212 minor
E/ActivityManager( 1220): 0.4% 7/rcu_preempt: 0% user + 0.4% kernel
E/ActivityManager( 1220): 0.2% 6/kworker/u4:0: 0% user + 0.2% kernel
E/ActivityManager( 1220): 0.2% 18/kworker/u4:1: 0% user + 0.2% kernel
E/ActivityManager( 1220): 0.2% 538/mmcqd/0: 0% user + 0.2% kernel
E/ActivityManager( 1220): 0.1% 882/zygote: 0.1% user + 0% kernel / faults: 1493 minor
E/ActivityManager( 1220): 0.1% 1649/com.android.music: 0.1% user + 0% kernel / faults: 664 minor
E/ActivityManager( 1220): 0.1% 869/logd: 0% user + 0% kernel / faults: 1 minor
E/ActivityManager( 1220): 0% 331/kworker/0:1: 0% user + 0% kernel
E/ActivityManager( 1220): 0% 1217/logcat: 0% user + 0% kernel
E/ActivityManager( 1220): +0% 1669/: 0% user + 0% kernel
E/ActivityManager( 1220): 100% TOTAL: 91% user + 8% kernel + 0% softirq
E/ActivityManager( 1220): CPU usage from 16323ms to 16936ms later:
E/ActivityManager( 1220): 77% 1514/com.android.launcher: 74% user + 3.3% kernel
E/ActivityManager( 1220): 76% 1620/RenderThread: 72% user + 3.3% kernel
E/ActivityManager( 1220): 68% 1220/system_server: 66% user + 1.6% kernel
E/ActivityManager( 1220): 58% 1258/RenderThread: 58% user + 0% kernel
E/ActivityManager( 1220): 5% 1238/ActivityManager: 3.3% user + 1.6% kernel
E/ActivityManager( 1220): 1.6% 1237/android.bg: 1.6% user + 0% kernel
E/ActivityManager( 1220): 47% 1307/com.android.systemui: 47% user + 0% kernel
E/ActivityManager( 1220): 49% 1627/RenderThread: 49% user + 0% kernel
E/ActivityManager( 1220): 0.6% 538/mmcqd/0: 0% user + 0.6% kernel
E/ActivityManager( 1220): 100% TOTAL: 95% user + 3.2% kernel + 0.8% softirq
I/ActivityManager( 1220): Killing 1307:com.android.systemui/u0a12 (adj -12): bg anr
E/libprocessgroup( 1220): failed to kill 1 processes for processgroup 1307
I/ActivityManager( 1220): Waited long enough for: ServiceRecord{27790916 u0 com.android.music/.MediaPlaybackService}
I/ActivityManager( 1220): Skipping duplicate ANR: ProcessRecord{36a1f515 1307:com.android.systemui/u0a12} Broadcast of Intent { act=android.intent.action.TIME_TICK flg=0x50000014 (has extras) }