--------- beginning of /dev/log/main
I/installd( 126): installd firing up --------- beginning of /dev/log/system
I/Vold ( 118): Vold 2.1 (the revenge) firing up
I/DEBUG ( 121): debuggerd: Nov 14 2013 01:17:08
I/Netd ( 120): Netd 1.0 starting
W/InterfaceController( 120): Warning (dlopen failed: library "/system/lib/libnetcmdiface.so" not found) while opening the net interface command library
I/SurfaceFlinger( 122): SurfaceFlinger is starting
I/SurfaceFlinger( 122): SurfaceFlinger's main thread ready to run. Initializing graphics H/W...
F/libEGL ( 122): couldn't find an OpenGL ES implementation
F/libc ( 122): Fatal signal 6 (SIGABRT) at 0x0000007a (code=-6), thread 122 (surfaceflinger)
I/DEBUG ( 121): *** *** *** *** *** *** *** *** *** *** *** *** *** *** *** ***
I/DEBUG ( 121): Build fingerprint: 'Android/full_grouper/grouper:4.4/KRT16M/12:eng/test-keys'
I/DEBUG ( 121): Revision: '0'
I/DEBUG ( 121): pid: 122, tid: 122, name: surfaceflinger >>> /system/bin/surfaceflinger <<<
I/DEBUG ( 121): signal 6 (SIGABRT), code -6 (SI_TKILL), fault addr --------
I/DEBUG ( 121): r0 00000000 r1 0000007a r2 00000006 r3 00000000
I/DEBUG ( 121): r4 0000007a r5 00000002 r6 00000006 r7 0000010c
I/DEBUG ( 121): r8 00000000 r9 40027bd5 sl 00000000 fp bec7bb2c
I/DEBUG ( 121): ip 417611f8 sp bec7b558 lr 40171bd7 pc 40187bf0 cpsr 000f0010
I/DEBUG ( 121): d0 2f6d6574736c6166 d1 4242424242424242
I/DEBUG ( 121): d2 0000000a0000000a d3 000000000000000a
I/DEBUG ( 121): d4 0000000000000000 d5 0000000000000000
I/DEBUG ( 121): d6 0000000000000000 d7 278c5fda00000000
I/DEBUG ( 121): d8 0000000000000000 d9 0000000000000000
I/DEBUG ( 121): d10 0000000000000000 d11 0000000000000000
I/DEBUG ( 121): d12 0000000000000000 d13 0000000000000000
I/DEBUG ( 121): d14 0000000000000000 d15 0000000000000000
I/DEBUG ( 121): d16 0000000a00000008 d17 fffff000fffff000
I/DEBUG ( 121): d18 00000fff00000fff d19 0000000000000000
I/DEBUG ( 121): d20 0000000000000000 d21 0000000000000000
I/DEBUG ( 121): d22 0000000000000000 d23 0000000000000000
I/DEBUG ( 121): d24 0000000000000000 d25 0000000000000000
I/DEBUG ( 121): d26 0000000000000000 d27 0000000000000000
I/DEBUG ( 121): d28 0000000000000000 d29 0000000000000000
I/DEBUG ( 121): d30 0000000000000000 d31 0000000000000000
I/DEBUG ( 121): scr 00000010
I/DEBUG ( 121):
I/DEBUG ( 121): backtrace:
I/DEBUG ( 121): #00 pc 0002bbf0 /system/lib/libc.so (tgkill+12)
I/DEBUG ( 121): #01 pc 00015bd3 /system/lib/libc.so (pthread_kill+86)
I/DEBUG ( 121): #02 pc 00015de3 /system/lib/libc.so (raise+10)
I/DEBUG ( 121): #03 pc 0001458b /system/lib/libc.so
I/DEBUG ( 121): #04 pc 0002b4a4 /system/lib/libc.so (abort+4)
I/DEBUG ( 121): #05 pc 00007c6d /system/lib/libcutils.so (__android_log_assert+60)
I/DEBUG ( 121): #06 pc 0003fa1b /system/lib/libEGL.so
I/DEBUG ( 121): #07 pc 0000ebf1 /system/lib/libEGL.so
I/DEBUG ( 121): #08 pc 0000f76f /system/lib/libEGL.so (eglGetDisplay+10)
I/DEBUG ( 121): #09 pc 0001efd5 /system/lib/libsurfaceflinger.so (android::SurfaceFlinger::init()+52)
I/DEBUG ( 121): #10 pc 00000c39 /system/bin/surfaceflinger
I/DEBUG ( 121): #11 pc 0000de57 /system/lib/libc.so (__libc_init+58)
I/DEBUG ( 121): #12 pc 00000d38 /system/bin/surfaceflinger
I/DEBUG ( 121):
I/DEBUG ( 121): stack:
I/DEBUG ( 121): bec7b518 000003ff
I/DEBUG ( 121): bec7b51c 00004000
I/DEBUG ( 121): bec7b520 417611f8 [heap]
I/DEBUG ( 121): bec7b524 00000000
I/DEBUG ( 121): bec7b528 40027bd5 /system/bin/surfaceflinger
I/DEBUG ( 121): bec7b52c 00000000
I/DEBUG ( 121): bec7b530 bec7bb2c [stack]
I/DEBUG ( 121): bec7b534 401906b9 /system/lib/libc.so (vsnprintf+76)
I/DEBUG ( 121): bec7b538 00000000
I/DEBUG ( 121): bec7b53c 00000000
I/DEBUG ( 121): bec7b540 4011006e /system/lib/libcutils.so (strndup16to8+233)
I/DEBUG ( 121): bec7b544 4022d7a4 /system/lib/libEGL.so
I/DEBUG ( 121): bec7b548 401c439c
I/DEBUG ( 121): bec7b54c 401124fd /system/lib/libcutils.so
I/DEBUG ( 121): bec7b550 00000000
I/DEBUG ( 121): bec7b554 4011271d /system/lib/libcutils.so (__android_log_write+120)
I/DEBUG ( 121): #00 bec7b558 0000007a
I/DEBUG ( 121): bec7b55c 00000002
I/DEBUG ( 121): bec7b560 00000006
I/DEBUG ( 121): bec7b564 417611f8 [heap]
I/DEBUG ( 121): bec7b568 417611f8 [heap]
I/DEBUG ( 121): bec7b56c 40171bd7 /system/lib/libc.so (pthread_kill+90)
I/DEBUG ( 121): #01 bec7b570 00000006
I/DEBUG ( 121): bec7b574 00000000
I/DEBUG ( 121): bec7b578 4022d7a4 /system/lib/libEGL.so
I/DEBUG ( 121): bec7b57c 40171de7 /system/lib/libc.so (raise+14)
I/DEBUG ( 121): #02 bec7b580 bec7b588 [stack]
I/DEBUG ( 121): bec7b584 4017058f /system/lib/libc.so
I/DEBUG ( 121):
I/DEBUG ( 121): memory near r9:
I/DEBUG ( 121): 40027bb4 e28cca03 e5bcf43c e28fc600 e28cca03
I/DEBUG ( 121): 40027bc4 e5bcf434 e28fc600 e28cca03 e5bcf42c
I/DEBUG ( 121): 40027bd4 43f0e92d ac05b087 4620ae03 ef4af7ff
I/DEBUG ( 121): 40027be4 98052104 ef4cf7ff f0004620 4630f8cd
I/DEBUG ( 121): 40027bf4 ef40f7ff f7ff9803 f241ef4a f7ff4008
I/DEBUG ( 121): 40027c04 4605ef4c ef4ef7ff b1359500 4669682b
I/DEBUG ( 121): 40027c14 0c0cf853 f7ff4428 2000ef4c 0207f06f
I/DEBUG ( 121): 40027c24 f10d4601 f7ff0810 2101ef4a f7ff2000
I/DEBUG ( 121): 40027c34 9800ef4c ef4ef7ff f7ff4640 9f04ef52
I/DEBUG ( 121): 40027c44 49234620 4479683a 9018f8d2 ef4ef7ff
I/DEBUG ( 121): 40027c54 2b009b00 6858d037 3304ad06 3d10f845
I/DEBUG ( 121): 40027c64 f8504629 44180c0c ef22f7ff 46214638
I/DEBUG ( 121): 40027c74 2300462a 9f0247c8 683ab137 f8524629
I/DEBUG ( 121): 40027c84 44380c0c eef0f7ff f7ff4620 9800ef36
I/DEBUG ( 121): 40027c94 ef38f7ff b1349c04 46416823 0c0cf853
I/DEBUG ( 121): 40027ca4 f7ff4420 9d00eee2 6828b135 f8504669
I/DEBUG ( 121):
I/DEBUG ( 121): memory near fp:
I/DEBUG ( 121): bec7bb0c 00000000 00000000 40027d3c 4002ae1c
I/DEBUG ( 121): bec7bb1c 4002ae24 4002ae2c bec7bb30 00000000
I/DEBUG ( 121): bec7bb2c 4003fa27 00000001 bec7bc26 00000000
I/DEBUG ( 121): bec7bb3c bec7bc41 bec7bc7e bec7bca6 bec7bcb9
I/DEBUG ( 121): bec7bb4c bec7bcce bec7bce9 bec7bcfc bec7bd15
I/DEBUG ( 121): bec7bb5c bec7bd2f bec7bd48 bec7bf42 bec7bf6c
I/DEBUG ( 121): bec7bb6c bec7bf98 bec7bfc2 00000000 00000010
I/DEBUG ( 121): bec7bb7c 0000b0d7 00000006 00001000 00000011
I/DEBUG ( 121): bec7bb8c 00000064 00000003 40027034 00000004
I/DEBUG ( 121): bec7bb9c 00000020 00000005 00000008 00000007
I/DEBUG ( 121): bec7bbac 4003c000 00000008 00000000 00000009
I/DEBUG ( 121): bec7bbbc 40027cd8 0000000b 000003e8 0000000c
I/DEBUG ( 121): bec7bbcc 000003e8 0000000d 000003eb 0000000e
I/DEBUG ( 121): bec7bbdc 000003eb 00000017 00000000 00000019
I/DEBUG ( 121): bec7bbec bec7bc12 0000001f bec7bfe1 0000000f
I/DEBUG ( 121): bec7bbfc bec7bc22 00000000 00000000 00000000
I/DEBUG ( 121):
I/DEBUG ( 121): memory near ip:
I/DEBUG ( 121): 417611d8 00000000 0000001b 00000002 00000002
I/DEBUG ( 121): 417611e8 41762850 00000000 00000018 00000013
I/DEBUG ( 121): 417611f8 00000000 401c41d0 00000010 0000024b
I/DEBUG ( 121): 41761208 40052168 41762990 00000001 4057f000
I/DEBUG ( 121): 41761218 000fe000 00001000 00000000 00000000
I/DEBUG ( 121): 41761228 0000008f 00000001 00000000 00000000
I/DEBUG ( 121): 41761238 00000000 00000000 4067cdd0 40058000
I/DEBUG ( 121): 41761248 00000000 00000000 00000000 00000000
I/DEBUG ( 121): 41761258 00000000 00000000 00000000 00000000
I/DEBUG ( 121): 41761268 00000000 00000000 00000000 00000000
I/DEBUG ( 121): 41761278 00000000 00000000 00000000 00000000
I/DEBUG ( 121): 41761288 00000000 00000000 00000000 00000000
I/DEBUG ( 121): 41761298 00000000 00000000 00000000 00000000
I/DEBUG ( 121): 417612a8 00000000 00000000 00000000 00000000
I/DEBUG ( 121): 417612b8 00000000 00000000 00000000 00000000
I/DEBUG ( 121): 417612c8 00000000 00000000 00000000 00000000
I/DEBUG ( 121):
I/DEBUG ( 121): memory near sp:
I/DEBUG ( 121): bec7b538 00000000 00000000 4011006e 4022d7a4
I/DEBUG ( 121): bec7b548 401c439c 401124fd 00000000 4011271d
I/DEBUG ( 121): bec7b558 0000007a 00000002 00000006 417611f8
I/DEBUG ( 121): bec7b568 417611f8 40171bd7 00000006 00000000
I/DEBUG ( 121): bec7b578 4022d7a4 40171de7 bec7b588 4017058f
I/DEBUG ( 121): bec7b588 ffffffdf 00000004 bec7b58c 00000001
I/DEBUG ( 121): bec7b598 4034da7c ce0597a7 bec7b5ec bec7b5bc
I/DEBUG ( 121): bec7b5a8 bec7b9dc 401874a8 4011006e 40112c71
I/DEBUG ( 121): bec7b5b8 bec7b9dc 6c756f63 74276e64 6e696620
I/DEBUG ( 121): bec7b5c8 6e612064 65704f20 204c476e 69205345
I/DEBUG ( 121): bec7b5d8 656c706d 746e656d 6f697461 4011006e
I/DEBUG ( 121): bec7b5e8 bec7ba14 66727553 46656361 676e696c
I/DEBUG ( 121): bec7b5f8 73277265 69616d20 6874206e 64616572
I/DEBUG ( 121): bec7b608 61657220 74207964 7572206f 49202e6e
I/DEBUG ( 121): bec7b618 6974696e 7a696c61 20676e69 70617267
I/DEBUG ( 121): bec7b628 73636968 572f4820 002e2e2e 4175e000
I/DEBUG ( 121):
I/DEBUG ( 121): code around pc:
I/DEBUG ( 121): 40187bd0 e8bd00f0 e3700a01 912fff1e e2600000
I/DEBUG ( 121): 40187be0 ea00ab8e e92d50f0 e3a07f43 ef000000
I/DEBUG ( 121): 40187bf0 e8bd50f0 e3700a01 912fff1e e2600000
I/DEBUG ( 121): 40187c00 ea00ab86 e92d50f0 e3a070ee ef000000
I/DEBUG ( 121): 40187c10 e8bd50f0 e3700a01 912fff1e e2600000
I/DEBUG ( 121): 40187c20 ea00ab7e f200429a bf0080cf f000f891
I/DEBUG ( 121): 40187c30 4001e92d f040f891 d3532a10 0301ea80
I/DEBUG ( 121): 40187c40 0303f013 806ef000 d3262ae0 0300f1c0
I/DEBUG ( 121): 40187c50 030ff013 eba2d021 ea5f0203 bf447cc3
I/DEBUG ( 121): 40187c60 eb01f811 eb01f800 f811bf21 f811cb01
I/DEBUG ( 121): 40187c70 f800eb01 f800cb01 ea5feb01 da037c43
I/DEBUG ( 121): 40187c80 080df9a1 083df980 f921d303 f900070d
I/DEBUG ( 121): 40187c90 f891071d f891f000 3a40f040 f891d30f
I/DEBUG ( 121): 40187ca0 f891f080 f921f0c0 f921020d f891420d
I/DEBUG ( 121): 40187cb0 3a40f0c0 020df900 420df900 f102d2f3
I/DEBUG ( 121): 40187cc0 3a200240 f921d305 3a20020d 020df900
I/DEBUG ( 121):
I/DEBUG ( 121): code around lr:
I/DEBUG ( 121): 40171bb4 f856f002 46206005 460cbd70 6a24480e
I/DEBUG ( 121): 40171bc4 f7f84478 f014eb6a 4621ea46 f0164632
I/DEBUG ( 121): 40171bd4 3001e808 2400bf18 f002d1ea 6804f841
I/DEBUG ( 121): 40171be4 f83ef002 46206005 bf00bd70 00052828
I/DEBUG ( 121): 40171bf4 0005281c 00052806 000527f0 bf74f7ff
I/DEBUG ( 121): 40171c04 4a3d4b3c 43f0e92d 447b460c 4607b08b
I/DEBUG ( 121): 40171c14 589d2616 9309682b f822f002 8000f8d0
I/DEBUG ( 121): 40171c24 4620b13c fed2f016 4606280f 2622bf88
I/DEBUG ( 121): 40171c34 f002d90c 4684f815 f8cc4630 9a098000
I/DEBUG ( 121): 40171c44 42a2682c b00bd154 83f0e8bd ffd6f7ff
I/DEBUG ( 121): 40171c54 d04542b8 44784829 eb1cf7f8 44784828
I/DEBUG ( 121): 40171c64 4287e001 6800d008 d1fa2800 26034825
I/DEBUG ( 121): 40171c74 f7f84478 e7dceb12 f10d4823 6a3f0904
I/DEBUG ( 121): 40171c84 f7f84478 4a21eb0a 4648463b 447a2120
I/DEBUG ( 121): 40171c94 fa54f01b 21014648 fc14f027 3ffff1b0
I/DEBUG ( 121): 40171ca4 d0104681 46214648 f0144632 1c43e946
I/Netd ( 203): Netd 1.0 starting
W/InterfaceController( 203): Warning (dlopen failed: library "/system/lib/libnetcmdiface.so" not found) while opening the net interface command library
I/SurfaceFlinger( 204): SurfaceFlinger is starting
I/SurfaceFlinger( 204): SurfaceFlinger's main thread ready to run. Initializing graphics H/W...
F/libEGL ( 204): couldn't find an OpenGL ES implementation
F/libc ( 204): Fatal signal 6 (SIGABRT) at 0x000000cc (code=-6), thread 204 (surfaceflinger)
I/DEBUG ( 121): *** *** *** *** *** *** *** *** *** *** *** *** *** *** *** ***
I/DEBUG ( 121): Build fingerprint: 'Android/full_grouper/grouper:4.4/KRT16M/12:eng/test-keys'
I/DEBUG ( 121): Revision: '0'
I/DEBUG ( 121): pid: 204, tid: 204, name: surfaceflinger >>> /system/bin/surfaceflinger <<<
I/DEBUG ( 121): signal 6 (SIGABRT), code -6 (SI_TKILL), fault addr --------
I/DEBUG ( 121): r0 00000000 r1 000000cc r2 00000006 r3 00000000
I/DEBUG ( 121): r4 000000cc r5 00000002 r6 00000006 r7 0000010c
I/DEBUG ( 121): r8 00000000 r9 40004bd5 sl 00000000 fp beab9b2c
I/DEBUG ( 121): ip 40bc2c10 sp beab9558 lr 40139bd7 pc 4014fbf0 cpsr 000f0010
I/DEBUG ( 121): d0 2f6d6574736c6166 d1 4242424242424242
I/DEBUG ( 121): d2 0000000a0000000a d3 000000000000000a
I/DEBUG ( 121): d4 0000000000000000 d5 0000000000000000
I/DEBUG ( 121): d6 0000000000000000 d7 0ca9803b00000000
I/DEBUG ( 121): d8 0000000000000000 d9 0000000000000000
I/DEBUG ( 121): d10 0000000000000000 d11 0000000000000000
I/DEBUG ( 121): d12 0000000000000000 d13 0000000000000000
I/DEBUG ( 121): d14 0000000000000000 d15 0000000000000000
I/DEBUG ( 121): d16 0000000a00000008 d17 fffff000fffff000
I/DEBUG ( 121): d18 00000fff00000fff d19 0000000000000000
I/DEBUG ( 121): d20 0000000000000000 d21 0000000000000000
I/DEBUG ( 121): d22 0000000000000000 d23 0000000000000000
I/DEBUG ( 121): d24 0000000000000000 d25 0000000000000000
I/DEBUG ( 121): d26 0000000000000000 d27 0000000000000000
I/DEBUG ( 121): d28 0000000000000000 d29 0000000000000000
I/DEBUG ( 121): d30 0000000000000000 d31 0000000000000000
I/DEBUG ( 121): scr 00000010
I/DEBUG ( 121):
I/DEBUG ( 121): backtrace:
I/DEBUG ( 121): #00 pc 0002bbf0 /system/lib/libc.so (tgkill+12)
I/DEBUG ( 121): #01 pc 00015bd3 /system/lib/libc.so (pthread_kill+86)
I/DEBUG ( 121): #02 pc 00015de3 /system/lib/libc.so (raise+10)
I/DEBUG ( 121): #03 pc 0001458b /system/lib/libc.so
I/DEBUG ( 121): #04 pc 0002b4a4 /system/lib/libc.so (abort+4)
I/DEBUG ( 121): #05 pc 00007c6d /system/lib/libcutils.so (__android_log_assert+60)
I/DEBUG ( 121): #06 pc 0003fa1b /system/lib/libEGL.so
I/DEBUG ( 121): #07 pc 0000ebf1 /system/lib/libEGL.so
I/DEBUG ( 121): #08 pc 0000f76f /system/lib/libEGL.so (eglGetDisplay+10)
I/DEBUG ( 121): #09 pc 0001efd5 /system/lib/libsurfaceflinger.so (android::SurfaceFlinger::init()+52)
I/DEBUG ( 121): #10 pc 00000c39 /system/bin/surfaceflinger
I/DEBUG ( 121): #11 pc 0000de57 /system/lib/libc.so (__libc_init+58)
I/DEBUG ( 121): #12 pc 00000d38 /system/bin/surfaceflinger
I/DEBUG ( 121):
I/DEBUG ( 121): stack:
I/DEBUG ( 121): beab9518 000003ff
I/DEBUG ( 121): beab951c 00004000
I/DEBUG ( 121): beab9520 40bc2c10 [heap]
I/DEBUG ( 121): beab9524 00000000
I/DEBUG ( 121): beab9528 40004bd5 /system/bin/surfaceflinger
I/DEBUG ( 121): beab952c 00000000
I/DEBUG ( 121): beab9530 beab9b2c [stack]
I/DEBUG ( 121): beab9534 401586b9 /system/lib/libc.so (vsnprintf+76)
I/DEBUG ( 121): beab9538 00000000
I/DEBUG ( 121): beab953c 00000000
I/DEBUG ( 121): beab9540 400b006e /system/lib/libcutils.so
I/DEBUG ( 121): beab9544 402757a4 /system/lib/libEGL.so
I/DEBUG ( 121): beab9548 4018c39c
I/DEBUG ( 121): beab954c 400b64fd /system/lib/libcutils.so
I/DEBUG ( 121): beab9550 00000000
I/DEBUG ( 121): beab9554 400b671d /system/lib/libcutils.so (__android_log_write+120)
I/DEBUG ( 121): #00 beab9558 000000cc
I/DEBUG ( 121): beab955c 00000002
I/DEBUG ( 121): beab9560 00000006
I/DEBUG ( 121): beab9564 40bc2c10 [heap]
I/DEBUG ( 121): beab9568 40bc2c10 [heap]
I/DEBUG ( 121): beab956c 40139bd7 /system/lib/libc.so (pthread_kill+90)
I/DEBUG ( 121): #01 beab9570 00000006
I/DEBUG ( 121): beab9574 00000000
I/DEBUG ( 121): beab9578 402757a4 /system/lib/libEGL.so
I/DEBUG ( 121): beab957c 40139de7 /system/lib/libc.so (raise+14)
I/DEBUG ( 121): #02 beab9580 beab9588 [stack]
I/DEBUG ( 121): beab9584 4013858f /system/lib/libc.so
I/DEBUG ( 121):
I/DEBUG ( 121): memory near r9:
I/DEBUG ( 121): 40004bb4 e28cca03 e5bcf43c e28fc600 e28cca03
I/DEBUG ( 121): 40004bc4 e5bcf434 e28fc600 e28cca03 e5bcf42c
I/DEBUG ( 121): 40004bd4 43f0e92d ac05b087 4620ae03 ef4af7ff
I/DEBUG ( 121): 40004be4 98052104 ef4cf7ff f0004620 4630f8cd
I/DEBUG ( 121): 40004bf4 ef40f7ff f7ff9803 f241ef4a f7ff4008
I/DEBUG ( 121): 40004c04 4605ef4c ef4ef7ff b1359500 4669682b
I/DEBUG ( 121): 40004c14 0c0cf853 f7ff4428 2000ef4c 0207f06f
I/DEBUG ( 121): 40004c24 f10d4601 f7ff0810 2101ef4a f7ff2000
I/DEBUG ( 121): 40004c34 9800ef4c ef4ef7ff f7ff4640 9f04ef52
I/DEBUG ( 121): 40004c44 49234620 4479683a 9018f8d2 ef4ef7ff
I/DEBUG ( 121): 40004c54 2b009b00 6858d037 3304ad06 3d10f845
I/DEBUG ( 121): 40004c64 f8504629 44180c0c ef22f7ff 46214638
I/DEBUG ( 121): 40004c74 2300462a 9f0247c8 683ab137 f8524629
I/DEBUG ( 121): 40004c84 44380c0c eef0f7ff f7ff4620 9800ef36
I/DEBUG ( 121): 40004c94 ef38f7ff b1349c04 46416823 0c0cf853
I/DEBUG ( 121): 40004ca4 f7ff4420 9d00eee2 6828b135 f8504669
I/DEBUG ( 121):
I/DEBUG ( 121): memory near fp:
I/DEBUG ( 121): beab9b0c 00000000 00000000 40004d3c 40007e1c
I/DEBUG ( 121): beab9b1c 40007e24 40007e2c beab9b30 00000000
I/DEBUG ( 121): beab9b2c 4005fa27 00000001 beab9c26 00000000
I/DEBUG ( 121): beab9b3c beab9c41 beab9c7e beab9ca6 beab9cb9
I/DEBUG ( 121): beab9b4c beab9cce beab9ce9 beab9cfc beab9d15
I/DEBUG ( 121): beab9b5c beab9d2f beab9d48 beab9f42 beab9f6c
I/DEBUG ( 121): beab9b6c beab9f98 beab9fc2 00000000 00000010
I/DEBUG ( 121): beab9b7c 0000b0d7 00000006 00001000 00000011
I/DEBUG ( 121): beab9b8c 00000064 00000003 40004034 00000004
I/DEBUG ( 121): beab9b9c 00000020 00000005 00000008 00000007
I/DEBUG ( 121): beab9bac 4005c000 00000008 00000000 00000009
I/DEBUG ( 121): beab9bbc 40004cd8 0000000b 000003e8 0000000c
I/DEBUG ( 121): beab9bcc 000003e8 0000000d 000003eb 0000000e
I/DEBUG ( 121): beab9bdc 000003eb 00000017 00000000 00000019
I/DEBUG ( 121): beab9bec beab9c12 0000001f beab9fe1 0000000f
I/DEBUG ( 121): beab9bfc beab9c22 00000000 00000000 00000000
I/DEBUG ( 121):
I/DEBUG ( 121): memory near ip:
I/DEBUG ( 121): 40bc2bf0 40bc2bf8 0000001b 00000001 00000001
I/DEBUG ( 121): 40bc2c00 40bc2bec 00000000 00000000 00000013
I/DEBUG ( 121): 40bc2c10 00000000 00000000 00000000 000000ab
I/DEBUG ( 121): 40bc2c20 40bc10f8 000000d1 40360660 00000000
I/DEBUG ( 121): 40bc2c30 00000000 00000007 00000004 40360688
I/DEBUG ( 121): 40bc2c40 00000000 00000000 00000007 00000004
I/DEBUG ( 121): 40bc2c50 00000000 40bc2cc8 00000004 00000100
I/DEBUG ( 121): 40bc2c60 00000004 00000000 00000000 00000000
I/DEBUG ( 121): 40bc2c70 00000000 00010001 00000000 0000002e
I/DEBUG ( 121): 40bc2c80 00000000 40bc2dd0 00000000 00000100
I/DEBUG ( 121): 40bc2c90 00000000 00000000 00000000 00000000
I/DEBUG ( 121): 40bc2ca0 00000000 00010001 00000000 00000000
I/DEBUG ( 121): 40bc2cb0 6c080028 000000cc 000003e8 00000000
I/DEBUG ( 121): 40bc2cc0 00000000 0000010b 0000720c 00000000
I/DEBUG ( 121): 40bc2cd0 00000000 00000000 00000000 00000000
I/DEBUG ( 121): 40bc2ce0 00000000 00000000 00000000 00000000
I/DEBUG ( 121):
I/DEBUG ( 121): memory near sp:
I/DEBUG ( 121): beab9538 00000000 00000000 400b006e 402757a4
I/DEBUG ( 121): beab9548 4018c39c 400b64fd 00000000 400b671d
I/DEBUG ( 121): beab9558 000000cc 00000002 00000006 40bc2c10
I/DEBUG ( 121): beab9568 40bc2c10 40139bd7 00000006 00000000
I/DEBUG ( 121): beab9578 402757a4 40139de7 beab9588 4013858f
I/DEBUG ( 121): beab9588 ffffffdf 00000004 beab958c 00000001
I/DEBUG ( 121): beab9598 401f9a7c 6aec4859 beab95ec beab95bc
I/DEBUG ( 121): beab95a8 beab99dc 4014f4a8 400b006e 400b6c71
I/DEBUG ( 121): beab95b8 beab99dc 6c756f63 74276e64 6e696620
I/DEBUG ( 121): beab95c8 6e612064 65704f20 204c476e 69205345
I/DEBUG ( 121): beab95d8 656c706d 746e656d 6f697461 400b006e
I/DEBUG ( 121): beab95e8 beab9a14 66727553 46656361 676e696c
I/DEBUG ( 121): beab95f8 73277265 69616d20 6874206e 64616572
I/DEBUG ( 121): beab9608 61657220 74207964 7572206f 49202e6e
I/DEBUG ( 121): beab9618 6974696e 7a696c61 20676e69 70617267
I/DEBUG ( 121): beab9628 73636968 572f4820 002e2e2e 40bbe000
I/DEBUG ( 121):
I/DEBUG ( 121): code around pc:
I/DEBUG ( 121): 4014fbd0 e8bd00f0 e3700a01 912fff1e e2600000
I/DEBUG ( 121): 4014fbe0 ea00ab8e e92d50f0 e3a07f43 ef000000
I/DEBUG ( 121): 4014fbf0 e8bd50f0 e3700a01 912fff1e e2600000
I/DEBUG ( 121): 4014fc00 ea00ab86 e92d50f0 e3a070ee ef000000
I/DEBUG ( 121): 4014fc10 e8bd50f0 e3700a01 912fff1e e2600000
I/DEBUG ( 121): 4014fc20 ea00ab7e f200429a bf0080cf f000f891
I/DEBUG ( 121): 4014fc30 4001e92d f040f891 d3532a10 0301ea80
I/DEBUG ( 121): 4014fc40 0303f013 806ef000 d3262ae0 0300f1c0
I/DEBUG ( 121): 4014fc50 030ff013 eba2d021 ea5f0203 bf447cc3
I/DEBUG ( 121): 4014fc60 eb01f811 eb01f800 f811bf21 f811cb01
I/DEBUG ( 121): 4014fc70 f800eb01 f800cb01 ea5feb01 da037c43
I/DEBUG ( 121): 4014fc80 080df9a1 083df980 f921d303 f900070d
I/DEBUG ( 121): 4014fc90 f891071d f891f000 3a40f040 f891d30f
I/DEBUG ( 121): 4014fca0 f891f080 f921f0c0 f921020d f891420d
I/DEBUG ( 121): 4014fcb0 3a40f0c0 020df900 420df900 f102d2f3
I/DEBUG ( 121): 4014fcc0 3a200240 f921d305 3a20020d 020df900
I/DEBUG ( 121):
I/DEBUG ( 121): code around lr:
I/DEBUG ( 121): 40139bb4 f856f002 46206005 460cbd70 6a24480e
I/DEBUG ( 121): 40139bc4 f7f84478 f014eb6a 4621ea46 f0164632
I/DEBUG ( 121): 40139bd4 3001e808 2400bf18 f002d1ea 6804f841
I/DEBUG ( 121): 40139be4 f83ef002 46206005 bf00bd70 00052828
I/DEBUG ( 121): 40139bf4 0005281c 00052806 000527f0 bf74f7ff
I/DEBUG ( 121): 40139c04 4a3d4b3c 43f0e92d 447b460c 4607b08b
I/DEBUG ( 121): 40139c14 589d2616 9309682b f822f002 8000f8d0
I/DEBUG ( 121): 40139c24 4620b13c fed2f016 4606280f 2622bf88
I/DEBUG ( 121): 40139c34 f002d90c 4684f815 f8cc4630 9a098000
I/DEBUG ( 121): 40139c44 42a2682c b00bd154 83f0e8bd ffd6f7ff
I/DEBUG ( 121): 40139c54 d04542b8 44784829 eb1cf7f8 44784828
I/DEBUG ( 121): 40139c64 4287e001 6800d008 d1fa2800 26034825
I/DEBUG ( 121): 40139c74 f7f84478 e7dceb12 f10d4823 6a3f0904
I/DEBUG ( 121): 40139c84 f7f84478 4a21eb0a 4648463b 447a2120
I/DEBUG ( 121): 40139c94 fa54f01b 21014648 fc14f027 3ffff1b0
I/DEBUG ( 121): 40139ca4 d0104681 46214648 f0144632 1c43e946
I/Netd ( 222): Netd 1.0 starting
W/InterfaceController( 222): Warning (dlopen failed: library "/system/lib/libnetcmdiface.so" not found) while opening the net interface command library
I/SurfaceFlinger( 223): SurfaceFlinger is starting
I/SurfaceFlinger( 223): SurfaceFlinger's main thread ready to run. Initializing graphics H/W...
F/libEGL ( 223): couldn't find an OpenGL ES implementation
F/libc ( 223): Fatal signal 6 (SIGABRT) at 0x000000df (code=-6), thread 223 (surfaceflinger)
I/DEBUG ( 121): *** *** *** *** *** *** *** *** *** *** *** *** *** *** *** ***
I/DEBUG ( 121): Build fingerprint: 'Android/full_grouper/grouper:4.4/KRT16M/12:eng/test-keys'
I/DEBUG ( 121): Revision: '0'
I/DEBUG ( 121): pid: 223, tid: 223, name: surfaceflinger >>> /system/bin/surfaceflinger <<<
I/DEBUG ( 121): signal 6 (SIGABRT), code -6 (SI_TKILL), fault addr --------
I/DEBUG ( 121): r0 00000000 r1 000000df r2 00000006 r3 00000000
I/DEBUG ( 121): r4 000000df r5 00000002 r6 00000006 r7 0000010c
I/DEBUG ( 121): r8 00000000 r9 40009bd5 sl 00000000 fp be9b0b2c
I/DEBUG ( 121): ip 404a9dd0 sp be9b0558 lr 4026dbd7 pc 40283bf0 cpsr 000f0010
I/DEBUG ( 121): d0 2f6d6574736c6166 d1 4242424242424242
I/DEBUG ( 121): d2 0000000a0000000a d3 000000000000000a
I/DEBUG ( 121): d4 0000000000000000 d5 0000000000000000
I/DEBUG ( 121): d6 0000000000000000 d7 299f3e3100000000
I/DEBUG ( 121): d8 0000000000000000 d9 0000000000000000
I/DEBUG ( 121): d10 0000000000000000 d11 0000000000000000
I/DEBUG ( 121): d12 0000000000000000 d13 0000000000000000
I/DEBUG ( 121): d14 0000000000000000 d15 0000000000000000
I/DEBUG ( 121): d16 0000000a00000008 d17 fffff000fffff000
I/DEBUG ( 121): d18 00000fff00000fff d19 0000000000000000
I/DEBUG ( 121): d20 0000000000000000 d21 0000000000000000
I/DEBUG ( 121): d22 0000000000000000 d23 0000000000000000
I/DEBUG ( 121): d24 0000000000000000 d25 0000000000000000
I/DEBUG ( 121): d26 0000000000000000 d27 0000000000000000
I/DEBUG ( 121): d28 0000000000000000 d29 0000000000000000
I/DEBUG ( 121): d30 0000000000000000 d31 0000000000000000
I/DEBUG ( 121): scr 00000010
I/DEBUG ( 121):
I/DEBUG ( 121): backtrace:
I/DEBUG ( 121): #00 pc 0002bbf0 /system/lib/libc.so (tgkill+12)
I/DEBUG ( 121): #01 pc 00015bd3 /system/lib/libc.so (pthread_kill+86)
I/DEBUG ( 121): #02 pc 00015de3 /system/lib/libc.so (raise+10)
I/DEBUG ( 121): #03 pc 0001458b /system/lib/libc.so
I/DEBUG ( 121): #04 pc 0002b4a4 /system/lib/libc.so (abort+4)
I/DEBUG ( 121): #05 pc 00007c6d /system/lib/libcutils.so (__android_log_assert+60)
I/DEBUG ( 121): #06 pc 0003fa1b /system/lib/libEGL.so
I/DEBUG ( 121): #07 pc 0000ebf1 /system/lib/libEGL.so
I/DEBUG ( 121): #08 pc 0000f76f /system/lib/libEGL.so (eglGetDisplay+10)
I/DEBUG ( 121): #09 pc 0001efd5 /system/lib/libsurfaceflinger.so (android::SurfaceFlinger::init()+52)
I/DEBUG ( 121): #10 pc 00000c39 /system/bin/surfaceflinger
I/DEBUG ( 121): #11 pc 0000de57 /system/lib/libc.so (__libc_init+58)
I/DEBUG ( 121): #12 pc 00000d38 /system/bin/surfaceflinger
I/DEBUG ( 121):
I/DEBUG ( 121): stack:
I/DEBUG ( 121): be9b0518 000003ff
I/DEBUG ( 121): be9b051c 00004000
I/DEBUG ( 121): be9b0520 404a9dd0
I/DEBUG ( 121): be9b0524 00000000
I/DEBUG ( 121): be9b0528 40009bd5 /system/bin/surfaceflinger
I/DEBUG ( 121): be9b052c 00000000
I/DEBUG ( 121): be9b0530 be9b0b2c [stack]
I/DEBUG ( 121): be9b0534 4028c6b9 /system/lib/libc.so (vsnprintf+76)
I/DEBUG ( 121): be9b0538 00000000
I/DEBUG ( 121): be9b053c 00000000
I/DEBUG ( 121): be9b0540 4016006e
I/DEBUG ( 121): be9b0544 403247a4 /system/lib/libEGL.so
I/DEBUG ( 121): be9b0548 402c039c
I/DEBUG ( 121): be9b054c 401684fd /system/lib/libcutils.so
I/DEBUG ( 121): be9b0550 00000000
I/DEBUG ( 121): be9b0554 4016871d /system/lib/libcutils.so (__android_log_write+120)
I/DEBUG ( 121): #00 be9b0558 000000df
I/DEBUG ( 121): be9b055c 00000002
I/DEBUG ( 121): be9b0560 00000006
I/DEBUG ( 121): be9b0564 404a9dd0
I/DEBUG ( 121): be9b0568 404a9dd0
I/DEBUG ( 121): be9b056c 4026dbd7 /system/lib/libc.so (pthread_kill+90)
I/DEBUG ( 121): #01 be9b0570 00000006
I/DEBUG ( 121): be9b0574 00000000
I/DEBUG ( 121): be9b0578 403247a4 /system/lib/libEGL.so
I/DEBUG ( 121): be9b057c 4026dde7 /system/lib/libc.so (raise+14)
I/DEBUG ( 121): #02 be9b0580 be9b0588 [stack]
I/DEBUG ( 121): be9b0584 4026c58f /system/lib/libc.so
I/DEBUG ( 121):
I/DEBUG ( 121): memory near r9:
I/DEBUG ( 121): 40009bb4 e28cca03 e5bcf43c e28fc600 e28cca03
I/DEBUG ( 121): 40009bc4 e5bcf434 e28fc600 e28cca03 e5bcf42c
I/DEBUG ( 121): 40009bd4 43f0e92d ac05b087 4620ae03 ef4af7ff
I/DEBUG ( 121): 40009be4 98052104 ef4cf7ff f0004620 4630f8cd
I/DEBUG ( 121): 40009bf4 ef40f7ff f7ff9803 f241ef4a f7ff4008
I/DEBUG ( 121): 40009c04 4605ef4c ef4ef7ff b1359500 4669682b
I/DEBUG ( 121): 40009c14 0c0cf853 f7ff4428 2000ef4c 0207f06f
I/DEBUG ( 121): 40009c24 f10d4601 f7ff0810 2101ef4a f7ff2000
I/DEBUG ( 121): 40009c34 9800ef4c ef4ef7ff f7ff4640 9f04ef52
I/DEBUG ( 121): 40009c44 49234620 4479683a 9018f8d2 ef4ef7ff
I/DEBUG ( 121): 40009c54 2b009b00 6858d037 3304ad06 3d10f845
I/DEBUG ( 121): 40009c64 f8504629 44180c0c ef22f7ff 46214638
I/DEBUG ( 121): 40009c74 2300462a 9f0247c8 683ab137 f8524629
I/DEBUG ( 121): 40009c84 44380c0c eef0f7ff f7ff4620 9800ef36
I/DEBUG ( 121): 40009c94 ef38f7ff b1349c04 46416823 0c0cf853
I/DEBUG ( 121): 40009ca4 f7ff4420 9d00eee2 6828b135 f8504669
I/DEBUG ( 121):
I/DEBUG ( 121): memory near fp:
I/DEBUG ( 121): be9b0b0c 00000000 00000000 40009d3c 4000ce1c
I/DEBUG ( 121): be9b0b1c 4000ce24 4000ce2c be9b0b30 00000000
I/DEBUG ( 121): be9b0b2c 4009ca27 00000001 be9b0c26 00000000
I/DEBUG ( 121): be9b0b3c be9b0c41 be9b0c7e be9b0ca6 be9b0cb9
I/DEBUG ( 121): be9b0b4c be9b0cce be9b0ce9 be9b0cfc be9b0d15
I/DEBUG ( 121): be9b0b5c be9b0d2f be9b0d48 be9b0f42 be9b0f6c
I/DEBUG ( 121): be9b0b6c be9b0f98 be9b0fc2 00000000 00000010
I/DEBUG ( 121): be9b0b7c 0000b0d7 00000006 00001000 00000011
I/DEBUG ( 121): be9b0b8c 00000064 00000003 40009034 00000004
I/DEBUG ( 121): be9b0b9c 00000020 00000005 00000008 00000007
I/DEBUG ( 121): be9b0bac 40099000 00000008 00000000 00000009
I/DEBUG ( 121): be9b0bbc 40009cd8 0000000b 000003e8 0000000c
I/DEBUG ( 121): be9b0bcc 000003e8 0000000d 000003eb 0000000e
I/DEBUG ( 121): be9b0bdc 000003eb 00000017 00000000 00000019
I/DEBUG ( 121): be9b0bec be9b0c12 0000001f be9b0fe1 0000000f
I/DEBUG ( 121): be9b0bfc be9b0c22 00000000 00000000 00000000
I/DEBUG ( 121):
I/DEBUG ( 121): memory near ip:
I/DEBUG ( 121): 404a9db0 404a9db8 0000001b 00000001 00000001
I/DEBUG ( 121): 404a9dc0 404a9dac 00000000 00000000 00000013
I/DEBUG ( 121): 404a9dd0 00000000 00000000 00000000 000000ab
I/DEBUG ( 121): 404a9de0 404a9180 000000e8 403c9660 00000000
I/DEBUG ( 121): 404a9df0 00000000 00000007 00000004 403c9688
I/DEBUG ( 121): 404a9e00 00000000 00000000 00000007 00000004
I/DEBUG ( 121): 404a9e10 00000000 404a9e88 00000004 00000100
I/DEBUG ( 121): 404a9e20 00000004 00000000 00000000 00000000
I/DEBUG ( 121): 404a9e30 00000000 00010001 00000000 00000000
I/DEBUG ( 121): 404a9e40 00000000 407b0418 00000000 00000100
I/DEBUG ( 121): 404a9e50 00000000 00000000 00000000 00000000
I/DEBUG ( 121): 404a9e60 00000000 00010001 00000000 00000000
I/DEBUG ( 121): 404a9e70 00000000 000000df 000003e8 00000000
I/DEBUG ( 121): 404a9e80 00000000 0000010b 0000720c 00000000
I/DEBUG ( 121): 404a9e90 00000000 00000000 00000000 00000000
I/DEBUG ( 121): 404a9ea0 00000000 00000000 00000000 00000000
I/DEBUG ( 121):
I/DEBUG ( 121): memory near sp:
I/DEBUG ( 121): be9b0538 00000000 00000000 4016006e 403247a4
I/DEBUG ( 121): be9b0548 402c039c 401684fd 00000000 4016871d
I/DEBUG ( 121): be9b0558 000000df 00000002 00000006 404a9dd0
I/DEBUG ( 121): be9b0568 404a9dd0 4026dbd7 00000006 00000000
I/DEBUG ( 121): be9b0578 403247a4 4026dde7 be9b0588 4026c58f
I/DEBUG ( 121): be9b0588 ffffffdf 00000004 be9b058c 00000001
I/DEBUG ( 121): be9b0598 4024da7c a25e9856 be9b05ec be9b05bc
I/DEBUG ( 121): be9b05a8 be9b09dc 402834a8 4016006e 40168c71
I/DEBUG ( 121): be9b05b8 be9b09dc 6c756f63 74276e64 6e696620
I/DEBUG ( 121): be9b05c8 6e612064 65704f20 204c476e 69205345
I/DEBUG ( 121): be9b05d8 656c706d 746e656d 6f697461 4016006e
I/DEBUG ( 121): be9b05e8 be9b0a14 66727553 46656361 676e696c
I/DEBUG ( 121): be9b05f8 73277265 69616d20 6874206e 64616572
I/DEBUG ( 121): be9b0608 61657220 74207964 7572206f 49202e6e
I/DEBUG ( 121): be9b0618 6974696e 7a696c61 20676e69 70617267
I/DEBUG ( 121): be9b0628 73636968 572f4820 002e2e2e 402c0198
I/DEBUG ( 121):
I/DEBUG ( 121): code around pc:
I/DEBUG ( 121): 40283bd0 e8bd00f0 e3700a01 912fff1e e2600000
I/DEBUG ( 121): 40283be0 ea00ab8e e92d50f0 e3a07f43 ef000000
I/DEBUG ( 121): 40283bf0 e8bd50f0 e3700a01 912fff1e e2600000
I/DEBUG ( 121): 40283c00 ea00ab86 e92d50f0 e3a070ee ef000000
I/DEBUG ( 121): 40283c10 e8bd50f0 e3700a01 912fff1e e2600000
I/DEBUG ( 121): 40283c20 ea00ab7e f200429a bf0080cf f000f891
I/DEBUG ( 121): 40283c30 4001e92d f040f891 d3532a10 0301ea80
I/DEBUG ( 121): 40283c40 0303f013 806ef000 d3262ae0 0300f1c0
I/DEBUG ( 121): 40283c50 030ff013 eba2d021 ea5f0203 bf447cc3
I/DEBUG ( 121): 40283c60 eb01f811 eb01f800 f811bf21 f811cb01
I/DEBUG ( 121): 40283c70 f800eb01 f800cb01 ea5feb01 da037c43
I/DEBUG ( 121): 40283c80 080df9a1 083df980 f921d303 f900070d
I/DEBUG ( 121): 40283c90 f891071d f891f000 3a40f040 f891d30f
I/DEBUG ( 121): 40283ca0 f891f080 f921f0c0 f921020d f891420d
I/DEBUG ( 121): 40283cb0 3a40f0c0 020df900 420df900 f102d2f3
I/DEBUG ( 121): 40283cc0 3a200240 f921d305 3a20020d 020df900
I/DEBUG ( 121):
I/DEBUG ( 121): code around lr:
I/DEBUG ( 121): 4026dbb4 f856f002 46206005 460cbd70 6a24480e
I/DEBUG ( 121): 4026dbc4 f7f84478 f014eb6a 4621ea46 f0164632
I/DEBUG ( 121): 4026dbd4 3001e808 2400bf18 f002d1ea 6804f841
I/DEBUG ( 121): 4026dbe4 f83ef002 46206005 bf00bd70 00052828
I/DEBUG ( 121): 4026dbf4 0005281c 00052806 000527f0 bf74f7ff
I/DEBUG ( 121): 4026dc04 4a3d4b3c 43f0e92d 447b460c 4607b08b
I/DEBUG ( 121): 4026dc14 589d2616 9309682b f822f002 8000f8d0
I/DEBUG ( 121): 4026dc24 4620b13c fed2f016 4606280f 2622bf88
I/DEBUG ( 121): 4026dc34 f002d90c 4684f815 f8cc4630 9a098000
I/DEBUG ( 121): 4026dc44 42a2682c b00bd154 83f0e8bd ffd6f7ff
I/DEBUG ( 121): 4026dc54 d04542b8 44784829 eb1cf7f8 44784828
I/DEBUG ( 121): 4026dc64 4287e001 6800d008 d1fa2800 26034825
I/DEBUG ( 121): 4026dc74 f7f84478 e7dceb12 f10d4823 6a3f0904
I/DEBUG ( 121): 4026dc84 f7f84478 4a21eb0a 4648463b 447a2120
I/DEBUG ( 121): 4026dc94 fa54f01b 21014648 fc14f027 3ffff1b0
I/DEBUG ( 121): 4026dca4 d0104681 46214648 f0144632 1c43e946
I/mediaserver( 225): ServiceManager: 0x40ed7420
I/AudioFlinger( 225): Using default 3000 mSec as standby time.
I/CameraService( 225): CameraService started (pid=225)
E/CameraService( 225): Could not load camera HAL module
I/AudioPolicyManagerBase( 225): loadAudioPolicyConfig() loaded /system/etc/audio_policy.conf
I/AudioFlinger( 225): loadHwModule() Loaded primary audio interface from Grouper audio HW HAL (audio) handle 1
I/AudioFlinger( 225): HAL output buffer size 512 frames, normal mix buffer size 1024 frames
I/ServiceManager( 117): service 'media.audio_flinger' died
I/ServiceManager( 117): service 'media.player' died
I/ServiceManager( 117): service 'media.camera' died
I/Netd ( 277): Netd 1.0 starting
W/InterfaceController( 277): Warning (dlopen failed: library "/system/lib/libnetcmdiface.so" not found) while opening the net interface command library
I/SurfaceFlinger( 278): SurfaceFlinger is starting
I/SurfaceFlinger( 278): SurfaceFlinger's main thread ready to run. Initializing graphics H/W...
F/libEGL ( 278): couldn't find an OpenGL ES implementation
F/libc ( 278): Fatal signal 6 (SIGABRT) at 0x00000116 (code=-6), thread 278 (surfaceflinger)
I/DEBUG ( 121): *** *** *** *** *** *** *** *** *** *** *** *** *** *** *** ***
I/DEBUG ( 121): Build fingerprint: 'Android/full_grouper/grouper:4.4/KRT16M/12:eng/test-keys'
I/DEBUG ( 121): Revision: '0'
I/DEBUG ( 121): pid: 278, tid: 278, name: surfaceflinger >>> /system/bin/surfaceflinger <<<
I/DEBUG ( 121): signal 6 (SIGABRT), code -6 (SI_TKILL), fault addr --------
I/DEBUG ( 121): r0 00000000 r1 00000116 r2 00000006 r3 00000000
I/DEBUG ( 121): r4 00000116 r5 00000002 r6 00000006 r7 0000010c
I/DEBUG ( 121): r8 00000000 r9 400a3bd5 sl 00000000 fp bef39b2c
I/DEBUG ( 121): ip 41929c10 sp bef39558 lr 401bebd7 pc 401d4bf0 cpsr 000f0010
I/DEBUG ( 121): d0 2f6d6574736c6166 d1 4242424242424242
I/DEBUG ( 121): d2 0000000a0000000a d3 000000000000000a
I/DEBUG ( 121): d4 0000000000000000 d5 0000000000000000
I/DEBUG ( 121): d6 0000000000000000 d7 04ff925200000000
I/DEBUG ( 121): d8 0000000000000000 d9 0000000000000000
I/DEBUG ( 121): d10 0000000000000000 d11 0000000000000000
I/DEBUG ( 121): d12 0000000000000000 d13 0000000000000000
I/DEBUG ( 121): d14 0000000000000000 d15 0000000000000000
I/DEBUG ( 121): d16 0000000a00000008 d17 fffff000fffff000
I/DEBUG ( 121): d18 00000fff00000fff d19 0000000000000000
I/DEBUG ( 121): d20 0000000000000000 d21 0000000000000000
I/DEBUG ( 121): d22 0000000000000000 d23 0000000000000000
I/DEBUG ( 121): d24 0000000000000000 d25 0000000000000000
I/DEBUG ( 121): d26 0000000000000000 d27 0000000000000000
I/DEBUG ( 121): d28 0000000000000000 d29 0000000000000000
I/DEBUG ( 121): d30 0000000000000000 d31 0000000000000000
I/DEBUG ( 121): scr 00000010
I/DEBUG ( 121):
I/DEBUG ( 121): backtrace:
I/DEBUG ( 121): #00 pc 0002bbf0 /system/lib/libc.so (tgkill+12)
I/DEBUG ( 121): #01 pc 00015bd3 /system/lib/libc.so (pthread_kill+86)
I/DEBUG ( 121): #02 pc 00015de3 /system/lib/libc.so (raise+10)
I/DEBUG ( 121): #03 pc 0001458b /system/lib/libc.so
I/DEBUG ( 121): #04 pc 0002b4a4 /system/lib/libc.so (abort+4)
I/DEBUG ( 121): #05 pc 00007c6d /system/lib/libcutils.so (__android_log_assert+60)
I/DEBUG ( 121): #06 pc 0003fa1b /system/lib/libEGL.so
I/DEBUG ( 121): #07 pc 0000ebf1 /system/lib/libEGL.so
I/DEBUG ( 121): #08 pc 0000f76f /system/lib/libEGL.so (eglGetDisplay+10)
I/DEBUG ( 121): #09 pc 0001efd5 /system/lib/libsurfaceflinger.so (android::SurfaceFlinger::init()+52)
I/DEBUG ( 121): #10 pc 00000c39 /system/bin/surfaceflinger
I/DEBUG ( 121): #11 pc 0000de57 /system/lib/libc.so (__libc_init+58)
I/DEBUG ( 121): #12 pc 00000d38 /system/bin/surfaceflinger
I/DEBUG ( 121):
I/DEBUG ( 121): stack:
I/DEBUG ( 121): bef39518 000003ff
I/DEBUG ( 121): bef3951c 00004000
I/DEBUG ( 121): bef39520 41929c10 [heap]
I/DEBUG ( 121): bef39524 00000000
I/DEBUG ( 121): bef39528 400a3bd5 /system/bin/surfaceflinger
I/DEBUG ( 121): bef3952c 00000000
I/DEBUG ( 121): bef39530 bef39b2c [stack]
I/DEBUG ( 121): bef39534 401dd6b9 /system/lib/libc.so (vsnprintf+76)
I/DEBUG ( 121): bef39538 00000000
I/DEBUG ( 121): bef3953c 00000000
I/DEBUG ( 121): bef39540 400f006e /system/lib/libcutils.so
I/DEBUG ( 121): bef39544 402f17a4 /system/lib/libEGL.so
I/DEBUG ( 121): bef39548 4021139c
I/DEBUG ( 121): bef3954c 400f44fd /system/lib/libcutils.so
I/DEBUG ( 121): bef39550 00000000
I/DEBUG ( 121): bef39554 400f471d /system/lib/libcutils.so (__android_log_write+120)
I/DEBUG ( 121): #00 bef39558 00000116
I/DEBUG ( 121): bef3955c 00000002
I/DEBUG ( 121): bef39560 00000006
I/DEBUG ( 121): bef39564 41929c10 [heap]
I/DEBUG ( 121): bef39568 41929c10 [heap]
I/DEBUG ( 121): bef3956c 401bebd7 /system/lib/libc.so (pthread_kill+90)
I/DEBUG ( 121): #01 bef39570 00000006
I/DEBUG ( 121): bef39574 00000000
I/DEBUG ( 121): bef39578 402f17a4 /system/lib/libEGL.so
I/DEBUG ( 121): bef3957c 401bede7 /system/lib/libc.so (raise+14)
I/DEBUG ( 121): #02 bef39580 bef39588 [stack]
I/DEBUG ( 121): bef39584 401bd58f /system/lib/libc.so
I/DEBUG ( 121):
I/DEBUG ( 121): memory near r9:
I/DEBUG ( 121): 400a3bb4 e28cca03 e5bcf43c e28fc600 e28cca03
I/DEBUG ( 121): 400a3bc4 e5bcf434 e28fc600 e28cca03 e5bcf42c
I/DEBUG ( 121): 400a3bd4 43f0e92d ac05b087 4620ae03 ef4af7ff
I/DEBUG ( 121): 400a3be4 98052104 ef4cf7ff f0004620 4630f8cd
I/DEBUG ( 121): 400a3bf4 ef40f7ff f7ff9803 f241ef4a f7ff4008
I/DEBUG ( 121): 400a3c04 4605ef4c ef4ef7ff b1359500 4669682b
I/DEBUG ( 121): 400a3c14 0c0cf853 f7ff4428 2000ef4c 0207f06f
I/DEBUG ( 121): 400a3c24 f10d4601 f7ff0810 2101ef4a f7ff2000
I/DEBUG ( 121): 400a3c34 9800ef4c ef4ef7ff f7ff4640 9f04ef52
I/DEBUG ( 121): 400a3c44 49234620 4479683a 9018f8d2 ef4ef7ff
I/DEBUG ( 121): 400a3c54 2b009b00 6858d037 3304ad06 3d10f845
I/DEBUG ( 121): 400a3c64 f8504629 44180c0c ef22f7ff 46214638
I/DEBUG ( 121): 400a3c74 2300462a 9f0247c8 683ab137 f8524629
I/DEBUG ( 121): 400a3c84 44380c0c eef0f7ff f7ff4620 9800ef36
I/DEBUG ( 121): 400a3c94 ef38f7ff b1349c04 46416823 0c0cf853
I/DEBUG ( 121): 400a3ca4 f7ff4420 9d00eee2 6828b135 f8504669
I/DEBUG ( 121):
I/DEBUG ( 121): memory near fp:
I/DEBUG ( 121): bef39b0c 00000000 00000000 400a3d3c 400a6e1c
I/DEBUG ( 121): bef39b1c 400a6e24 400a6e2c bef39b30 00000000
I/DEBUG ( 121): bef39b2c 40194a27 00000001 bef39c26 00000000
I/DEBUG ( 121): bef39b3c bef39c41 bef39c7e bef39ca6 bef39cb9
I/DEBUG ( 121): bef39b4c bef39cce bef39ce9 bef39cfc bef39d15
I/DEBUG ( 121): bef39b5c bef39d2f bef39d48 bef39f42 bef39f6c
I/DEBUG ( 121): bef39b6c bef39f98 bef39fc2 00000000 00000010
I/DEBUG ( 121): bef39b7c 0000b0d7 00000006 00001000 00000011
I/DEBUG ( 121): bef39b8c 00000064 00000003 400a3034 00000004
I/DEBUG ( 121): bef39b9c 00000020 00000005 00000008 00000007
I/DEBUG ( 121): bef39bac 40191000 00000008 00000000 00000009
I/DEBUG ( 121): bef39bbc 400a3cd8 0000000b 000003e8 0000000c
I/DEBUG ( 121): bef39bcc 000003e8 0000000d 000003eb 0000000e
I/DEBUG ( 121): bef39bdc 000003eb 00000017 00000000 00000019
I/DEBUG ( 121): bef39bec bef39c12 0000001f bef39fe1 0000000f
I/DEBUG ( 121): bef39bfc bef39c22 00000000 00000000 00000000
I/DEBUG ( 121):
I/DEBUG ( 121): memory near ip:
I/DEBUG ( 121): 41929bf0 41929bf8 0000001b 00000001 00000001
I/DEBUG ( 121): 41929c00 41929bec 00000000 00000000 00000013
I/DEBUG ( 121): 41929c10 00000000 00000000 00000000 000000ab
I/DEBUG ( 121): 41929c20 419280f8 0000011b 40131660 00000000
I/DEBUG ( 121): 41929c30 00000000 00000007 00000004 40131688
I/DEBUG ( 121): 41929c40 00000000 00000000 00000007 00000004
I/DEBUG ( 121): 41929c50 00000000 41929cc8 00000004 00000100
I/DEBUG ( 121): 41929c60 00000004 00000000 00000000 00000000
I/DEBUG ( 121): 41929c70 00000000 00010001 00000000 0000002e
I/DEBUG ( 121): 41929c80 00000000 41929dd0 00000000 00000100
I/DEBUG ( 121): 41929c90 00000000 00000000 00000000 00000000
I/DEBUG ( 121): 41929ca0 00000000 00010001 00000000 00000000
I/DEBUG ( 121): 41929cb0 6c080028 00000116 000003e8 00000000
I/DEBUG ( 121): 41929cc0 00000000 0000010b 0000720c 00000000
I/DEBUG ( 121): 41929cd0 00000000 00000000 00000000 00000000
I/DEBUG ( 121): 41929ce0 00000000 00000000 00000000 00000000
I/DEBUG ( 121):
I/DEBUG ( 121): memory near sp:
I/DEBUG ( 121): bef39538 00000000 00000000 400f006e 402f17a4
I/DEBUG ( 121): bef39548 4021139c 400f44fd 00000000 400f471d
I/DEBUG ( 121): bef39558 00000116 00000002 00000006 41929c10
I/DEBUG ( 121): bef39568 41929c10 401bebd7 00000006 00000000
I/DEBUG ( 121): bef39578 402f17a4 401bede7 bef39588 401bd58f
I/DEBUG ( 121): bef39588 ffffffdf 00000004 bef3958c 00000001
I/DEBUG ( 121): bef39598 4028fa7c 579b52e8 bef395ec bef395bc
I/DEBUG ( 121): bef395a8 bef399dc 401d44a8 400f006e 400f4c71
I/DEBUG ( 121): bef395b8 bef399dc 6c756f63 74276e64 6e696620
I/DEBUG ( 121): bef395c8 6e612064 65704f20 204c476e 69205345
I/DEBUG ( 121): bef395d8 656c706d 746e656d 6f697461 400f006e
I/DEBUG ( 121): bef395e8 bef39a14 66727553 46656361 676e696c
I/DEBUG ( 121): bef395f8 73277265 69616d20 6874206e 64616572
I/DEBUG ( 121): bef39608 61657220 74207964 7572206f 49202e6e
I/DEBUG ( 121): bef39618 6974696e 7a696c61 20676e69 70617267
I/DEBUG ( 121): bef39628 73636968 572f4820 002e2e2e 41925000
I/DEBUG ( 121):
I/DEBUG ( 121): code around pc:
I/DEBUG ( 121): 401d4bd0 e8bd00f0 e3700a01 912fff1e e2600000
I/DEBUG ( 121): 401d4be0 ea00ab8e e92d50f0 e3a07f43 ef000000
I/DEBUG ( 121): 401d4bf0 e8bd50f0 e3700a01 912fff1e e2600000
I/DEBUG ( 121): 401d4c00 ea00ab86 e92d50f0 e3a070ee ef000000
I/DEBUG ( 121): 401d4c10 e8bd50f0 e3700a01 912fff1e e2600000
I/DEBUG ( 121): 401d4c20 ea00ab7e f200429a bf0080cf f000f891
I/DEBUG ( 121): 401d4c30 4001e92d f040f891 d3532a10 0301ea80
I/DEBUG ( 121): 401d4c40 0303f013 806ef000 d3262ae0 0300f1c0
I/DEBUG ( 121): 401d4c50 030ff013 eba2d021 ea5f0203 bf447cc3
I/DEBUG ( 121): 401d4c60 eb01f811 eb01f800 f811bf21 f811cb01
I/DEBUG ( 121): 401d4c70 f800eb01 f800cb01 ea5feb01 da037c43
I/DEBUG ( 121): 401d4c80 080df9a1 083df980 f921d303 f900070d
I/DEBUG ( 121): 401d4c90 f891071d f891f000 3a40f040 f891d30f
I/DEBUG ( 121): 401d4ca0 f891f080 f921f0c0 f921020d f891420d
I/DEBUG ( 121): 401d4cb0 3a40f0c0 020df900 420df900 f102d2f3
I/DEBUG ( 121): 401d4cc0 3a200240 f921d305 3a20020d 020df900
I/DEBUG ( 121):
I/DEBUG ( 121): code around lr:
I/DEBUG ( 121): 401bebb4 f856f002 46206005 460cbd70 6a24480e
I/DEBUG ( 121): 401bebc4 f7f84478 f014eb6a 4621ea46 f0164632
I/DEBUG ( 121): 401bebd4 3001e808 2400bf18 f002d1ea 6804f841
I/DEBUG ( 121): 401bebe4 f83ef002 46206005 bf00bd70 00052828
I/DEBUG ( 121): 401bebf4 0005281c 00052806 000527f0 bf74f7ff
I/DEBUG ( 121): 401bec04 4a3d4b3c 43f0e92d 447b460c 4607b08b
I/DEBUG ( 121): 401bec14 589d2616 9309682b f822f002 8000f8d0
I/DEBUG ( 121): 401bec24 4620b13c fed2f016 4606280f 2622bf88
I/DEBUG ( 121): 401bec34 f002d90c 4684f815 f8cc4630 9a098000
I/DEBUG ( 121): 401bec44 42a2682c b00bd154 83f0e8bd ffd6f7ff
I/DEBUG ( 121): 401bec54 d04542b8 44784829 eb1cf7f8 44784828
I/DEBUG ( 121): 401bec64 4287e001 6800d008 d1fa2800 26034825
I/DEBUG ( 121): 401bec74 f7f84478 e7dceb12 f10d4823 6a3f0904
I/DEBUG ( 121): 401bec84 f7f84478 4a21eb0a 4648463b 447a2120
I/DEBUG ( 121): 401bec94 fa54f01b 21014648 fc14f027 3ffff1b0
I/DEBUG ( 121): 401beca4 d0104681 46214648 f0144632 1c43e946
I/mediaserver( 281): ServiceManager: 0x411aa420
I/AudioFlinger( 281): Using default 3000 mSec as standby time.
I/CameraService( 281): CameraService started (pid=281)
E/CameraService( 281): Could not load camera HAL module
I/AudioPolicyManagerBase( 281): loadAudioPolicyConfig() loaded /system/etc/audio_policy.conf
I/AudioFlinger( 281): loadHwModule() Loaded primary audio interface from Grouper audio HW HAL (audio) handle 1
I/AudioFlinger( 281): HAL output buffer size 512 frames, normal mix buffer size 1024 frames
I/AudioMixer( 281): found effect "Multichannel Downmix To Stereo" from The Android Open Source Project
E/MonoPipe( 281): Failed to fetch local time frequency when constructing a MonoPipe (res = -32). getNextWriteTimestamp calls will be non-functional
I/ServiceManager( 117): service 'media.audio_flinger' died
I/ServiceManager( 117): service 'media.player' died
I/ServiceManager( 117): service 'media.camera' died
I/Netd ( 311): Netd 1.0 starting
W/InterfaceController( 311): Warning (dlopen failed: library "/system/lib/libnetcmdiface.so" not found) while opening the net interface command library
I/SurfaceFlinger( 312): SurfaceFlinger is starting
I/SurfaceFlinger( 312): SurfaceFlinger's main thread ready to run. Initializing graphics H/W...
F/libEGL ( 312): couldn't find an OpenGL ES implementation
F/libc ( 312): Fatal signal 6 (SIGABRT) at 0x00000138 (code=-6), thread 312 (surfaceflinger)
I/DEBUG ( 121): *** *** *** *** *** *** *** *** *** *** *** *** *** *** *** ***
I/DEBUG ( 121): Build fingerprint: 'Android/full_grouper/grouper:4.4/KRT16M/12:eng/test-keys'
I/DEBUG ( 121): Revision: '0'
I/DEBUG ( 121): pid: 312, tid: 312, name: surfaceflinger >>> /system/bin/surfaceflinger <<<
I/DEBUG ( 121): signal 6 (SIGABRT), code -6 (SI_TKILL), fault addr --------
I/mediaserver( 314): ServiceManager: 0x40e13178
I/AudioFlinger( 314): Using default 3000 mSec as standby time.
I/CameraService( 314): CameraService started (pid=314)
E/CameraService( 314): Could not load camera HAL module
I/AudioPolicyManagerBase( 314): loadAudioPolicyConfig() loaded /system/etc/audio_policy.conf
I/DEBUG ( 121): r0 00000000 r1 00000138 r2 00000006 r3 00000000
I/DEBUG ( 121): r4 00000138 r5 00000002 r6 00000006 r7 0000010c
I/DEBUG ( 121): r8 00000000 r9 400d2bd5 sl 00000000 fp be854b2c
I/DEBUG ( 121): ip 40c6fc10 sp be854558 lr 4017dbd7 pc 40193bf0 cpsr 000f0010
I/DEBUG ( 121): d0 2f6d6574736c6166 d1 4242424242424242
I/DEBUG ( 121): d2 0000000a0000000a d3 000000000000000a
I/DEBUG ( 121): d4 0000000000000000 d5 0000000000000000
I/DEBUG ( 121): d6 0000000000000000 d7 14f5343300000000
I/DEBUG ( 121): d8 0000000000000000 d9 0000000000000000
I/DEBUG ( 121): d10 0000000000000000 d11 0000000000000000
I/DEBUG ( 121): d12 0000000000000000 d13 0000000000000000
I/DEBUG ( 121): d14 0000000000000000 d15 0000000000000000
I/DEBUG ( 121): d16 0000000a00000008 d17 fffff000fffff000
I/DEBUG ( 121): d18 00000fff00000fff d19 0000000000000000
I/DEBUG ( 121): d20 0000000000000000 d21 0000000000000000
I/DEBUG ( 121): d22 0000000000000000 d23 0000000000000000
I/DEBUG ( 121): d24 0000000000000000 d25 0000000000000000
I/DEBUG ( 121): d26 0000000000000000 d27 0000000000000000
I/DEBUG ( 121): d28 0000000000000000 d29 0000000000000000
I/DEBUG ( 121): d30 0000000000000000 d31 0000000000000000
I/DEBUG ( 121): scr 00000010
I/AudioFlinger( 314): loadHwModule() Loaded primary audio interface from Grouper audio HW HAL (audio) handle 1
I/AudioFlinger( 314): HAL output buffer size 512 frames, normal mix buffer size 1024 frames
I/AudioMixer( 314): found effect "Multichannel Downmix To Stereo" from The Android Open Source Project
I/DEBUG ( 121):
I/DEBUG ( 121): backtrace:
I/DEBUG ( 121): #00 pc 0002bbf0 /system/lib/libc.so (tgkill+12)
I/DEBUG ( 121): #01 pc 00015bd3 /system/lib/libc.so (pthread_kill+86)
I/DEBUG ( 121): #02 pc 00015de3 /system/lib/libc.so (raise+10)
I/DEBUG ( 121): #03 pc 0001458b /system/lib/libc.so
I/DEBUG ( 121): #04 pc 0002b4a4 /system/lib/libc.so (abort+4)
I/DEBUG ( 121): #05 pc 00007c6d /system/lib/libcutils.so (__android_log_assert+60)
I/DEBUG ( 121): #06 pc 0003fa1b /system/lib/libEGL.so
I/DEBUG ( 121): #07 pc 0000ebf1 /system/lib/libEGL.so
I/DEBUG ( 121): #08 pc 0000f76f /system/lib/libEGL.so (eglGetDisplay+10)
E/MonoPipe( 314): Failed to fetch local time frequency when constructing a MonoPipe (res = -32). getNextWriteTimestamp calls will be non-functional
I/DEBUG ( 121): #09 pc 0001efd5 /system/lib/libsurfaceflinger.so (android::SurfaceFlinger::init()+52)
I/DEBUG ( 121): #10 pc 00000c39 /system/bin/surfaceflinger
I/DEBUG ( 121): #11 pc 0000de57 /system/lib/libc.so (__libc_init+58)
I/DEBUG ( 121): #12 pc 00000d38 /system/bin/surfaceflinger
I/DEBUG ( 121):
I/DEBUG ( 121): stack:
I/DEBUG ( 121): be854518 000003ff
I/DEBUG ( 121): be85451c 00004000
I/DEBUG ( 121): be854520 40c6fc10 [heap]
I/DEBUG ( 121): be854524 00000000
I/DEBUG ( 121): be854528 400d2bd5 /system/bin/surfaceflinger
I/DEBUG ( 121): be85452c 00000000
I/DEBUG ( 121): be854530 be854b2c [stack]
I/DEBUG ( 121): be854534 4019c6b9 /system/lib/libc.so (vsnprintf+76)
I/DEBUG ( 121): be854538 00000000
I/DEBUG ( 121): be85453c 00000000
I/DEBUG ( 121): be854540 4016006e /system/lib/libcutils.so
I/DEBUG ( 121): be854544 402637a4 /system/lib/libEGL.so
I/DEBUG ( 121): be854548 401d039c
I/DEBUG ( 121): be85454c 401604fd /system/lib/libcutils.so
I/DEBUG ( 121): be854550 00000000
I/DEBUG ( 121): be854554 4016071d /system/lib/libcutils.so (__android_log_write+120)
I/DEBUG ( 121): #00 be854558 00000138
I/DEBUG ( 121): be85455c 00000002
I/DEBUG ( 121): be854560 00000006
I/DEBUG ( 121): be854564 40c6fc10 [heap]
I/DEBUG ( 121): be854568 40c6fc10 [heap]
I/DEBUG ( 121): be85456c 4017dbd7 /system/lib/libc.so (pthread_kill+90)
I/DEBUG ( 121): #01 be854570 00000006
I/DEBUG ( 121): be854574 00000000
I/DEBUG ( 121): be854578 402637a4 /system/lib/libEGL.so
I/DEBUG ( 121): be85457c 4017dde7 /system/lib/libc.so (raise+14)
I/DEBUG ( 121): #02 be854580 be854588 [stack]
I/DEBUG ( 121): be854584 4017c58f /system/lib/libc.so
I/DEBUG ( 121):
I/DEBUG ( 121): memory near r9:
I/DEBUG ( 121): 400d2bb4 e28cca03 e5bcf43c e28fc600 e28cca03
I/DEBUG ( 121): 400d2bc4 e5bcf434 e28fc600 e28cca03 e5bcf42c
I/DEBUG ( 121): 400d2bd4 43f0e92d ac05b087 4620ae03 ef4af7ff
I/DEBUG ( 121): 400d2be4 98052104 ef4cf7ff f0004620 4630f8cd
I/DEBUG ( 121): 400d2bf4 ef40f7ff f7ff9803 f241ef4a f7ff4008
I/DEBUG ( 121): 400d2c04 4605ef4c ef4ef7ff b1359500 4669682b
I/DEBUG ( 121): 400d2c14 0c0cf853 f7ff4428 2000ef4c 0207f06f
I/DEBUG ( 121): 400d2c24 f10d4601 f7ff0810 2101ef4a f7ff2000
I/DEBUG ( 121): 400d2c34 9800ef4c ef4ef7ff f7ff4640 9f04ef52
I/DEBUG ( 121): 400d2c44 49234620 4479683a 9018f8d2 ef4ef7ff
I/DEBUG ( 121): 400d2c54 2b009b00 6858d037 3304ad06 3d10f845
I/DEBUG ( 121): 400d2c64 f8504629 44180c0c ef22f7ff 46214638
I/DEBUG ( 121): 400d2c74 2300462a 9f0247c8 683ab137 f8524629
I/DEBUG ( 121): 400d2c84 44380c0c eef0f7ff f7ff4620 9800ef36
I/DEBUG ( 121): 400d2c94 ef38f7ff b1349c04 46416823 0c0cf853
I/DEBUG ( 121): 400d2ca4 f7ff4420 9d00eee2 6828b135 f8504669
I/DEBUG ( 121):
I/DEBUG ( 121): memory near fp:
I/DEBUG ( 121): be854b0c 00000000 00000000 400d2d3c 400d5e1c
I/DEBUG ( 121): be854b1c 400d5e24 400d5e2c be854b30 00000000
I/DEBUG ( 121): be854b2c 40104a27 00000001 be854c26 00000000
