I/DEBUG ( 121): be854b3c be854c41 be854c7e be854ca6 be854cb9
I/DEBUG ( 121): be854b4c be854cce be854ce9 be854cfc be854d15
I/DEBUG ( 121): be854b5c be854d2f be854d48 be854f42 be854f6c
I/DEBUG ( 121): be854b6c be854f98 be854fc2 00000000 00000010
I/DEBUG ( 121): be854b7c 0000b0d7 00000006 00001000 00000011
I/DEBUG ( 121): be854b8c 00000064 00000003 400d2034 00000004
I/DEBUG ( 121): be854b9c 00000020 00000005 00000008 00000007
I/DEBUG ( 121): be854bac 40101000 00000008 00000000 00000009
I/DEBUG ( 121): be854bbc 400d2cd8 0000000b 000003e8 0000000c
I/DEBUG ( 121): be854bcc 000003e8 0000000d 000003eb 0000000e
I/DEBUG ( 121): be854bdc 000003eb 00000017 00000000 00000019
I/DEBUG ( 121): be854bec be854c12 0000001f be854fe1 0000000f
I/DEBUG ( 121): be854bfc be854c22 00000000 00000000 00000000
I/DEBUG ( 121):
I/DEBUG ( 121): memory near ip:
I/DEBUG ( 121): 40c6fbf0 40c6fbf8 0000001b 00000001 00000001
I/DEBUG ( 121): 40c6fc00 40c6fbec 00000000 00000000 00000013
I/DEBUG ( 121): 40c6fc10 00000000 00000000 00000000 000000ab
I/DEBUG ( 121): 40c6fc20 40c6e0f8 0000013d 40357660 00000000
I/DEBUG ( 121): 40c6fc30 00000000 00000007 00000004 40357688
I/DEBUG ( 121): 40c6fc40 00000000 00000000 00000007 00000004
I/DEBUG ( 121): 40c6fc50 00000000 40c6fcc8 00000004 00000100
I/DEBUG ( 121): 40c6fc60 00000004 00000000 00000000 00000000
I/DEBUG ( 121): 40c6fc70 00000000 00010001 00000000 0000002e
I/DEBUG ( 121): 40c6fc80 00000000 40c6fdd0 00000000 00000100
I/DEBUG ( 121): 40c6fc90 00000000 00000000 00000000 00000000
I/DEBUG ( 121): 40c6fca0 00000000 00010001 00000000 00000000
I/DEBUG ( 121): 40c6fcb0 6c080028 00000138 000003e8 00000000
I/DEBUG ( 121): 40c6fcc0 00000000 0000010b 0000720c 00000000
I/DEBUG ( 121): 40c6fcd0 00000000 00000000 00000000 00000000
I/DEBUG ( 121): 40c6fce0 00000000 00000000 00000000 00000000
I/DEBUG ( 121):
I/DEBUG ( 121): memory near sp:
I/DEBUG ( 121): be854538 00000000 00000000 4016006e 402637a4
I/DEBUG ( 121): be854548 401d039c 401604fd 00000000 4016071d
I/DEBUG ( 121): be854558 00000138 00000002 00000006 40c6fc10
I/DEBUG ( 121): be854568 40c6fc10 4017dbd7 00000006 00000000
I/DEBUG ( 121): be854578 402637a4 4017dde7 be854588 4017c58f
I/DEBUG ( 121): be854588 ffffffdf 00000004 be85458c 00000001
I/DEBUG ( 121): be854598 4014ea7c aef13e25 be8545ec be8545bc
I/DEBUG ( 121): be8545a8 be8549dc 401934a8 4016006e 40160c71
I/DEBUG ( 121): be8545b8 be8549dc 6c756f63 74276e64 6e696620
I/DEBUG ( 121): be8545c8 6e612064 65704f20 204c476e 69205345
I/DEBUG ( 121): be8545d8 656c706d 746e656d 6f697461 4016006e
I/DEBUG ( 121): be8545e8 be854a14 66727553 46656361 676e696c
I/DEBUG ( 121): be8545f8 73277265 69616d20 6874206e 64616572
I/DEBUG ( 121): be854608 61657220 74207964 7572206f 49202e6e
I/DEBUG ( 121): be854618 6974696e 7a696c61 20676e69 70617267
I/DEBUG ( 121): be854628 73636968 572f4820 002e2e2e 40c6b000
I/DEBUG ( 121):
I/DEBUG ( 121): code around pc:
I/DEBUG ( 121): 40193bd0 e8bd00f0 e3700a01 912fff1e e2600000
I/DEBUG ( 121): 40193be0 ea00ab8e e92d50f0 e3a07f43 ef000000
I/DEBUG ( 121): 40193bf0 e8bd50f0 e3700a01 912fff1e e2600000
I/DEBUG ( 121): 40193c00 ea00ab86 e92d50f0 e3a070ee ef000000
I/DEBUG ( 121): 40193c10 e8bd50f0 e3700a01 912fff1e e2600000
I/DEBUG ( 121): 40193c20 ea00ab7e f200429a bf0080cf f000f891
I/DEBUG ( 121): 40193c30 4001e92d f040f891 d3532a10 0301ea80
I/DEBUG ( 121): 40193c40 0303f013 806ef000 d3262ae0 0300f1c0
I/DEBUG ( 121): 40193c50 030ff013 eba2d021 ea5f0203 bf447cc3
I/DEBUG ( 121): 40193c60 eb01f811 eb01f800 f811bf21 f811cb01
I/DEBUG ( 121): 40193c70 f800eb01 f800cb01 ea5feb01 da037c43
I/DEBUG ( 121): 40193c80 080df9a1 083df980 f921d303 f900070d
I/DEBUG ( 121): 40193c90 f891071d f891f000 3a40f040 f891d30f
I/DEBUG ( 121): 40193ca0 f891f080 f921f0c0 f921020d f891420d
I/DEBUG ( 121): 40193cb0 3a40f0c0 020df900 420df900 f102d2f3
I/DEBUG ( 121): 40193cc0 3a200240 f921d305 3a20020d 020df900
I/DEBUG ( 121):
I/DEBUG ( 121): code around lr:
I/DEBUG ( 121): 4017dbb4 f856f002 46206005 460cbd70 6a24480e
I/DEBUG ( 121): 4017dbc4 f7f84478 f014eb6a 4621ea46 f0164632
I/DEBUG ( 121): 4017dbd4 3001e808 2400bf18 f002d1ea 6804f841
I/DEBUG ( 121): 4017dbe4 f83ef002 46206005 bf00bd70 00052828
I/DEBUG ( 121): 4017dbf4 0005281c 00052806 000527f0 bf74f7ff
I/DEBUG ( 121): 4017dc04 4a3d4b3c 43f0e92d 447b460c 4607b08b
I/DEBUG ( 121): 4017dc14 589d2616 9309682b f822f002 8000f8d0
I/DEBUG ( 121): 4017dc24 4620b13c fed2f016 4606280f 2622bf88
I/DEBUG ( 121): 4017dc34 f002d90c 4684f815 f8cc4630 9a098000
I/DEBUG ( 121): 4017dc44 42a2682c b00bd154 83f0e8bd ffd6f7ff
I/DEBUG ( 121): 4017dc54 d04542b8 44784829 eb1cf7f8 44784828
I/DEBUG ( 121): 4017dc64 4287e001 6800d008 d1fa2800 26034825
I/DEBUG ( 121): 4017dc74 f7f84478 e7dceb12 f10d4823 6a3f0904
I/DEBUG ( 121): 4017dc84 f7f84478 4a21eb0a 4648463b 447a2120
I/DEBUG ( 121): 4017dc94 fa54f01b 21014648 fc14f027 3ffff1b0
I/DEBUG ( 121): 4017dca4 d0104681 46214648 f0144632 1c43e946
I/ServiceManager( 117): service 'media.audio_flinger' died
I/ServiceManager( 117): service 'media.player' died
I/ServiceManager( 117): service 'media.camera' died
I/Netd ( 333): Netd 1.0 starting
W/InterfaceController( 333): Warning (dlopen failed: library "/system/lib/libnetcmdiface.so" not found) while opening the net interface command library
I/SurfaceFlinger( 334): SurfaceFlinger is starting
I/SurfaceFlinger( 334): SurfaceFlinger's main thread ready to run. Initializing graphics H/W...
F/libEGL ( 334): couldn't find an OpenGL ES implementation
F/libc ( 334): Fatal signal 6 (SIGABRT) at 0x0000014e (code=-6), thread 334 (surfaceflinger)
I/DEBUG ( 121): *** *** *** *** *** *** *** *** *** *** *** *** *** *** *** ***
I/DEBUG ( 121): Build fingerprint: 'Android/full_grouper/grouper:4.4/KRT16M/12:eng/test-keys'
I/DEBUG ( 121): Revision: '0'
I/DEBUG ( 121): pid: 334, tid: 334, name: surfaceflinger >>> /system/bin/surfaceflinger <<<
I/DEBUG ( 121): signal 6 (SIGABRT), code -6 (SI_TKILL), fault addr --------
I/DEBUG ( 121): r0 00000000 r1 0000014e r2 00000006 r3 00000000
I/DEBUG ( 121): r4 0000014e r5 00000002 r6 00000006 r7 0000010c
I/DEBUG ( 121): r8 00000000 r9 400c9bd5 sl 00000000 fp bec1eb2c
I/DEBUG ( 121): ip 406a3f40 sp bec1e558 lr 40233bd7 pc 40249bf0 cpsr 000f0010
I/DEBUG ( 121): d0 2f6d6574736c6166 d1 4242424242424242
I/DEBUG ( 121): d2 0000000a0000000a d3 000000000000000a
I/DEBUG ( 121): d4 0000000000000000 d5 0000000000000000
I/DEBUG ( 121): d6 0000000000000000 d7 2e652e9a00000000
I/DEBUG ( 121): d8 0000000000000000 d9 0000000000000000
I/DEBUG ( 121): d10 0000000000000000 d11 0000000000000000
I/DEBUG ( 121): d12 0000000000000000 d13 0000000000000000
I/DEBUG ( 121): d14 0000000000000000 d15 0000000000000000
I/DEBUG ( 121): d16 0000000a00000008 d17 fffff000fffff000
I/DEBUG ( 121): d18 00000fff00000fff d19 0000000000000000
I/DEBUG ( 121): d20 0000000000000000 d21 0000000000000000
I/DEBUG ( 121): d22 0000000000000000 d23 0000000000000000
I/DEBUG ( 121): d24 0000000000000000 d25 0000000000000000
I/DEBUG ( 121): d26 0000000000000000 d27 0000000000000000
I/DEBUG ( 121): d28 0000000000000000 d29 0000000000000000
I/DEBUG ( 121): d30 0000000000000000 d31 0000000000000000
I/DEBUG ( 121): scr 00000010
I/DEBUG ( 121):
I/DEBUG ( 121): backtrace:
I/DEBUG ( 121): #00 pc 0002bbf0 /system/lib/libc.so (tgkill+12)
I/DEBUG ( 121): #01 pc 00015bd3 /system/lib/libc.so (pthread_kill+86)
I/DEBUG ( 121): #02 pc 00015de3 /system/lib/libc.so (raise+10)
I/DEBUG ( 121): #03 pc 0001458b /system/lib/libc.so
I/DEBUG ( 121): #04 pc 0002b4a4 /system/lib/libc.so (abort+4)
I/DEBUG ( 121): #05 pc 00007c6d /system/lib/libcutils.so (__android_log_assert+60)
I/DEBUG ( 121): #06 pc 0003fa1b /system/lib/libEGL.so
I/DEBUG ( 121): #07 pc 0000ebf1 /system/lib/libEGL.so
I/DEBUG ( 121): #08 pc 0000f76f /system/lib/libEGL.so (eglGetDisplay+10)
I/DEBUG ( 121): #09 pc 0001efd5 /system/lib/libsurfaceflinger.so (android::SurfaceFlinger::init()+52)
I/DEBUG ( 121): #10 pc 00000c39 /system/bin/surfaceflinger
I/DEBUG ( 121): #11 pc 0000de57 /system/lib/libc.so (__libc_init+58)
I/DEBUG ( 121): #12 pc 00000d38 /system/bin/surfaceflinger
I/DEBUG ( 121):
I/DEBUG ( 121): stack:
I/DEBUG ( 121): bec1e518 000003ff
I/DEBUG ( 121): bec1e51c 00004000
I/DEBUG ( 121): bec1e520 406a3f40 [heap]
I/DEBUG ( 121): bec1e524 00000000
I/DEBUG ( 121): bec1e528 400c9bd5 /system/bin/surfaceflinger
I/DEBUG ( 121): bec1e52c 00000000
I/DEBUG ( 121): bec1e530 bec1eb2c [stack]
I/DEBUG ( 121): bec1e534 402526b9 /system/lib/libc.so (vsnprintf+76)
I/DEBUG ( 121): bec1e538 00000000
I/DEBUG ( 121): bec1e53c 00000000
I/DEBUG ( 121): bec1e540 401a006e /system/lib/libcutils.so
I/DEBUG ( 121): bec1e544 402ea7a4 /system/lib/libEGL.so
I/DEBUG ( 121): bec1e548 4028639c
I/DEBUG ( 121): bec1e54c 401a04fd /system/lib/libcutils.so
I/DEBUG ( 121): bec1e550 00000000
I/DEBUG ( 121): bec1e554 401a071d /system/lib/libcutils.so (__android_log_write+120)
I/DEBUG ( 121): #00 bec1e558 0000014e
I/DEBUG ( 121): bec1e55c 00000002
I/DEBUG ( 121): bec1e560 00000006
I/DEBUG ( 121): bec1e564 406a3f40 [heap]
I/DEBUG ( 121): bec1e568 406a3f40 [heap]
I/DEBUG ( 121): bec1e56c 40233bd7 /system/lib/libc.so (pthread_kill+90)
I/DEBUG ( 121): #01 bec1e570 00000006
I/DEBUG ( 121): bec1e574 00000000
I/DEBUG ( 121): bec1e578 402ea7a4 /system/lib/libEGL.so
I/DEBUG ( 121): bec1e57c 40233de7 /system/lib/libc.so (raise+14)
I/DEBUG ( 121): #02 bec1e580 bec1e588 [stack]
I/DEBUG ( 121): bec1e584 4023258f /system/lib/libc.so
I/DEBUG ( 121):
I/DEBUG ( 121): memory near r9:
I/DEBUG ( 121): 400c9bb4 e28cca03 e5bcf43c e28fc600 e28cca03
I/DEBUG ( 121): 400c9bc4 e5bcf434 e28fc600 e28cca03 e5bcf42c
I/DEBUG ( 121): 400c9bd4 43f0e92d ac05b087 4620ae03 ef4af7ff
I/DEBUG ( 121): 400c9be4 98052104 ef4cf7ff f0004620 4630f8cd
I/DEBUG ( 121): 400c9bf4 ef40f7ff f7ff9803 f241ef4a f7ff4008
I/DEBUG ( 121): 400c9c04 4605ef4c ef4ef7ff b1359500 4669682b
I/DEBUG ( 121): 400c9c14 0c0cf853 f7ff4428 2000ef4c 0207f06f
I/DEBUG ( 121): 400c9c24 f10d4601 f7ff0810 2101ef4a f7ff2000
I/DEBUG ( 121): 400c9c34 9800ef4c ef4ef7ff f7ff4640 9f04ef52
I/DEBUG ( 121): 400c9c44 49234620 4479683a 9018f8d2 ef4ef7ff
I/DEBUG ( 121): 400c9c54 2b009b00 6858d037 3304ad06 3d10f845
I/DEBUG ( 121): 400c9c64 f8504629 44180c0c ef22f7ff 46214638
I/DEBUG ( 121): 400c9c74 2300462a 9f0247c8 683ab137 f8524629
I/DEBUG ( 121): 400c9c84 44380c0c eef0f7ff f7ff4620 9800ef36
I/DEBUG ( 121): 400c9c94 ef38f7ff b1349c04 46416823 0c0cf853
I/DEBUG ( 121): 400c9ca4 f7ff4420 9d00eee2 6828b135 f8504669
I/DEBUG ( 121):
I/DEBUG ( 121): memory near fp:
I/DEBUG ( 121): bec1eb0c 00000000 00000000 400c9d3c 400cce1c
I/DEBUG ( 121): bec1eb1c 400cce24 400cce2c bec1eb30 00000000
I/DEBUG ( 121): bec1eb2c 4012da27 00000001 bec1ec26 00000000
I/DEBUG ( 121): bec1eb3c bec1ec41 bec1ec7e bec1eca6 bec1ecb9
I/DEBUG ( 121): bec1eb4c bec1ecce bec1ece9 bec1ecfc bec1ed15
I/DEBUG ( 121): bec1eb5c bec1ed2f bec1ed48 bec1ef42 bec1ef6c
I/DEBUG ( 121): bec1eb6c bec1ef98 bec1efc2 00000000 00000010
I/DEBUG ( 121): bec1eb7c 0000b0d7 00000006 00001000 00000011
I/DEBUG ( 121): bec1eb8c 00000064 00000003 400c9034 00000004
I/DEBUG ( 121): bec1eb9c 00000020 00000005 00000008 00000007
I/DEBUG ( 121): bec1ebac 4012a000 00000008 00000000 00000009
I/DEBUG ( 121): bec1ebbc 400c9cd8 0000000b 000003e8 0000000c
I/DEBUG ( 121): bec1ebcc 000003e8 0000000d 000003eb 0000000e
I/DEBUG ( 121): bec1ebdc 000003eb 00000017 00000000 00000019
I/DEBUG ( 121): bec1ebec bec1ec12 0000001f bec1efe1 0000000f
I/DEBUG ( 121): bec1ebfc bec1ec22 00000000 00000000 00000000
I/DEBUG ( 121):
I/DEBUG ( 121): memory near ip:
I/DEBUG ( 121): 406a3f20 406a3f28 0000001b 00000001 00000001
I/DEBUG ( 121): 406a3f30 406a3f1c 00000000 00000000 00000013
I/DEBUG ( 121): 406a3f40 00000000 00000000 00000000 00000091
I/DEBUG ( 121): 406a3f50 40286250 40286250 00000000 00000000
I/DEBUG ( 121): 406a3f60 7379732f 2f6d6574 2f62696c 2f6c6765
I/DEBUG ( 121): 406a3f70 4562696c 732e4c47 0000006f 00000061
I/DEBUG ( 121): 406a3f80 00000000 00000000 00000000 00000000
I/DEBUG ( 121): 406a3f90 00000000 00000000 00000000 00000000
I/DEBUG ( 121): 406a3fa0 00000000 00000000 00000000 00000000
I/DEBUG ( 121): 406a3fb0 00000000 00000000 00000000 00000000
I/DEBUG ( 121): 406a3fc0 00000000 00000000 00000000 00000000
I/DEBUG ( 121): 406a3fd0 00000000 00000000 00000090 0000001a
I/DEBUG ( 121): 406a3fe0 4069e000 00006000 00000000 00000000
I/DEBUG ( 121): 406a3ff0 00000000 00000007 00000007 00000007
I/DEBUG ( 121): 406a4000 00000000 00000000 00000000 00000000
I/DEBUG ( 121): 406a4010 00000000 00000000 00000000 00000000
I/DEBUG ( 121):
I/DEBUG ( 121): memory near sp:
I/DEBUG ( 121): bec1e538 00000000 00000000 401a006e 402ea7a4
I/DEBUG ( 121): bec1e548 4028639c 401a04fd 00000000 401a071d
I/DEBUG ( 121): bec1e558 0000014e 00000002 00000006 406a3f40
I/DEBUG ( 121): bec1e568 406a3f40 40233bd7 00000006 00000000
I/DEBUG ( 121): bec1e578 402ea7a4 40233de7 bec1e588 4023258f
I/DEBUG ( 121): bec1e588 ffffffdf 00000004 bec1e58c 00000001
I/DEBUG ( 121): bec1e598 40213a7c 81464266 bec1e5ec bec1e5bc
I/DEBUG ( 121): bec1e5a8 bec1e9dc 402494a8 401a006e 401a0c71
I/DEBUG ( 121): bec1e5b8 bec1e9dc 6c756f63 74276e64 6e696620
I/DEBUG ( 121): bec1e5c8 6e612064 65704f20 204c476e 69205345
I/DEBUG ( 121): bec1e5d8 656c706d 746e656d 6f697461 401a006e
I/DEBUG ( 121): bec1e5e8 bec1ea14 66727553 46656361 676e696c
I/DEBUG ( 121): bec1e5f8 73277265 69616d20 6874206e 64616572
I/DEBUG ( 121): bec1e608 61657220 74207964 7572206f 49202e6e
I/DEBUG ( 121): bec1e618 6974696e 7a696c61 20676e69 70617267
I/DEBUG ( 121): bec1e628 73636968 572f4820 002e2e2e 4069f000
I/DEBUG ( 121):
I/DEBUG ( 121): code around pc:
I/DEBUG ( 121): 40249bd0 e8bd00f0 e3700a01 912fff1e e2600000
I/DEBUG ( 121): 40249be0 ea00ab8e e92d50f0 e3a07f43 ef000000
I/DEBUG ( 121): 40249bf0 e8bd50f0 e3700a01 912fff1e e2600000
I/DEBUG ( 121): 40249c00 ea00ab86 e92d50f0 e3a070ee ef000000
I/DEBUG ( 121): 40249c10 e8bd50f0 e3700a01 912fff1e e2600000
I/DEBUG ( 121): 40249c20 ea00ab7e f200429a bf0080cf f000f891
I/DEBUG ( 121): 40249c30 4001e92d f040f891 d3532a10 0301ea80
I/DEBUG ( 121): 40249c40 0303f013 806ef000 d3262ae0 0300f1c0
I/DEBUG ( 121): 40249c50 030ff013 eba2d021 ea5f0203 bf447cc3
I/DEBUG ( 121): 40249c60 eb01f811 eb01f800 f811bf21 f811cb01
I/DEBUG ( 121): 40249c70 f800eb01 f800cb01 ea5feb01 da037c43
I/DEBUG ( 121): 40249c80 080df9a1 083df980 f921d303 f900070d
I/DEBUG ( 121): 40249c90 f891071d f891f000 3a40f040 f891d30f
I/DEBUG ( 121): 40249ca0 f891f080 f921f0c0 f921020d f891420d
I/DEBUG ( 121): 40249cb0 3a40f0c0 020df900 420df900 f102d2f3
I/DEBUG ( 121): 40249cc0 3a200240 f921d305 3a20020d 020df900
I/DEBUG ( 121):
I/DEBUG ( 121): code around lr:
I/mediaserver( 336): ServiceManager: 0x414c2420
I/DEBUG ( 121): 40233bb4 f856f002 46206005 460cbd70 6a24480e
I/AudioFlinger( 336): Using default 3000 mSec as standby time.
I/DEBUG ( 121): 40233bc4 f7f84478 f014eb6a 4621ea46 f0164632
I/CameraService( 336): CameraService started (pid=336)
E/CameraService( 336): Could not load camera HAL module
I/DEBUG ( 121): 40233bd4 3001e808 2400bf18 f002d1ea 6804f841
I/DEBUG ( 121): 40233be4 f83ef002 46206005 bf00bd70 00052828
I/DEBUG ( 121): 40233bf4 0005281c 00052806 000527f0 bf74f7ff
I/DEBUG ( 121): 40233c04 4a3d4b3c 43f0e92d 447b460c 4607b08b
I/DEBUG ( 121): 40233c14 589d2616 9309682b f822f002 8000f8d0
I/DEBUG ( 121): 40233c24 4620b13c fed2f016 4606280f 2622bf88
I/DEBUG ( 121): 40233c34 f002d90c 4684f815 f8cc4630 9a098000
I/DEBUG ( 121): 40233c44 42a2682c b00bd154 83f0e8bd ffd6f7ff
I/DEBUG ( 121): 40233c54 d04542b8 44784829 eb1cf7f8 44784828
I/DEBUG ( 121): 40233c64 4287e001 6800d008 d1fa2800 26034825
I/DEBUG ( 121): 40233c74 f7f84478 e7dceb12 f10d4823 6a3f0904
I/DEBUG ( 121): 40233c84 f7f84478 4a21eb0a 4648463b 447a2120
I/DEBUG ( 121): 40233c94 fa54f01b 21014648 fc14f027 3ffff1b0
I/DEBUG ( 121): 40233ca4 d0104681 46214648 f0144632 1c43e946
I/AudioPolicyManagerBase( 336): loadAudioPolicyConfig() loaded /system/etc/audio_policy.conf
I/AudioFlinger( 336): loadHwModule() Loaded primary audio interface from Grouper audio HW HAL (audio) handle 1
I/AudioFlinger( 336): HAL output buffer size 512 frames, normal mix buffer size 1024 frames
I/AudioMixer( 336): found effect "Multichannel Downmix To Stereo" from The Android Open Source Project
E/MonoPipe( 336): Failed to fetch local time frequency when constructing a MonoPipe (res = -32). getNextWriteTimestamp calls will be non-functional
I/ServiceManager( 117): service 'media.audio_flinger' died
I/ServiceManager( 117): service 'media.player' died
I/ServiceManager( 117): service 'media.camera' died
I/Netd ( 373): Netd 1.0 starting
W/InterfaceController( 373): Warning (dlopen failed: library "/system/lib/libnetcmdiface.so" not found) while opening the net interface command library
I/SurfaceFlinger( 374): SurfaceFlinger is starting
I/SurfaceFlinger( 374): SurfaceFlinger's main thread ready to run. Initializing graphics H/W...
F/libEGL ( 374): couldn't find an OpenGL ES implementation
F/libc ( 374): Fatal signal 6 (SIGABRT) at 0x00000176 (code=-6), thread 374 (surfaceflinger)
I/DEBUG ( 121): *** *** *** *** *** *** *** *** *** *** *** *** *** *** *** ***
I/DEBUG ( 121): Build fingerprint: 'Android/full_grouper/grouper:4.4/KRT16M/12:eng/test-keys'
I/DEBUG ( 121): Revision: '0'
I/DEBUG ( 121): pid: 374, tid: 374, name: surfaceflinger >>> /system/bin/surfaceflinger <<<
I/DEBUG ( 121): signal 6 (SIGABRT), code -6 (SI_TKILL), fault addr --------
I/DEBUG ( 121): r0 00000000 r1 00000176 r2 00000006 r3 00000000
I/DEBUG ( 121): r4 00000176 r5 00000002 r6 00000006 r7 0000010c
I/DEBUG ( 121): r8 00000000 r9 4000abd5 sl 00000000 fp beebab2c
I/DEBUG ( 121): ip 41642c10 sp beeba558 lr 4021bbd7 pc 40231bf0 cpsr 000f0010
I/DEBUG ( 121): d0 2f6d6574736c6166 d1 4242424242424242
I/DEBUG ( 121): d2 0000000a0000000a d3 000000000000000a
I/DEBUG ( 121): d4 0000000000000000 d5 0000000000000000
I/DEBUG ( 121): d6 0000000000000000 d7 03a6bcfa00000000
I/DEBUG ( 121): d8 0000000000000000 d9 0000000000000000
I/DEBUG ( 121): d10 0000000000000000 d11 0000000000000000
I/DEBUG ( 121): d12 0000000000000000 d13 0000000000000000
I/DEBUG ( 121): d14 0000000000000000 d15 0000000000000000
I/DEBUG ( 121): d16 0000000a00000008 d17 fffff000fffff000
I/DEBUG ( 121): d18 00000fff00000fff d19 0000000000000000
I/DEBUG ( 121): d20 0000000000000000 d21 0000000000000000
I/DEBUG ( 121): d22 0000000000000000 d23 0000000000000000
I/DEBUG ( 121): d24 0000000000000000 d25 0000000000000000
I/DEBUG ( 121): d26 0000000000000000 d27 0000000000000000
I/DEBUG ( 121): d28 0000000000000000 d29 0000000000000000
I/DEBUG ( 121): d30 0000000000000000 d31 0000000000000000
I/DEBUG ( 121): scr 00000010
I/DEBUG ( 121):
I/DEBUG ( 121): backtrace:
I/DEBUG ( 121): #00 pc 0002bbf0 /system/lib/libc.so (tgkill+12)
I/DEBUG ( 121): #01 pc 00015bd3 /system/lib/libc.so (pthread_kill+86)
I/DEBUG ( 121): #02 pc 00015de3 /system/lib/libc.so (raise+10)
I/DEBUG ( 121): #03 pc 0001458b /system/lib/libc.so
I/DEBUG ( 121): #04 pc 0002b4a4 /system/lib/libc.so (abort+4)
I/DEBUG ( 121): #05 pc 00007c6d /system/lib/libcutils.so (__android_log_assert+60)
I/DEBUG ( 121): #06 pc 0003fa1b /system/lib/libEGL.so
I/DEBUG ( 121): #07 pc 0000ebf1 /system/lib/libEGL.so
I/DEBUG ( 121): #08 pc 0000f76f /system/lib/libEGL.so (eglGetDisplay+10)
I/DEBUG ( 121): #09 pc 0001efd5 /system/lib/libsurfaceflinger.so (android::SurfaceFlinger::init()+52)
I/DEBUG ( 121): #10 pc 00000c39 /system/bin/surfaceflinger
I/DEBUG ( 121): #11 pc 0000de57 /system/lib/libc.so (__libc_init+58)
I/DEBUG ( 121): #12 pc 00000d38 /system/bin/surfaceflinger
I/DEBUG ( 121):
I/DEBUG ( 121): stack:
I/DEBUG ( 121): beeba518 000003ff
I/DEBUG ( 121): beeba51c 00004000
I/DEBUG ( 121): beeba520 41642c10 [heap]
I/DEBUG ( 121): beeba524 00000000
I/DEBUG ( 121): beeba528 4000abd5 /system/bin/surfaceflinger
I/DEBUG ( 121): beeba52c 00000000
I/DEBUG ( 121): beeba530 beebab2c [stack]
I/DEBUG ( 121): beeba534 4023a6b9 /system/lib/libc.so (vsnprintf+76)
I/DEBUG ( 121): beeba538 00000000
I/DEBUG ( 121): beeba53c 00000000
I/DEBUG ( 121): beeba540 4009006e /system/lib/libcutils.so
I/DEBUG ( 121): beeba544 402d27a4 /system/lib/libEGL.so
I/DEBUG ( 121): beeba548 4026e39c
I/DEBUG ( 121): beeba54c 400944fd /system/lib/libcutils.so
I/DEBUG ( 121): beeba550 00000000
I/DEBUG ( 121): beeba554 4009471d /system/lib/libcutils.so (__android_log_write+120)
I/DEBUG ( 121): #00 beeba558 00000176
I/DEBUG ( 121): beeba55c 00000002
I/DEBUG ( 121): beeba560 00000006
I/DEBUG ( 121): beeba564 41642c10 [heap]
I/DEBUG ( 121): beeba568 41642c10 [heap]
I/DEBUG ( 121): beeba56c 4021bbd7 /system/lib/libc.so (pthread_kill+90)
I/DEBUG ( 121): #01 beeba570 00000006
I/DEBUG ( 121): beeba574 00000000
I/DEBUG ( 121): beeba578 402d27a4 /system/lib/libEGL.so
I/DEBUG ( 121): beeba57c 4021bde7 /system/lib/libc.so (raise+14)
I/DEBUG ( 121): #02 beeba580 beeba588 [stack]
I/DEBUG ( 121): beeba584 4021a58f /system/lib/libc.so
I/DEBUG ( 121):
I/DEBUG ( 121): memory near r9:
I/DEBUG ( 121): 4000abb4 e28cca03 e5bcf43c e28fc600 e28cca03
I/DEBUG ( 121): 4000abc4 e5bcf434 e28fc600 e28cca03 e5bcf42c
I/DEBUG ( 121): 4000abd4 43f0e92d ac05b087 4620ae03 ef4af7ff
I/DEBUG ( 121): 4000abe4 98052104 ef4cf7ff f0004620 4630f8cd
I/DEBUG ( 121): 4000abf4 ef40f7ff f7ff9803 f241ef4a f7ff4008
I/DEBUG ( 121): 4000ac04 4605ef4c ef4ef7ff b1359500 4669682b
I/DEBUG ( 121): 4000ac14 0c0cf853 f7ff4428 2000ef4c 0207f06f
I/DEBUG ( 121): 4000ac24 f10d4601 f7ff0810 2101ef4a f7ff2000
I/DEBUG ( 121): 4000ac34 9800ef4c ef4ef7ff f7ff4640 9f04ef52
I/DEBUG ( 121): 4000ac44 49234620 4479683a 9018f8d2 ef4ef7ff
I/DEBUG ( 121): 4000ac54 2b009b00 6858d037 3304ad06 3d10f845
I/DEBUG ( 121): 4000ac64 f8504629 44180c0c ef22f7ff 46214638
I/DEBUG ( 121): 4000ac74 2300462a 9f0247c8 683ab137 f8524629
I/DEBUG ( 121): 4000ac84 44380c0c eef0f7ff f7ff4620 9800ef36
I/DEBUG ( 121): 4000ac94 ef38f7ff b1349c04 46416823 0c0cf853
I/DEBUG ( 121): 4000aca4 f7ff4420 9d00eee2 6828b135 f8504669
I/DEBUG ( 121):
I/DEBUG ( 121): memory near fp:
I/DEBUG ( 121): beebab0c 00000000 00000000 4000ad3c 4000de1c
I/DEBUG ( 121): beebab1c 4000de24 4000de2c beebab30 00000000
I/DEBUG ( 121): beebab2c 40026a27 00000001 beebac26 00000000
I/DEBUG ( 121): beebab3c beebac41 beebac7e beebaca6 beebacb9
I/DEBUG ( 121): beebab4c beebacce beebace9 beebacfc beebad15
I/DEBUG ( 121): beebab5c beebad2f beebad48 beebaf42 beebaf6c
I/DEBUG ( 121): beebab6c beebaf98 beebafc2 00000000 00000010
I/DEBUG ( 121): beebab7c 0000b0d7 00000006 00001000 00000011
I/DEBUG ( 121): beebab8c 00000064 00000003 4000a034 00000004
I/DEBUG ( 121): beebab9c 00000020 00000005 00000008 00000007
I/DEBUG ( 121): beebabac 40023000 00000008 00000000 00000009
I/DEBUG ( 121): beebabbc 4000acd8 0000000b 000003e8 0000000c
I/DEBUG ( 121): beebabcc 000003e8 0000000d 000003eb 0000000e
I/DEBUG ( 121): beebabdc 000003eb 00000017 00000000 00000019
I/DEBUG ( 121): beebabec beebac12 0000001f beebafe1 0000000f
I/DEBUG ( 121): beebabfc beebac22 00000000 00000000 00000000
I/DEBUG ( 121):
I/DEBUG ( 121): memory near ip:
I/DEBUG ( 121): 41642bf0 41642bf8 0000001b 00000001 00000001
I/DEBUG ( 121): 41642c00 41642bec 00000000 00000000 00000013
I/DEBUG ( 121): 41642c10 00000000 00000000 00000000 000000ab
I/DEBUG ( 121): 41642c20 416410f8 0000017b 40377660 00000000
I/DEBUG ( 121): 41642c30 00000000 00000007 00000004 40377688
I/DEBUG ( 121): 41642c40 00000000 00000000 00000007 00000004
I/DEBUG ( 121): 41642c50 00000000 41642cc8 00000004 00000100
I/DEBUG ( 121): 41642c60 00000004 00000000 00000000 00000000
I/DEBUG ( 121): 41642c70 00000000 00010001 00000000 0000002e
I/DEBUG ( 121): 41642c80 00000000 41642dd0 00000000 00000100
I/DEBUG ( 121): 41642c90 00000000 00000000 00000000 00000000
I/DEBUG ( 121): 41642ca0 00000000 00010001 00000000 00000000
I/DEBUG ( 121): 41642cb0 6c080028 00000176 000003e8 00000000
I/DEBUG ( 121): 41642cc0 00000000 0000010b 0000720c 00000000
I/DEBUG ( 121): 41642cd0 00000000 00000000 00000000 00000000
I/DEBUG ( 121): 41642ce0 00000000 00000000 00000000 00000000
I/DEBUG ( 121):
I/DEBUG ( 121): memory near sp:
I/DEBUG ( 121): beeba538 00000000 00000000 4009006e 402d27a4
I/DEBUG ( 121): beeba548 4026e39c 400944fd 00000000 4009471d
I/DEBUG ( 121): beeba558 00000176 00000002 00000006 41642c10
I/DEBUG ( 121): beeba568 41642c10 4021bbd7 00000006 00000000
I/DEBUG ( 121): beeba578 402d27a4 4021bde7 beeba588 4021a58f
I/DEBUG ( 121): beeba588 ffffffdf 00000004 beeba58c 00000001
I/DEBUG ( 121): beeba598 401fba7c 3640633c beeba5ec beeba5bc
I/DEBUG ( 121): beeba5a8 beeba9dc 402314a8 4009006e 40094c71
I/DEBUG ( 121): beeba5b8 beeba9dc 6c756f63 74276e64 6e696620
I/DEBUG ( 121): beeba5c8 6e612064 65704f20 204c476e 69205345
I/DEBUG ( 121): beeba5d8 656c706d 746e656d 6f697461 4009006e
I/DEBUG ( 121): beeba5e8 beebaa14 66727553 46656361 676e696c
I/DEBUG ( 121): beeba5f8 73277265 69616d20 6874206e 64616572
I/DEBUG ( 121): beeba608 61657220 74207964 7572206f 49202e6e
I/DEBUG ( 121): beeba618 6974696e 7a696c61 20676e69 70617267
I/DEBUG ( 121): beeba628 73636968 572f4820 002e2e2e 4163e000
I/DEBUG ( 121):
I/DEBUG ( 121): code around pc:
I/DEBUG ( 121): 40231bd0 e8bd00f0 e3700a01 912fff1e e2600000
I/DEBUG ( 121): 40231be0 ea00ab8e e92d50f0 e3a07f43 ef000000
I/DEBUG ( 121): 40231bf0 e8bd50f0 e3700a01 912fff1e e2600000
I/DEBUG ( 121): 40231c00 ea00ab86 e92d50f0 e3a070ee ef000000
I/DEBUG ( 121): 40231c10 e8bd50f0 e3700a01 912fff1e e2600000
I/DEBUG ( 121): 40231c20 ea00ab7e f200429a bf0080cf f000f891
I/DEBUG ( 121): 40231c30 4001e92d f040f891 d3532a10 0301ea80
I/DEBUG ( 121): 40231c40 0303f013 806ef000 d3262ae0 0300f1c0
I/DEBUG ( 121): 40231c50 030ff013 eba2d021 ea5f0203 bf447cc3
I/DEBUG ( 121): 40231c60 eb01f811 eb01f800 f811bf21 f811cb01
I/DEBUG ( 121): 40231c70 f800eb01 f800cb01 ea5feb01 da037c43
I/DEBUG ( 121): 40231c80 080df9a1 083df980 f921d303 f900070d
I/DEBUG ( 121): 40231c90 f891071d f891f000 3a40f040 f891d30f
I/DEBUG ( 121): 40231ca0 f891f080 f921f0c0 f921020d f891420d
I/DEBUG ( 121): 40231cb0 3a40f0c0 020df900 420df900 f102d2f3
I/DEBUG ( 121): 40231cc0 3a200240 f921d305 3a20020d 020df900
I/DEBUG ( 121):
I/DEBUG ( 121): code around lr:
I/DEBUG ( 121): 4021bbb4 f856f002 46206005 460cbd70 6a24480e
I/DEBUG ( 121): 4021bbc4 f7f84478 f014eb6a 4621ea46 f0164632
I/DEBUG ( 121): 4021bbd4 3001e808 2400bf18 f002d1ea 6804f841
I/DEBUG ( 121): 4021bbe4 f83ef002 46206005 bf00bd70 00052828
I/DEBUG ( 121): 4021bbf4 0005281c 00052806 000527f0 bf74f7ff
I/DEBUG ( 121): 4021bc04 4a3d4b3c 43f0e92d 447b460c 4607b08b
I/DEBUG ( 121): 4021bc14 589d2616 9309682b f822f002 8000f8d0
I/DEBUG ( 121): 4021bc24 4620b13c fed2f016 4606280f 2622bf88
I/DEBUG ( 121): 4021bc34 f002d90c 4684f815 f8cc4630 9a098000
I/DEBUG ( 121): 4021bc44 42a2682c b00bd154 83f0e8bd ffd6f7ff
I/DEBUG ( 121): 4021bc54 d04542b8 44784829 eb1cf7f8 44784828
I/DEBUG ( 121): 4021bc64 4287e001 6800d008 d1fa2800 26034825
I/DEBUG ( 121): 4021bc74 f7f84478 e7dceb12 f10d4823 6a3f0904
I/DEBUG ( 121): 4021bc84 f7f84478 4a21eb0a 4648463b 447a2120
I/DEBUG ( 121): 4021bc94 fa54f01b 21014648 fc14f027 3ffff1b0
I/DEBUG ( 121): 4021bca4 d0104681 46214648 f0144632 1c43e946
I/mediaserver( 376): ServiceManager: 0x41a9e420
I/AudioFlinger( 376): Using default 3000 mSec as standby time.
I/CameraService( 376): CameraService started (pid=376)
E/CameraService( 376): Could not load camera HAL module
I/AudioPolicyManagerBase( 376): loadAudioPolicyConfig() loaded /system/etc/audio_policy.conf
I/AudioFlinger( 376): loadHwModule() Loaded primary audio interface from Grouper audio HW HAL (audio) handle 1
I/AudioFlinger( 376): HAL output buffer size 512 frames, normal mix buffer size 1024 frames
I/AudioMixer( 376): found effect "Multichannel Downmix To Stereo" from The Android Open Source Project
E/MonoPipe( 376): Failed to fetch local time frequency when constructing a MonoPipe (res = -32). getNextWriteTimestamp calls will be non-functional
I/ServiceManager( 117): service 'media.audio_flinger' died
I/ServiceManager( 117): service 'media.player' died
I/ServiceManager( 117): service 'media.camera' died
I/Netd ( 429): Netd 1.0 starting
W/InterfaceController( 429): Warning (dlopen failed: library "/system/lib/libnetcmdiface.so" not found) while opening the net interface command library
I/SurfaceFlinger( 430): SurfaceFlinger is starting
I/SurfaceFlinger( 430): SurfaceFlinger's main thread ready to run. Initializing graphics H/W...
F/libEGL ( 430): couldn't find an OpenGL ES implementation
F/libc ( 430): Fatal signal 6 (SIGABRT) at 0x000001ae (code=-6), thread 430 (surfaceflinger)
I/DEBUG ( 121): *** *** *** *** *** *** *** *** *** *** *** *** *** *** *** ***
I/DEBUG ( 121): Build fingerprint: 'Android/full_grouper/grouper:4.4/KRT16M/12:eng/test-keys'
I/DEBUG ( 121): Revision: '0'
I/DEBUG ( 121): pid: 430, tid: 430, name: surfaceflinger >>> /system/bin/surfaceflinger <<<
I/DEBUG ( 121): signal 6 (SIGABRT), code -6 (SI_TKILL), fault addr --------
I/DEBUG ( 121): r0 00000000 r1 000001ae r2 00000006 r3 00000000
I/DEBUG ( 121): r4 000001ae r5 00000002 r6 00000006 r7 0000010c
I/DEBUG ( 121): r8 00000000 r9 40024bd5 sl 00000000 fp beebfb2c
I/DEBUG ( 121): ip 4061d800 sp beebf558 lr 40196bd7 pc 401acbf0 cpsr 000f0010
I/DEBUG ( 121): d0 2f6d6574736c6166 d1 4242424242424242
I/DEBUG ( 121): d2 0000000a0000000a d3 000000000000000a
I/DEBUG ( 121): d4 0000000000000000 d5 0000000000000000
I/DEBUG ( 121): d6 0000000000000000 d7 14836f3100000000
I/DEBUG ( 121): d8 0000000000000000 d9 0000000000000000
I/DEBUG ( 121): d10 0000000000000000 d11 0000000000000000
I/DEBUG ( 121): d12 0000000000000000 d13 0000000000000000
I/DEBUG ( 121): d14 0000000000000000 d15 0000000000000000
I/DEBUG ( 121): d16 0000000a00000008 d17 fffff000fffff000
I/DEBUG ( 121): d18 00000fff00000fff d19 0000000000000000
I/DEBUG ( 121): d20 0000000000000000 d21 0000000000000000
I/DEBUG ( 121): d22 0000000000000000 d23 0000000000000000
I/DEBUG ( 121): d24 0000000000000000 d25 0000000000000000
I/DEBUG ( 121): d26 0000000000000000 d27 0000000000000000
I/DEBUG ( 121): d28 0000000000000000 d29 0000000000000000
I/DEBUG ( 121): d30 0000000000000000 d31 0000000000000000
I/DEBUG ( 121): scr 00000010
I/DEBUG ( 121):
I/DEBUG ( 121): backtrace:
I/DEBUG ( 121): #00 pc 0002bbf0 /system/lib/libc.so (tgkill+12)
I/DEBUG ( 121): #01 pc 00015bd3 /system/lib/libc.so (pthread_kill+86)
I/DEBUG ( 121): #02 pc 00015de3 /system/lib/libc.so (raise+10)
I/DEBUG ( 121): #03 pc 0001458b /system/lib/libc.so
I/DEBUG ( 121): #04 pc 0002b4a4 /system/lib/libc.so (abort+4)
I/DEBUG ( 121): #05 pc 00007c6d /system/lib/libcutils.so (__android_log_assert+60)
I/DEBUG ( 121): #06 pc 0003fa1b /system/lib/libEGL.so
I/DEBUG ( 121): #07 pc 0000ebf1 /system/lib/libEGL.so
I/DEBUG ( 121): #08 pc 0000f76f /system/lib/libEGL.so (eglGetDisplay+10)
I/DEBUG ( 121): #09 pc 0001efd5 /system/lib/libsurfaceflinger.so (android::SurfaceFlinger::init()+52)
I/DEBUG ( 121): #10 pc 00000c39 /system/bin/surfaceflinger
I/DEBUG ( 121): #11 pc 0000de57 /system/lib/libc.so (__libc_init+58)
I/DEBUG ( 121): #12 pc 00000d38 /system/bin/surfaceflinger
I/DEBUG ( 121):
I/DEBUG ( 121): stack:
I/DEBUG ( 121): beebf518 000003ff
I/DEBUG ( 121): beebf51c 00004000
I/DEBUG ( 121): beebf520 4061d800 [heap]
I/DEBUG ( 121): beebf524 00000000
I/DEBUG ( 121): beebf528 40024bd5 /system/bin/surfaceflinger
I/DEBUG ( 121): beebf52c 00000000
I/DEBUG ( 121): beebf530 beebfb2c [stack]
I/DEBUG ( 121): beebf534 401b56b9 /system/lib/libc.so (vsnprintf+76)
I/DEBUG ( 121): beebf538 00000000
I/DEBUG ( 121): beebf53c 00000000
I/DEBUG ( 121): beebf540 400f006e /system/lib/libcutils.so
I/DEBUG ( 121): beebf544 402f47a4 /system/lib/libEGL.so
I/DEBUG ( 121): beebf548 401e939c
I/DEBUG ( 121): beebf54c 400f04fd /system/lib/libcutils.so
I/DEBUG ( 121): beebf550 00000000
I/DEBUG ( 121): beebf554 400f071d /system/lib/libcutils.so (__android_log_write+120)
I/DEBUG ( 121): #00 beebf558 000001ae
I/DEBUG ( 121): beebf55c 00000002
I/DEBUG ( 121): beebf560 00000006
I/DEBUG ( 121): beebf564 4061d800 [heap]
I/DEBUG ( 121): beebf568 4061d800 [heap]
I/DEBUG ( 121): beebf56c 40196bd7 /system/lib/libc.so (pthread_kill+90)
I/DEBUG ( 121): #01 beebf570 00000006
I/DEBUG ( 121): beebf574 00000000
I/DEBUG ( 121): beebf578 402f47a4 /system/lib/libEGL.so
I/DEBUG ( 121): beebf57c 40196de7 /system/lib/libc.so (raise+14)
I/DEBUG ( 121): #02 beebf580 beebf588 [stack]
I/DEBUG ( 121): beebf584 4019558f /system/lib/libc.so
I/DEBUG ( 121):
I/DEBUG ( 121): memory near r9:
I/DEBUG ( 121): 40024bb4 e28cca03 e5bcf43c e28fc600 e28cca03
I/DEBUG ( 121): 40024bc4 e5bcf434 e28fc600 e28cca03 e5bcf42c
I/DEBUG ( 121): 40024bd4 43f0e92d ac05b087 4620ae03 ef4af7ff
I/DEBUG ( 121): 40024be4 98052104 ef4cf7ff f0004620 4630f8cd
I/DEBUG ( 121): 40024bf4 ef40f7ff f7ff9803 f241ef4a f7ff4008
I/DEBUG ( 121): 40024c04 4605ef4c ef4ef7ff b1359500 4669682b
I/DEBUG ( 121): 40024c14 0c0cf853 f7ff4428 2000ef4c 0207f06f
I/DEBUG ( 121): 40024c24 f10d4601 f7ff0810 2101ef4a f7ff2000
I/DEBUG ( 121): 40024c34 9800ef4c ef4ef7ff f7ff4640 9f04ef52
I/DEBUG ( 121): 40024c44 49234620 4479683a 9018f8d2 ef4ef7ff
I/DEBUG ( 121): 40024c54 2b009b00 6858d037 3304ad06 3d10f845
I/DEBUG ( 121): 40024c64 f8504629 44180c0c ef22f7ff 46214638
I/DEBUG ( 121): 40024c74 2300462a 9f0247c8 683ab137 f8524629
I/DEBUG ( 121): 40024c84 44380c0c eef0f7ff f7ff4620 9800ef36
I/DEBUG ( 121): 40024c94 ef38f7ff b1349c04 46416823 0c0cf853
I/DEBUG ( 121): 40024ca4 f7ff4420 9d00eee2 6828b135 f8504669
I/DEBUG ( 121):
I/DEBUG ( 121): memory near fp:
I/DEBUG ( 121): beebfb0c 00000000 00000000 40024d3c 40027e1c
I/DEBUG ( 121): beebfb1c 40027e24 40027e2c beebfb30 00000000
I/DEBUG ( 121): beebfb2c 400d3a27 00000001 beebfc26 00000000
I/DEBUG ( 121): beebfb3c beebfc41 beebfc7e beebfca6 beebfcb9
I/DEBUG ( 121): beebfb4c beebfcce beebfce9 beebfcfc beebfd15
I/DEBUG ( 121): beebfb5c beebfd2f beebfd48 beebff42 beebff6c
I/DEBUG ( 121): beebfb6c beebff98 beebffc2 00000000 00000010
I/DEBUG ( 121): beebfb7c 0000b0d7 00000006 00001000 00000011
I/DEBUG ( 121): beebfb8c 00000064 00000003 40024034 00000004
I/DEBUG ( 121): beebfb9c 00000020 00000005 00000008 00000007
I/DEBUG ( 121): beebfbac 400d0000 00000008 00000000 00000009
I/DEBUG ( 121): beebfbbc 40024cd8 0000000b 000003e8 0000000c
I/DEBUG ( 121): beebfbcc 000003e8 0000000d 000003eb 0000000e
I/DEBUG ( 121): beebfbdc 000003eb 00000017 00000000 00000019
I/DEBUG ( 121): beebfbec beebfc12 0000001f beebffe1 0000000f
I/DEBUG ( 121): beebfbfc beebfc22 00000000 00000000 00000000
I/DEBUG ( 121):
I/DEBUG ( 121): memory near ip:
I/DEBUG ( 121): 4061d7e0 4061d7e8 0000001b 00000001 00000001
I/DEBUG ( 121): 4061d7f0 4061d7dc 00000000 00000000 00000013
I/DEBUG ( 121): 4061d800 00000000 00000000 00000000 000000ab
I/DEBUG ( 121): 4061d810 4061d0f8 000001b4 40399660 00000000
I/DEBUG ( 121): 4061d820 00000000 00000007 00000004 40399688
I/DEBUG ( 121): 4061d830 00000000 00000000 00000007 00000004
I/DEBUG ( 121): 4061d840 00000000 4061d8b8 00000004 00000100
I/DEBUG ( 121): 4061d850 00000004 00000000 00000000 00000000
I/DEBUG ( 121): 4061d860 00000000 00010001 00000000 00000000
I/DEBUG ( 121): 4061d870 00000000 4061d9c0 00000000 00000100
I/DEBUG ( 121): 4061d880 00000000 00000000 00000000 00000000
I/DEBUG ( 121): 4061d890 00000000 00010001 00000000 00000000
I/DEBUG ( 121): 4061d8a0 00000000 000001ae 000003e8 00000000
I/DEBUG ( 121): 4061d8b0 00000000 0000010b 0000720c 00000000
I/DEBUG ( 121): 4061d8c0 00000000 00000000 00000000 00000000
I/DEBUG ( 121): 4061d8d0 00000000 00000000 00000000 00000000
I/DEBUG ( 121):
I/DEBUG ( 121): memory near sp:
I/DEBUG ( 121): beebf538 00000000 00000000 400f006e 402f47a4
I/DEBUG ( 121): beebf548 401e939c 400f04fd 00000000 400f071d
I/DEBUG ( 121): beebf558 000001ae 00000002 00000006 4061d800
I/DEBUG ( 121): beebf568 4061d800 40196bd7 00000006 00000000
I/DEBUG ( 121): beebf578 402f47a4 40196de7 beebf588 4019558f
I/DEBUG ( 121): beebf588 ffffffdf 00000004 beebf58c 00000001
I/DEBUG ( 121): beebf598 40292a7c 250d785f beebf5ec beebf5bc
I/DEBUG ( 121): beebf5a8 beebf9dc 401ac4a8 400f006e 400f0c71
I/DEBUG ( 121): beebf5b8 beebf9dc 6c756f63 74276e64 6e696620
I/DEBUG ( 121): beebf5c8 6e612064 65704f20 204c476e 69205345
I/DEBUG ( 121): beebf5d8 656c706d 746e656d 6f697461 400f006e
I/DEBUG ( 121): beebf5e8 beebfa14 66727553 46656361 676e696c
I/DEBUG ( 121): beebf5f8 73277265 69616d20 6874206e 64616572
I/DEBUG ( 121): beebf608 61657220 74207964 7572206f 49202e6e
I/DEBUG ( 121): beebf618 6974696e 7a696c61 20676e69 70617267
I/DEBUG ( 121): beebf628 73636968 572f4820 002e2e2e 4061a000
I/DEBUG ( 121):
I/DEBUG ( 121): code around pc:
I/DEBUG ( 121): 401acbd0 e8bd00f0 e3700a01 912fff1e e2600000
I/DEBUG ( 121): 401acbe0 ea00ab8e e92d50f0 e3a07f43 ef000000
I/DEBUG ( 121): 401acbf0 e8bd50f0 e3700a01 912fff1e e2600000
I/DEBUG ( 121): 401acc00 ea00ab86 e92d50f0 e3a070ee ef000000
I/DEBUG ( 121): 401acc10 e8bd50f0 e3700a01 912fff1e e2600000
I/DEBUG ( 121): 401acc20 ea00ab7e f200429a bf0080cf f000f891
I/DEBUG ( 121): 401acc30 4001e92d f040f891 d3532a10 0301ea80
I/DEBUG ( 121): 401acc40 0303f013 806ef000 d3262ae0 0300f1c0
I/DEBUG ( 121): 401acc50 030ff013 eba2d021 ea5f0203 bf447cc3
I/DEBUG ( 121): 401acc60 eb01f811 eb01f800 f811bf21 f811cb01
I/DEBUG ( 121): 401acc70 f800eb01 f800cb01 ea5feb01 da037c43
I/DEBUG ( 121): 401acc80 080df9a1 083df980 f921d303 f900070d
I/DEBUG ( 121): 401acc90 f891071d f891f000 3a40f040 f891d30f
I/DEBUG ( 121): 401acca0 f891f080 f921f0c0 f921020d f891420d
I/DEBUG ( 121): 401accb0 3a40f0c0 020df900 420df900 f102d2f3
I/DEBUG ( 121): 401accc0 3a200240 f921d305 3a20020d 020df900
I/DEBUG ( 121):
I/DEBUG ( 121): code around lr:
I/DEBUG ( 121): 40196bb4 f856f002 46206005 460cbd70 6a24480e
I/DEBUG ( 121): 40196bc4 f7f84478 f014eb6a 4621ea46 f0164632
I/DEBUG ( 121): 40196bd4 3001e808 2400bf18 f002d1ea 6804f841
I/DEBUG ( 121): 40196be4 f83ef002 46206005 bf00bd70 00052828
I/DEBUG ( 121): 40196bf4 0005281c 00052806 000527f0 bf74f7ff
I/DEBUG ( 121): 40196c04 4a3d4b3c 43f0e92d 447b460c 4607b08b
I/DEBUG ( 121): 40196c14 589d2616 9309682b f822f002 8000f8d0
I/DEBUG ( 121): 40196c24 4620b13c fed2f016 4606280f 2622bf88
I/DEBUG ( 121): 40196c34 f002d90c 4684f815 f8cc4630 9a098000
I/DEBUG ( 121): 40196c44 42a2682c b00bd154 83f0e8bd ffd6f7ff
I/DEBUG ( 121): 40196c54 d04542b8 44784829 eb1cf7f8 44784828
I/DEBUG ( 121): 40196c64 4287e001 6800d008 d1fa2800 26034825
I/DEBUG ( 121): 40196c74 f7f84478 e7dceb12 f10d4823 6a3f0904
I/DEBUG ( 121): 40196c84 f7f84478 4a21eb0a 4648463b 447a2120
I/DEBUG ( 121): 40196c94 fa54f01b 21014648 fc14f027 3ffff1b0
I/DEBUG ( 121): 40196ca4 d0104681 46214648 f0144632 1c43e946
I/Netd ( 455): Netd 1.0 starting
W/InterfaceController( 455): Warning (dlopen failed: library "/system/lib/libnetcmdiface.so" not found) while opening the net interface command library
I/SurfaceFlinger( 456): SurfaceFlinger is starting
I/SurfaceFlinger( 456): SurfaceFlinger's main thread ready to run. Initializing graphics H/W...
F/libEGL ( 456): couldn't find an OpenGL ES implementation
F/libc ( 456): Fatal signal 6 (SIGABRT) at 0x000001c8 (code=-6), thread 456 (surfaceflinger)
I/DEBUG ( 121): *** *** *** *** *** *** *** *** *** *** *** *** *** *** *** ***
I/DEBUG ( 121): Build fingerprint: 'Android/full_grouper/grouper:4.4/KRT16M/12:eng/test-keys'
I/DEBUG ( 121): Revision: '0'
I/DEBUG ( 121): pid: 456, tid: 456, name: surfaceflinger >>> /system/bin/surfaceflinger <<<
I/DEBUG ( 121): signal 6 (SIGABRT), code -6 (SI_TKILL), fault addr --------
I/DEBUG ( 121): r0 00000000 r1 000001c8 r2 00000006 r3 00000000
I/DEBUG ( 121): r4 000001c8 r5 00000002 r6 00000006 r7 0000010c
I/DEBUG ( 121): r8 00000000 r9 40075bd5 sl 00000000 fp be870b2c
I/DEBUG ( 121): ip 40c7b900 sp be870558 lr 40165bd7 pc 4017bbf0 cpsr 000f0010
I/DEBUG ( 121): d0 2f6d6574736c6166 d1 4242424242424242
I/DEBUG ( 121): d2 0000000a0000000a d3 000000000000000a
I/DEBUG ( 121): d4 0000000000000000 d5 0000000000000000
I/DEBUG ( 121): d6 0000000000000000 d7 2ce6f6f100000000
I/DEBUG ( 121): d8 0000000000000000 d9 0000000000000000
I/DEBUG ( 121): d10 0000000000000000 d11 0000000000000000
I/DEBUG ( 121): d12 0000000000000000 d13 0000000000000000
I/DEBUG ( 121): d14 0000000000000000 d15 0000000000000000
I/DEBUG ( 121): d16 0000000a00000008 d17 fffff000fffff000
I/DEBUG ( 121): d18 00000fff00000fff d19 0000000000000000
I/DEBUG ( 121): d20 0000000000000000 d21 0000000000000000
I/DEBUG ( 121): d22 0000000000000000 d23 0000000000000000
I/DEBUG ( 121): d24 0000000000000000 d25 0000000000000000
I/DEBUG ( 121): d26 0000000000000000 d27 0000000000000000
I/DEBUG ( 121): d28 0000000000000000 d29 0000000000000000
I/DEBUG ( 121): d30 0000000000000000 d31 0000000000000000
I/DEBUG ( 121): scr 00000010
I/DEBUG ( 121):
I/DEBUG ( 121): backtrace:
I/DEBUG ( 121): #00 pc 0002bbf0 /system/lib/libc.so (tgkill+12)
I/DEBUG ( 121): #01 pc 00015bd3 /system/lib/libc.so (pthread_kill+86)
I/DEBUG ( 121): #02 pc 00015de3 /system/lib/libc.so (raise+10)
I/DEBUG ( 121): #03 pc 0001458b /system/lib/libc.so
I/DEBUG ( 121): #04 pc 0002b4a4 /system/lib/libc.so (abort+4)
I/DEBUG ( 121): #05 pc 00007c6d /system/lib/libcutils.so (__android_log_assert+60)
I/DEBUG ( 121): #06 pc 0003fa1b /system/lib/libEGL.so
I/DEBUG ( 121): #07 pc 0000ebf1 /system/lib/libEGL.so
I/DEBUG ( 121): #08 pc 0000f76f /system/lib/libEGL.so (eglGetDisplay+10)
I/DEBUG ( 121): #09 pc 0001efd5 /system/lib/libsurfaceflinger.so (android::SurfaceFlinger::init()+52)
I/DEBUG ( 121): #10 pc 00000c39 /system/bin/surfaceflinger
I/DEBUG ( 121): #11 pc 0000de57 /system/lib/libc.so (__libc_init+58)
I/DEBUG ( 121): #12 pc 00000d38 /system/bin/surfaceflinger
I/DEBUG ( 121):
I/DEBUG ( 121): stack:
I/DEBUG ( 121): be870518 000003ff
I/DEBUG ( 121): be87051c 00004000
I/DEBUG ( 121): be870520 40c7b900 [heap]
I/DEBUG ( 121): be870524 00000000
I/DEBUG ( 121): be870528 40075bd5 /system/bin/surfaceflinger
I/DEBUG ( 121): be87052c 00000000
I/DEBUG ( 121): be870530 be870b2c [stack]
I/DEBUG ( 121): be870534 401846b9 /system/lib/libc.so (vsnprintf+76)
I/DEBUG ( 121): be870538 00000000
I/DEBUG ( 121): be87053c 00000000
I/DEBUG ( 121): be870540 4011006e
I/DEBUG ( 121): be870544 402947a4 /system/lib/libEGL.so
I/DEBUG ( 121): be870548 401b839c
I/DEBUG ( 121): be87054c 401184fd /system/lib/libcutils.so
I/DEBUG ( 121): be870550 00000000
I/DEBUG ( 121): be870554 4011871d /system/lib/libcutils.so (__android_log_write+120)
I/DEBUG ( 121): #00 be870558 000001c8
I/DEBUG ( 121): be87055c 00000002
I/DEBUG ( 121): be870560 00000006
I/DEBUG ( 121): be870564 40c7b900 [heap]
I/DEBUG ( 121): be870568 40c7b900 [heap]
I/DEBUG ( 121): be87056c 40165bd7 /system/lib/libc.so (pthread_kill+90)
I/DEBUG ( 121): #01 be870570 00000006
I/DEBUG ( 121): be870574 00000000
I/DEBUG ( 121): be870578 402947a4 /system/lib/libEGL.so
I/DEBUG ( 121): be87057c 40165de7 /system/lib/libc.so (raise+14)
I/DEBUG ( 121): #02 be870580 be870588 [stack]
I/DEBUG ( 121): be870584 4016458f /system/lib/libc.so
I/DEBUG ( 121):
I/DEBUG ( 121): memory near r9:
I/DEBUG ( 121): 40075bb4 e28cca03 e5bcf43c e28fc600 e28cca03
I/DEBUG ( 121): 40075bc4 e5bcf434 e28fc600 e28cca03 e5bcf42c
I/DEBUG ( 121): 40075bd4 43f0e92d ac05b087 4620ae03 ef4af7ff
I/DEBUG ( 121): 40075be4 98052104 ef4cf7ff f0004620 4630f8cd
I/DEBUG ( 121): 40075bf4 ef40f7ff f7ff9803 f241ef4a f7ff4008
I/DEBUG ( 121): 40075c04 4605ef4c ef4ef7ff b1359500 4669682b
I/DEBUG ( 121): 40075c14 0c0cf853 f7ff4428 2000ef4c 0207f06f
I/DEBUG ( 121): 40075c24 f10d4601 f7ff0810 2101ef4a f7ff2000
I/DEBUG ( 121): 40075c34 9800ef4c ef4ef7ff f7ff4640 9f04ef52
I/DEBUG ( 121): 40075c44 49234620 4479683a 9018f8d2 ef4ef7ff
I/DEBUG ( 121): 40075c54 2b009b00 6858d037 3304ad06 3d10f845
I/DEBUG ( 121): 40075c64 f8504629 44180c0c ef22f7ff 46214638
I/DEBUG ( 121): 40075c74 2300462a 9f0247c8 683ab137 f8524629
I/DEBUG ( 121): 40075c84 44380c0c eef0f7ff f7ff4620 9800ef36
I/DEBUG ( 121): 40075c94 ef38f7ff b1349c04 46416823 0c0cf853
I/DEBUG ( 121): 40075ca4 f7ff4420 9d00eee2 6828b135 f8504669
I/DEBUG ( 121):
I/DEBUG ( 121): memory near fp:
I/DEBUG ( 121): be870b0c 00000000 00000000 40075d3c 40078e1c
I/DEBUG ( 121): be870b1c 40078e24 40078e2c be870b30 00000000
I/DEBUG ( 121): be870b2c 40094a27 00000001 be870c26 00000000
I/DEBUG ( 121): be870b3c be870c41 be870c7e be870ca6 be870cb9
I/DEBUG ( 121): be870b4c be870cce be870ce9 be870cfc be870d15
I/DEBUG ( 121): be870b5c be870d2f be870d48 be870f42 be870f6c
I/DEBUG ( 121): be870b6c be870f98 be870fc2 00000000 00000010
I/DEBUG ( 121): be870b7c 0000b0d7 00000006 00001000 00000011
I/DEBUG ( 121): be870b8c 00000064 00000003 40075034 00000004
I/DEBUG ( 121): be870b9c 00000020 00000005 00000008 00000007
I/DEBUG ( 121): be870bac 40091000 00000008 00000000 00000009
I/DEBUG ( 121): be870bbc 40075cd8 0000000b 000003e8 0000000c
I/DEBUG ( 121): be870bcc 000003e8 0000000d 000003eb 0000000e
I/DEBUG ( 121): be870bdc 000003eb 00000017 00000000 00000019
I/DEBUG ( 121): be870bec be870c12 0000001f be870fe1 0000000f
I/DEBUG ( 121): be870bfc be870c22 00000000 00000000 00000000
I/DEBUG ( 121):
I/DEBUG ( 121): memory near ip:
I/DEBUG ( 121): 40c7b8e0 00000000 0000001b 00000001 00000001
I/DEBUG ( 121): 40c7b8f0 40c7c0d0 00000000 00000018 00000013
I/DEBUG ( 121): 40c7b900 00000000 401b81d0 00000010 0000024b
I/DEBUG ( 121): 40c7b910 40c7a208 40c7be88 00000001 406e1000
I/DEBUG ( 121): 40c7b920 000fe000 00001000 00000000 00000000
I/DEBUG ( 121): 40c7b930 000001ce 00000001 00000000 00000000
I/DEBUG ( 121): 40c7b940 00000000 00000000 407dedd0 4005e000
I/DEBUG ( 121): 40c7b950 00000000 00000000 00000000 00000000
I/DEBUG ( 121): 40c7b960 00000000 00000000 00000000 00000000
I/DEBUG ( 121): 40c7b970 00000000 00000000 00000000 00000000
I/DEBUG ( 121): 40c7b980 00000000 00000000 00000000 00000000
I/DEBUG ( 121): 40c7b990 00000000 00000000 00000000 00000000
I/DEBUG ( 121): 40c7b9a0 00000000 00000000 00000000 00000000
I/DEBUG ( 121): 40c7b9b0 00000000 00000000 00000000 00000000
I/DEBUG ( 121): 40c7b9c0 00000000 00000000 00000000 00000000
I/DEBUG ( 121): 40c7b9d0 00000000 00000000 00000000 00000000
I/DEBUG ( 121):
I/DEBUG ( 121): memory near sp:
I/DEBUG ( 121): be870538 00000000 00000000 4011006e 402947a4
I/DEBUG ( 121): be870548 401b839c 401184fd 00000000 4011871d
I/DEBUG ( 121): be870558 000001c8 00000002 00000006 40c7b900
I/DEBUG ( 121): be870568 40c7b900 40165bd7 00000006 00000000
I/DEBUG ( 121): be870578 402947a4 40165de7 be870588 4016458f
I/DEBUG ( 121): be870588 ffffffdf 00000004 be87058c 00000001
I/DEBUG ( 121): be870598 40232a7c 5b13f9c5 be8705ec be8705bc
I/DEBUG ( 121): be8705a8 be8709dc 4017b4a8 4011006e 40118c71
I/DEBUG ( 121): be8705b8 be8709dc 6c756f63 74276e64 6e696620
I/DEBUG ( 121): be8705c8 6e612064 65704f20 204c476e 69205345
I/DEBUG ( 121): be8705d8 656c706d 746e656d 6f697461 4011006e
I/DEBUG ( 121): be8705e8 be870a14 66727553 46656361 676e696c
I/DEBUG ( 121): be8705f8 73277265 69616d20 6874206e 64616572
I/DEBUG ( 121): be870608 61657220 74207964 7572206f 49202e6e
I/DEBUG ( 121): be870618 6974696e 7a696c61 20676e69 70617267
I/DEBUG ( 121): be870628 73636968 572f4820 002e2e2e 40c77000
I/DEBUG ( 121):
I/DEBUG ( 121): code around pc:
I/DEBUG ( 121): 4017bbd0 e8bd00f0 e3700a01 912fff1e e2600000
I/DEBUG ( 121): 4017bbe0 ea00ab8e e92d50f0 e3a07f43 ef000000
I/DEBUG ( 121): 4017bbf0 e8bd50f0 e3700a01 912fff1e e2600000
I/DEBUG ( 121): 4017bc00 ea00ab86 e92d50f0 e3a070ee ef000000
I/DEBUG ( 121): 4017bc10 e8bd50f0 e3700a01 912fff1e e2600000
I/DEBUG ( 121): 4017bc20 ea00ab7e f200429a bf0080cf f000f891
I/DEBUG ( 121): 4017bc30 4001e92d f040f891 d3532a10 0301ea80
I/DEBUG ( 121): 4017bc40 0303f013 806ef000 d3262ae0 0300f1c0
I/DEBUG ( 121): 4017bc50 030ff013 eba2d021 ea5f0203 bf447cc3
I/DEBUG ( 121): 4017bc60 eb01f811 eb01f800 f811bf21 f811cb01
I/DEBUG ( 121): 4017bc70 f800eb01 f800cb01 ea5feb01 da037c43
I/DEBUG ( 121): 4017bc80 080df9a1 083df980 f921d303 f900070d
I/DEBUG ( 121): 4017bc90 f891071d f891f000 3a40f040 f891d30f
I/DEBUG ( 121): 4017bca0 f891f080 f921f0c0 f921020d f891420d
I/DEBUG ( 121): 4017bcb0 3a40f0c0 020df900 420df900 f102d2f3
I/DEBUG ( 121): 4017bcc0 3a200240 f921d305 3a20020d 020df900
I/DEBUG ( 121):
I/DEBUG ( 121): code around lr:
I/DEBUG ( 121): 40165bb4 f856f002 46206005 460cbd70 6a24480e
I/DEBUG ( 121): 40165bc4 f7f84478 f014eb6a 4621ea46 f0164632
I/DEBUG ( 121): 40165bd4 3001e808 2400bf18 f002d1ea 6804f841
I/DEBUG ( 121): 40165be4 f83ef002 46206005 bf00bd70 00052828
I/DEBUG ( 121): 40165bf4 0005281c 00052806 000527f0 bf74f7ff
I/DEBUG ( 121): 40165c04 4a3d4b3c 43f0e92d 447b460c 4607b08b
I/DEBUG ( 121): 40165c14 589d2616 9309682b f822f002 8000f8d0
I/DEBUG ( 121): 40165c24 4620b13c fed2f016 4606280f 2622bf88
I/DEBUG ( 121): 40165c34 f002d90c 4684f815 f8cc4630 9a098000
I/DEBUG ( 121): 40165c44 42a2682c b00bd154 83f0e8bd ffd6f7ff
I/DEBUG ( 121): 40165c54 d04542b8 44784829 eb1cf7f8 44784828
I/DEBUG ( 121): 40165c64 4287e001 6800d008 d1fa2800 26034825
I/DEBUG ( 121): 40165c74 f7f84478 e7dceb12 f10d4823 6a3f0904
I/DEBUG ( 121): 40165c84 f7f84478 4a21eb0a 4648463b 447a2120
I/DEBUG ( 121): 40165c94 fa54f01b 21014648 fc14f027 3ffff1b0
I/DEBUG ( 121): 40165ca4 d0104681 46214648 f0144632 1c43e946
I/mediaserver( 458): ServiceManager: 0x40225178
I/AudioFlinger( 458): Using default 3000 mSec as standby time.
I/CameraService( 458): CameraService started (pid=458)
E/CameraService( 458): Could not load camera HAL module
I/AudioPolicyManagerBase( 458): loadAudioPolicyConfig() loaded /system/etc/audio_policy.conf
I/ServiceManager( 117): service 'media.audio_flinger' died
I/ServiceManager( 117): service 'media.player' died
I/ServiceManager( 117): service 'media.camera' died
I/Netd ( 498): Netd 1.0 starting
W/InterfaceController( 498): Warning (dlopen failed: library "/system/lib/libnetcmdiface.so" not found) while opening the net interface command library
I/SurfaceFlinger( 499): SurfaceFlinger is starting
I/SurfaceFlinger( 499): SurfaceFlinger's main thread ready to run. Initializing graphics H/W...
F/libEGL ( 499): couldn't find an OpenGL ES implementation
F/libc ( 499): Fatal signal 6 (SIGABRT) at 0x000001f3 (code=-6), thread 499 (surfaceflinger)
I/DEBUG ( 121): *** *** *** *** *** *** *** *** *** *** *** *** *** *** *** ***
I/DEBUG ( 121): Build fingerprint: 'Android/full_grouper/grouper:4.4/KRT16M/12:eng/test-keys'
I/DEBUG ( 121): Revision: '0'
I/DEBUG ( 121): pid: 499, tid: 499, name: surfaceflinger >>> /system/bin/surfaceflinger <<<
